Wind From: 23-01-2021 18:00 Until: 24-01-2021 09:59 warning for: Wind Level: Yellow info button

NOAA-Style Climate Reports

Select a Year or Month report
2021: Jan | Feb | Mar | Apr | May | Jun | Jul | Aug | Sep | Oct | Nov | Dec |
2020: Jan | Feb | Mar | Apr | May | Jun | Jul | Aug | Sep | Oct | Nov | Dec |
2019: Jan | Feb | Mar | Apr | May | Jun | Jul | Aug | Sep | Oct | Nov | Dec |
2018: Jan | Feb | Mar | Apr | May | Jun | Jul | Aug | Sep | Oct | Nov | Dec |
2017: Jan | Feb | Mar | Apr | May | Jun | Jul | Aug | Sep | Oct | Nov | Dec |
2016: Jan | Feb | Mar | Apr | May | Jun | Jul | Aug | Sep | Oct | Nov | Dec |
2015: Jan | Feb | Mar | Apr | May | Jun | Jul | Aug | Sep | Oct | Nov | Dec |
2014: Jan | Feb | Mar | Apr | May | Jun | Jul | Aug | Sep | Oct | Nov | Dec |
2013: Jan | Feb | Mar | Apr | May | Jun | Jul | Aug | Sep | Oct | Nov | Dec |
2012: Jan | Feb | Mar | Apr | May | Jun | Jul | Aug | Sep | Oct | Nov | Dec |
2011: Jan | Feb | Mar | Apr | May | Jun | Jul | Aug | Sep | Oct | Nov | Dec |
2010: Jan | Feb | Mar | Apr | May | Jun | Jul | Aug | Sep | Oct | Nov | Dec |
2009: Jan | Feb | Mar | Apr | May | Jun | Jul | Aug | Sep | Oct | Nov | Dec |
2008: Jan | Feb | Mar | Apr | May | Jun | Jul | Aug | Sep | Oct | Nov | Dec |
2007: Jan | Feb | Mar | Apr | May | Jun | Jul | Aug | Sep | Oct | Nov | Dec |
2006: Jan | Feb | Mar | Apr | May | Jun | Jul | Aug | Sep | Oct | Nov | Dec |
2005: Jan | Feb | Mar | Apr | May | Jun | Jul | Aug | Sep | Oct | Nov | Dec |
2004: Jan | Feb | Mar | Apr | May | Jun | Jul | Aug | Sep | Oct | Nov | Dec |
2003: Jan | Feb | Mar | Apr | May | Jun | Jul | Aug | Sep | Oct | Nov | Dec |

Report for 2012 December
                   MONTHLY CLIMATOLOGICAL SUMMARY for DEC. 2012

NAME: Patrick Nijs   CITY: Heist-op-den-Berg   STATE: Belgium 
ELEV:    15 m  LAT:  51° 04' 15" N  LONG:   4° 42' 13" E

                   TEMPERATURE (°C), RAIN  (mm), WIND SPEED (km/hr)

                                      HEAT  COOL        AVG
    MEAN                              DEG   DEG         WIND                 DOM
DAY TEMP  HIGH   TIME   LOW    TIME   DAYS  DAYS  RAIN  SPEED HIGH   TIME    DIR
------------------------------------------------------------------------------------
 1   2.4   4.7   13:45   0.1    7:30  15.9   0.0   4.0   2.7  22.5   23:00   WSW
 2   2.3   4.6   14:45   0.8    6:30  16.0   0.0  18.6   4.2  25.7   10:30   WNW
 3   2.4   6.4   19:45  -0.9    4:45  15.9   0.0   6.0   2.4  19.3   19:30   SSE
 4   4.0   5.7   14:00   2.8    7:45  14.3   0.0   1.0   3.5  27.4   13:30     W
 5   1.8   3.5   11:45   0.4   16:00  16.5   0.0   6.2   1.6  16.1   20:30     W
 6   0.6   2.4   13:45  -0.7    6:45  17.7   0.0   0.6   1.9  19.3   23:30     W
 7   1.3   2.2   14:45   0.3    7:45  17.0   0.0   3.8   2.9  27.4    4:15   SSE
 8  -0.6   1.9   14:15  -2.8    8:45  18.9   0.0   0.0   0.3  16.1    3:45   ENE
 9   3.9   7.0   18:15  -0.1    0:15  14.4   0.0   6.8   6.4  32.2   22:15     W
10   3.3   5.2    2:00  -0.3   00:00  14.9   0.0   3.8   4.8  30.6    3:30    NW
11  -0.5   2.4   13:45  -2.3    8:45  18.8   0.0   0.2   0.2   8.0   14:15   NNW
12  -0.4   2.9   14:45  -2.4   00:00  18.7   0.0   0.0   1.3  14.5   11:15    SW
13  -0.9   2.2   14:15  -3.9    6:30  19.2   0.0   0.2   0.5  14.5   13:45    SE
14   5.9  10.2   23:00   1.5    0:15  12.4   0.0   7.8   4.2  30.6   19:15    SE
15   9.3  10.4   13:45   8.1   21:00   9.0   0.0   0.8   4.0  25.7    2:15   SSW
16   7.8   8.7   13:15   6.2   00:00  10.5   0.0   1.4   3.2  22.5    3:30   WSW
17   6.8   8.1   15:15   4.6   00:00  11.5   0.0   3.2   1.4  19.3   13:45   WSW
18   5.0   6.7   13:30   3.5    3:00  13.3   0.0   0.8   0.5  12.9    5:30   SSW
19   5.1   7.3   14:45   2.9   00:00  13.2   0.0   0.0   0.0   6.4   13:00   WSW
20   3.3   4.9   00:00   2.2    6:00  15.0   0.0   7.4   2.7  16.1    6:00     E
21   7.8   9.4   14:30   4.9    0:15  10.5   0.0   0.6   1.0  16.1   19:00    SW
22   7.6  12.2   00:00   6.4   16:00  10.7   0.0  12.8   2.7  25.7   23:45   SSE
23  11.4  12.9   11:30   8.8   00:00   6.9   0.0  14.6   6.3  33.8   12:00   WSW
24  10.8  12.9   20:00   8.5    4:30   7.5   0.0   4.0   2.7  29.0   19:45   WSW
25   9.7  12.0    2:15   7.8    8:30   8.6   0.0   7.4   5.6  38.6   17:15   SSW
26   8.0   9.7   20:30   5.6    9:15  10.3   0.0  12.2   5.5  35.4   20:30   WSW
27   7.9   9.3    0:45   6.3   20:30  10.3   0.0  11.2   4.7  43.5    1:15     W
28   7.2  10.2   00:00   5.5    8:45  11.1   0.0   2.6   2.3  20.9   16:45     S
29  11.1  12.4   19:45   9.6   23:30   7.3   0.0   0.0   4.8  27.4   17:45   SSE
30   7.8   9.6    0:15   5.7    7:00  10.5   0.0   1.0   7.7  35.4   13:00   WSW
31   9.2  10.3   19:30   8.0    5:00   9.1   0.0   3.0   7.6  38.6   17:30   SSW
-------------------------------------------------------------------------------------
     5.2  12.9    24    -3.9    13   406.0   0.0 141.9   3.2  43.5    27     WSW

Max >=  32.0:  0
Max <=   0.0:  0
Min <=   0.0:  8
Min <= -18.0:  0
Max Rain: 18.59 ON 02/12/12
Days of Rain: 27 (> .2 mm) 18 (> 2 mm) 0 (> 20 mm)
Heat Base:  18.3  Cool Base:  18.3  Method: Integration
Benelux Weer Netwerk cwop awekas hwa wcloud pwsweather wow wow