NOAA-Style Climate Reports

Select a Year or Month report
2021: Jan | Feb | Mar | Apr | May | Jun | Jul | Aug | Sep | Oct | Nov | Dec |
2020: Jan | Feb | Mar | Apr | May | Jun | Jul | Aug | Sep | Oct | Nov | Dec |
2019: Jan | Feb | Mar | Apr | May | Jun | Jul | Aug | Sep | Oct | Nov | Dec |
2018: Jan | Feb | Mar | Apr | May | Jun | Jul | Aug | Sep | Oct | Nov | Dec |
2017: Jan | Feb | Mar | Apr | May | Jun | Jul | Aug | Sep | Oct | Nov | Dec |
2016: Jan | Feb | Mar | Apr | May | Jun | Jul | Aug | Sep | Oct | Nov | Dec |
2015: Jan | Feb | Mar | Apr | May | Jun | Jul | Aug | Sep | Oct | Nov | Dec |
2014: Jan | Feb | Mar | Apr | May | Jun | Jul | Aug | Sep | Oct | Nov | Dec |
2013: Jan | Feb | Mar | Apr | May | Jun | Jul | Aug | Sep | Oct | Nov | Dec |
2012: Jan | Feb | Mar | Apr | May | Jun | Jul | Aug | Sep | Oct | Nov | Dec |
2011: Jan | Feb | Mar | Apr | May | Jun | Jul | Aug | Sep | Oct | Nov | Dec |
2010: Jan | Feb | Mar | Apr | May | Jun | Jul | Aug | Sep | Oct | Nov | Dec |
2009: Jan | Feb | Mar | Apr | May | Jun | Jul | Aug | Sep | Oct | Nov | Dec |
2008: Jan | Feb | Mar | Apr | May | Jun | Jul | Aug | Sep | Oct | Nov | Dec |
2007: Jan | Feb | Mar | Apr | May | Jun | Jul | Aug | Sep | Oct | Nov | Dec |
2006: Jan | Feb | Mar | Apr | May | Jun | Jul | Aug | Sep | Oct | Nov | Dec |
2005: Jan | Feb | Mar | Apr | May | Jun | Jul | Aug | Sep | Oct | Nov | Dec |
2004: Jan | Feb | Mar | Apr | May | Jun | Jul | Aug | Sep | Oct | Nov | Dec |
2003: Jan | Feb | Mar | Apr | May | Jun | Jul | Aug | Sep | Oct | Nov | Dec |

Report for 2013 January
                   MONTHLY CLIMATOLOGICAL SUMMARY for JAN. 2013

NAME: Patrick Nijs   CITY: Heist-op-den-Berg   STATE: Belgium 
ELEV:    15 m  LAT:  51° 04' 15" N  LONG:   4° 42' 13" E

                   TEMPERATURE (°C), RAIN  (mm), WIND SPEED (km/hr)

                                      HEAT  COOL        AVG
    MEAN                              DEG   DEG         WIND                 DOM
DAY TEMP  HIGH   TIME   LOW    TIME   DAYS  DAYS  RAIN  SPEED HIGH   TIME    DIR
------------------------------------------------------------------------------------
 1   6.8   8.5    0:15   3.8   00:00  11.5   0.0   6.8   4.5  30.6    0:15   SSW
 2   6.0   8.5   14:15   3.7    0:15  12.3   0.0   0.2   2.3  20.9   22:15   WSW
 3   9.4  10.9   16:30   7.0    0:15   8.9   0.0   1.8   4.2  20.9    3:15     W
 4   9.0  10.0    0:15   7.8   22:30   9.3   0.0   0.6   4.3  16.1    3:15   WNW
 5   7.8   8.5   11:30   7.1   20:45  10.5   0.0   0.4   2.3  17.7    0:45     W
 6   8.5   9.7   13:45   7.5    0:15   9.8   0.0   0.0   2.3  17.7    8:45     W
 7   7.8   8.6   12:45   6.8   23:30  10.5   0.0   0.0   0.8  12.9   14:00     W
 8   6.7   7.7   15:30   5.9    5:45  11.6   0.0   0.0   2.1  16.1   13:45    SW
 9   5.7   6.1   20:45   4.2   00:00  12.7   0.0   3.0   1.8  14.5    9:30   SSW
10   4.8   7.2   14:15   2.7   23:45  13.4   0.0   0.0   1.1  12.9   14:00     W
11   0.6   3.7    2:45  -2.7   00:00  17.7   0.0   1.0   0.5  14.5   13:00     E
12  -0.6   2.8   15:00  -3.7    3:45  18.9   0.0   0.0   1.8  19.3   17:15     E
13  -1.1   0.6   14:30  -3.3   22:45  19.4   0.0   0.0   1.6  20.9    1:00     E
14  -2.7  -0.7   22:30  -5.1    4:30  21.0   0.0   0.0   1.3  29.0   23:30    SE
15  -1.9  -0.7   12:45  -2.9   00:00  20.2   0.0   0.2   1.6  22.5    0:30    SE
16  -5.7  -1.6   15:00  -9.9    9:00  24.0   0.0   0.6   0.0   6.4    1:00    NE
17  -5.9  -5.1    0:45  -6.6    9:15  24.2   0.0   0.0   0.0   6.4   14:30     N
18  -2.8  -0.4   13:30  -5.6    0:15  21.1   0.0   0.2   1.1  16.1   18:15     E
19  -2.5  -1.3    0:45  -3.8   23:45  20.8   0.0   0.0   3.4  20.9    7:00     E
20  -3.8  -1.6   21:30  -5.1    5:00  22.1   0.0   0.0   3.4  29.0    7:45     E
21  -0.8   0.7   14:30  -3.1    0:30  19.1   0.0   0.8   0.6  14.5    2:15    SE
22  -1.1   2.0   14:30  -4.6   00:00  19.4   0.0   1.4   0.2   8.0    5:00   ESE
23  -4.7  -0.3   15:30  -7.1    5:00  22.9   0.0   0.2   0.0   8.0   19:15     E
24  -4.3  -2.1   14:30  -6.4   22:15  22.6   0.0   0.0   0.5  16.1   14:45     E
25  -3.7  -1.7   14:00  -7.1    5:45  22.0   0.0   0.0   1.3  19.3   20:00   SSE
26  -1.8   1.0   00:00  -5.1    8:45  20.1   0.0   0.2   2.4  19.3   10:45    SE
27   4.4   6.6   16:00   0.9    0:15  13.9   0.0   4.4   5.3  30.6    6:45   SSW
28   5.2   8.1   15:00   1.9    6:30  13.1   0.0   2.2   4.3  33.8   22:30   SSW
29  10.6  13.1   23:15   7.9    0:15   7.7   0.0   9.6   7.4  37.0   23:45   WSW
30  11.7  14.0    5:30   8.4   00:00   6.7   0.0   3.8  10.1  38.6    5:15     W
31   8.1  10.3   16:00   6.6   12:00  10.2   0.0   1.4   8.0  43.5   12:45     W
-------------------------------------------------------------------------------------
     2.2  14.0    30    -9.9    16   497.7   0.0  38.8   2.6  43.5    31       E

Max >=  32.0:  0
Max <=   0.0: 10
Min <=   0.0: 16
Min <= -18.0:  0
Max Rain: 9.60 ON 29/01/13
Days of Rain: 19 (> .2 mm) 6 (> 2 mm) 0 (> 20 mm)
Heat Base:  18.3  Cool Base:  18.3  Method: Integration
Benelux Weer Netwerk cwop awekas hwa wcloud pwsweather wow wow