NOAA-Style Climate Reports

Select a Year or Month report
2021: Jan | Feb | Mar | Apr | May | Jun | Jul | Aug | Sep | Oct | Nov | Dec |
2020: Jan | Feb | Mar | Apr | May | Jun | Jul | Aug | Sep | Oct | Nov | Dec |
2019: Jan | Feb | Mar | Apr | May | Jun | Jul | Aug | Sep | Oct | Nov | Dec |
2018: Jan | Feb | Mar | Apr | May | Jun | Jul | Aug | Sep | Oct | Nov | Dec |
2017: Jan | Feb | Mar | Apr | May | Jun | Jul | Aug | Sep | Oct | Nov | Dec |
2016: Jan | Feb | Mar | Apr | May | Jun | Jul | Aug | Sep | Oct | Nov | Dec |
2015: Jan | Feb | Mar | Apr | May | Jun | Jul | Aug | Sep | Oct | Nov | Dec |
2014: Jan | Feb | Mar | Apr | May | Jun | Jul | Aug | Sep | Oct | Nov | Dec |
2013: Jan | Feb | Mar | Apr | May | Jun | Jul | Aug | Sep | Oct | Nov | Dec |
2012: Jan | Feb | Mar | Apr | May | Jun | Jul | Aug | Sep | Oct | Nov | Dec |
2011: Jan | Feb | Mar | Apr | May | Jun | Jul | Aug | Sep | Oct | Nov | Dec |
2010: Jan | Feb | Mar | Apr | May | Jun | Jul | Aug | Sep | Oct | Nov | Dec |
2009: Jan | Feb | Mar | Apr | May | Jun | Jul | Aug | Sep | Oct | Nov | Dec |
2008: Jan | Feb | Mar | Apr | May | Jun | Jul | Aug | Sep | Oct | Nov | Dec |
2007: Jan | Feb | Mar | Apr | May | Jun | Jul | Aug | Sep | Oct | Nov | Dec |
2006: Jan | Feb | Mar | Apr | May | Jun | Jul | Aug | Sep | Oct | Nov | Dec |
2005: Jan | Feb | Mar | Apr | May | Jun | Jul | Aug | Sep | Oct | Nov | Dec |
2004: Jan | Feb | Mar | Apr | May | Jun | Jul | Aug | Sep | Oct | Nov | Dec |
2003: Jan | Feb | Mar | Apr | May | Jun | Jul | Aug | Sep | Oct | Nov | Dec |

Report for 2013 February
                   MONTHLY CLIMATOLOGICAL SUMMARY for FEB. 2013

NAME: Patrick Nijs   CITY: Heist-op-den-Berg   STATE: Belgium 
ELEV:    15 m  LAT:  51° 04' 15" N  LONG:   4° 42' 13" E

                   TEMPERATURE (°C), RAIN  (mm), WIND SPEED (km/hr)

                                      HEAT  COOL        AVG
    MEAN                              DEG   DEG         WIND                 DOM
DAY TEMP  HIGH   TIME   LOW    TIME   DAYS  DAYS  RAIN  SPEED HIGH   TIME    DIR
------------------------------------------------------------------------------------
 1   6.0   8.1    3:45   3.2   21:30  12.3   0.0  10.6   3.5  27.4    2:00   WSW
 2   4.0   6.6   13:45   2.1   20:30  14.3   0.0   0.2   4.3  24.1    9:15   WNW
 3   3.8   6.2   00:00   2.6    5:30  14.5   0.0   0.8   4.7  29.0   11:30   WSW
 4   8.1  10.2   12:15   6.2    0:15  10.2   0.0   1.8   6.6  30.6   14:30     W
 5   4.1   6.9    0:30   1.6   00:00  14.2   0.0   5.8   6.3  38.6   12:15     W
 6   2.5   6.0   15:45   0.6    9:30  15.8   0.0   4.4   2.6  20.9   11:15    NW
 7   2.2   4.9   12:00   0.6   23:00  16.2   0.0   3.6   3.9  25.7   14:45   WNW
 8   1.1   4.6   15:45  -1.7   00:00  17.2   0.0   2.4   1.3  16.1   18:00   WNW
 9  -0.6   2.7   14:00  -3.8    5:15  18.8   0.0   0.4   0.3   8.0   13:00     S
10   0.4   2.8   14:00  -1.2    8:30  17.9   0.0   0.0   4.0  33.8   15:15    SE
11  -0.4   0.7   23:30  -1.6    7:30  18.7   0.0   0.0   3.7  22.5    3:00     E
12  -1.1   0.4   15:15  -3.4    8:30  19.4   0.0   0.0   0.8  20.9    1:30     E
13  -0.2   3.2   14:45  -2.3    8:30  18.5   0.0   0.0   0.5  14.5   15:15   SSE
14  -0.4   1.5   00:00  -2.3    4:45  18.7   0.0   2.4   2.9  24.1   11:00   SSE
15   4.3   8.0   17:00   1.4    2:00  14.0   0.0   1.2   1.3  14.5   17:00   WNW
16   4.7   6.3   15:45   3.4   23:30  13.7   0.0   0.0   0.0   6.4    7:15   WNW
17   3.4   5.9   16:30   0.8   00:00  14.9   0.0   0.0   0.5  12.9   15:15   ENE
18   1.8   8.1   15:00  -3.4    7:45  16.5   0.0   0.2   0.3  11.3   14:00   ENE
19   2.3   6.1   15:30  -2.0    4:45  16.0   0.0   0.0   0.6  12.9   14:00    NW
20   0.9   4.3    0:15  -1.8   23:45  17.4   0.0   0.0   3.2  22.5   10:45     E
21  -1.2   1.8   12:30  -3.4    6:00  19.5   0.0   0.0   1.8  27.4   10:45     E
22  -1.8   0.0   14:15  -3.4    6:00  20.1   0.0   0.0   2.1  25.7   21:15     E
23  -1.9   0.3   17:15  -4.8    7:30  20.2   0.0   0.0   1.1  20.9   11:15   ENE
24  -0.3   0.8   14:30  -1.5    1:45  18.6   0.0   2.2   0.6  11.3    2:00   NNW
25   1.1   2.1   12:30   0.1    0:15  17.2   0.0   2.6   0.5  16.1   22:00   NNW
26   3.3   5.9   16:30   1.4    8:15  15.0   0.0   0.0   1.1  16.1   15:45     E
27   1.1   3.2    0:15   0.4    8:30  17.2   0.0   0.0   1.3  16.1   13:30     E
28   1.6   3.7   17:00   0.5    0:15  16.7   0.0   0.0   0.3  12.9   10:15     E
-------------------------------------------------------------------------------------
     1.7  10.2     4    -4.8    23   463.6   0.0  38.6   2.1  38.6     5       E

Max >=  32.0:  0
Max <=   0.0:  1
Min <=   0.0: 14
Min <= -18.0:  0
Max Rain: 10.59 ON 01/02/13
Days of Rain: 14 (> .2 mm) 8 (> 2 mm) 0 (> 20 mm)
Heat Base:  18.3  Cool Base:  18.3  Method: Integration
Benelux Weer Netwerk cwop awekas hwa wcloud pwsweather wow wow