Wind From: 23-01-2021 18:00 Until: 24-01-2021 09:59 warning for: Wind Level: Yellow info button

NOAA-Style Climate Reports

Select a Year or Month report
2021: Jan | Feb | Mar | Apr | May | Jun | Jul | Aug | Sep | Oct | Nov | Dec |
2020: Jan | Feb | Mar | Apr | May | Jun | Jul | Aug | Sep | Oct | Nov | Dec |
2019: Jan | Feb | Mar | Apr | May | Jun | Jul | Aug | Sep | Oct | Nov | Dec |
2018: Jan | Feb | Mar | Apr | May | Jun | Jul | Aug | Sep | Oct | Nov | Dec |
2017: Jan | Feb | Mar | Apr | May | Jun | Jul | Aug | Sep | Oct | Nov | Dec |
2016: Jan | Feb | Mar | Apr | May | Jun | Jul | Aug | Sep | Oct | Nov | Dec |
2015: Jan | Feb | Mar | Apr | May | Jun | Jul | Aug | Sep | Oct | Nov | Dec |
2014: Jan | Feb | Mar | Apr | May | Jun | Jul | Aug | Sep | Oct | Nov | Dec |
2013: Jan | Feb | Mar | Apr | May | Jun | Jul | Aug | Sep | Oct | Nov | Dec |
2012: Jan | Feb | Mar | Apr | May | Jun | Jul | Aug | Sep | Oct | Nov | Dec |
2011: Jan | Feb | Mar | Apr | May | Jun | Jul | Aug | Sep | Oct | Nov | Dec |
2010: Jan | Feb | Mar | Apr | May | Jun | Jul | Aug | Sep | Oct | Nov | Dec |
2009: Jan | Feb | Mar | Apr | May | Jun | Jul | Aug | Sep | Oct | Nov | Dec |
2008: Jan | Feb | Mar | Apr | May | Jun | Jul | Aug | Sep | Oct | Nov | Dec |
2007: Jan | Feb | Mar | Apr | May | Jun | Jul | Aug | Sep | Oct | Nov | Dec |
2006: Jan | Feb | Mar | Apr | May | Jun | Jul | Aug | Sep | Oct | Nov | Dec |
2005: Jan | Feb | Mar | Apr | May | Jun | Jul | Aug | Sep | Oct | Nov | Dec |
2004: Jan | Feb | Mar | Apr | May | Jun | Jul | Aug | Sep | Oct | Nov | Dec |
2003: Jan | Feb | Mar | Apr | May | Jun | Jul | Aug | Sep | Oct | Nov | Dec |

Report for 2013 March
                   MONTHLY CLIMATOLOGICAL SUMMARY for MAR. 2013

NAME: Patrick Nijs   CITY: Heist-op-den-Berg   STATE: Belgium 
ELEV:    15 m  LAT:  51° 04' 15" N  LONG:   4° 42' 13" E

                   TEMPERATURE (°C), RAIN  (mm), WIND SPEED (km/hr)

                                      HEAT  COOL        AVG
    MEAN                              DEG   DEG         WIND                 DOM
DAY TEMP  HIGH   TIME   LOW    TIME   DAYS  DAYS  RAIN  SPEED HIGH   TIME    DIR
------------------------------------------------------------------------------------
 1   2.8   4.8   14:00   1.2    0:15  15.5   0.0   0.0   0.3  14.5   18:30   ENE
 2   2.7   4.4   16:15   1.8    7:30  15.6   0.0   0.0   0.3  11.3   16:15   ENE
 3   3.7   6.9   14:45   1.4    7:15  14.6   0.0   0.0   0.6  17.7   21:45     E
 4   5.7  13.8   16:45  -1.4    7:45  12.6   0.0   0.0   1.3  16.1   14:30   ENE
 5   9.8  18.5   14:45   2.1    7:45   8.5   0.0   0.0   1.3  19.3   10:30    SE
 6  11.6  18.3   15:00   7.3    7:00   6.8   0.0   0.0   0.2  11.3   15:00    SE
 7  11.1  14.0   15:15   8.5    5:30   7.2   0.0   1.0   0.5  12.9    6:45   SSE
 8  11.9  16.6   13:15   8.3    7:30   6.3   0.0   1.0   0.6  19.3   13:15   SSE
 9   7.1  11.0    0:15   4.8   00:00  11.2   0.0   6.0   6.1  24.1    6:30   WNW
10   1.4   4.8    0:15  -0.4   00:00  16.9   0.0   2.0   2.9  24.1    1:15   WNW
11  -1.8  -0.4    0:15  -2.8   21:30  20.1   0.0   0.0   3.7  30.6   11:30     E
12  -2.8   0.1   16:30  -5.8   00:00  21.1   0.0   2.0   3.1  37.0   15:30     E
13  -2.9   3.3   16:45  -9.4    7:00  21.2   0.0   0.2   0.8  12.9   18:15   WNW
14   0.0   4.3   14:00  -3.7   00:00  18.3   0.0   0.4   1.3  16.1   14:30    NW
15   0.9   4.5   17:30  -4.7    2:15  17.4   0.0   0.0   2.9  24.1   17:45   SSE
16   5.3   7.5   15:30   3.4    8:00  13.0   0.0   0.0   5.6  32.2   10:00   SSE
17   6.3   9.2   15:30   4.1    7:45  12.0   0.0   1.6   4.2  25.7   17:45   SSE
18   6.3  11.0   16:45   1.8    7:00  12.0   0.0   0.2   2.1  20.9    3:15   SSW
19   4.8   8.3   17:15   2.4   21:30  13.5   0.0   1.0   1.4  16.1   15:30   WNW
20   2.0   3.1    5:15   0.6   11:15  16.3   0.0   7.4   0.6  12.9   23:30    NW
21   2.0   5.2   11:45  -1.9    7:15  16.3   0.0   0.0   0.5  12.9   18:15    NW
22   2.0   6.3   15:30  -1.6    4:00  16.3   0.0   0.0   6.1  35.4   13:45     E
23   0.6   1.6    0:15  -0.6   00:00  17.7   0.0   0.4   7.9  33.8    8:30     E
24  -0.8   2.1   18:00  -4.0    8:15  19.2   0.0   0.4   6.4  29.0   21:45     E
25   0.8   4.4   17:15  -1.7    7:45  17.5   0.0   0.2   5.6  27.4   12:45     E
26   1.2   5.4   16:45  -2.5    6:45  17.1   0.0   0.0   4.5  25.7    8:45     E
27   2.0   6.3   16:30  -3.0    6:45  16.3   0.0   0.0   2.7  22.5   13:00     E
28   1.8   6.8   13:45  -1.9    6:15  16.5   0.0   0.0   1.0  12.9    6:15     E
29  -0.2   2.8   16:45  -2.7    6:00  18.5   0.0   0.4   0.3  11.3   10:45   NNW
30   0.9   4.8   16:00  -2.7    6:45  17.4   0.0   0.0   1.0  17.7   10:30     E
31   0.9   4.9   18:00  -3.7    7:45  16.7   0.0   0.0   0.5  14.5   18:15     E
-------------------------------------------------------------------------------------
     3.1  18.5     5    -9.4    13   469.6   0.0  24.2   2.5  37.0    12       E

Max >=  32.0:  0
Max <=   0.0:  1
Min <=   0.0: 18
Min <= -18.0:  0
Max Rain: 7.39 ON 20/03/13
Days of Rain: 15 (> .2 mm) 4 (> 2 mm) 0 (> 20 mm)
Heat Base:  18.3  Cool Base:  18.3  Method: Integration
Benelux Weer Netwerk cwop awekas hwa wcloud pwsweather wow wow