NOAA-Style Climate Reports

Select a Year or Month report
2021: Jan | Feb | Mar | Apr | May | Jun | Jul | Aug | Sep | Oct | Nov | Dec |
2020: Jan | Feb | Mar | Apr | May | Jun | Jul | Aug | Sep | Oct | Nov | Dec |
2019: Jan | Feb | Mar | Apr | May | Jun | Jul | Aug | Sep | Oct | Nov | Dec |
2018: Jan | Feb | Mar | Apr | May | Jun | Jul | Aug | Sep | Oct | Nov | Dec |
2017: Jan | Feb | Mar | Apr | May | Jun | Jul | Aug | Sep | Oct | Nov | Dec |
2016: Jan | Feb | Mar | Apr | May | Jun | Jul | Aug | Sep | Oct | Nov | Dec |
2015: Jan | Feb | Mar | Apr | May | Jun | Jul | Aug | Sep | Oct | Nov | Dec |
2014: Jan | Feb | Mar | Apr | May | Jun | Jul | Aug | Sep | Oct | Nov | Dec |
2013: Jan | Feb | Mar | Apr | May | Jun | Jul | Aug | Sep | Oct | Nov | Dec |
2012: Jan | Feb | Mar | Apr | May | Jun | Jul | Aug | Sep | Oct | Nov | Dec |
2011: Jan | Feb | Mar | Apr | May | Jun | Jul | Aug | Sep | Oct | Nov | Dec |
2010: Jan | Feb | Mar | Apr | May | Jun | Jul | Aug | Sep | Oct | Nov | Dec |
2009: Jan | Feb | Mar | Apr | May | Jun | Jul | Aug | Sep | Oct | Nov | Dec |
2008: Jan | Feb | Mar | Apr | May | Jun | Jul | Aug | Sep | Oct | Nov | Dec |
2007: Jan | Feb | Mar | Apr | May | Jun | Jul | Aug | Sep | Oct | Nov | Dec |
2006: Jan | Feb | Mar | Apr | May | Jun | Jul | Aug | Sep | Oct | Nov | Dec |
2005: Jan | Feb | Mar | Apr | May | Jun | Jul | Aug | Sep | Oct | Nov | Dec |
2004: Jan | Feb | Mar | Apr | May | Jun | Jul | Aug | Sep | Oct | Nov | Dec |
2003: Jan | Feb | Mar | Apr | May | Jun | Jul | Aug | Sep | Oct | Nov | Dec |

Report for 2013 April
                   MONTHLY CLIMATOLOGICAL SUMMARY for APR. 2013

NAME: Patrick Nijs   CITY: Heist-op-den-Berg   STATE: Belgium 
ELEV:    15 m  LAT:  51° 04' 15" N  LONG:   4° 42' 13" E

                   TEMPERATURE (°C), RAIN  (mm), WIND SPEED (km/hr)

                                      HEAT  COOL        AVG
    MEAN                              DEG   DEG         WIND                 DOM
DAY TEMP  HIGH   TIME   LOW    TIME   DAYS  DAYS  RAIN  SPEED HIGH   TIME    DIR
------------------------------------------------------------------------------------
 1   2.7   8.0   16:45  -2.3    7:30  15.6   0.0   0.0   3.1  35.4   11:45     E
 2   3.4   8.7   16:30  -2.1    7:45  14.9   0.0   0.0   3.4  27.4   11:15     E
 3   2.9   6.6   16:45  -1.3    7:00  15.4   0.0   0.0   3.7  29.0   17:15     E
 4   4.0   7.7   15:15   1.2    7:30  14.3   0.0   0.0   3.9  25.7   16:00     E
 5   3.2   4.7   19:00   1.6    6:15  15.1   0.0   0.0   2.6  24.1   11:15     E
 6   4.7   8.7   17:45   2.7    4:30  13.6   0.0   0.0   0.6  14.5   14:15   ENE
 7   5.3  11.8   16:45  -2.3    7:30  12.9   0.0   0.0   0.8  12.9   14:45   NNW
 8   6.1   9.8   13:30   1.5    7:45  12.2   0.0   0.0   1.8  24.1   14:30   ENE
 9   6.0  10.3   19:00   1.2    2:30  12.3   0.0   2.0   1.3  19.3   14:15    SE
10   7.9   9.7   17:45   7.0    2:00  10.3   0.0   0.8   2.3  17.7   13:00   WNW
11  10.1  13.5   18:00   6.8   00:00   8.2   0.0   6.0   5.0  45.1   13:30     W
12   9.5  12.7   18:30   5.8    4:30   8.8   0.0   5.6   4.3  29.0   23:00     W
13  10.9  15.4   16:45   7.4    7:15   7.4   0.0   1.2   4.7  24.1   12:30   WSW
14  17.1  24.3   18:00  10.8    0:15   2.7   1.5   0.0   3.1  25.7   15:15   SSE
15  14.5  18.4   17:15  10.4   00:00   3.8   0.0   1.0   1.6  17.7    9:30   WSW
16  12.8  18.2   15:00   7.6    5:30   5.5   0.0   0.6   3.1  27.4   14:30   WSW
17  16.5  23.4   17:15  11.0    6:30   3.0   1.2   0.4   1.9  20.9   16:00   SSE
18  14.2  18.0    3:30  10.6    8:45   4.2   0.0   0.0   8.0  41.8   14:30     W
19   8.7  11.9   19:00   5.4   00:00   9.6   0.0   2.8   4.5  24.1    0:30     W
20   7.5  13.0   17:15   1.8    7:00  10.8   0.0   0.2   2.1  24.1   10:15     E
21   8.1  15.1   17:30   1.7    7:00  10.3   0.0   0.0   1.4  16.1   20:00     E
22   8.8  15.6   17:00   1.1    6:30   9.5   0.0   0.0   2.6  19.3    9:00     W
23  12.3  17.8   17:45   9.2    8:00   5.9   0.0   0.0   3.9  20.9   14:30   WSW
24  14.3  21.9   17:45   5.7    6:30   4.7   0.8   0.0   2.9  22.5   15:30   WNW
25  17.3  25.1   17:15   9.4    6:30   3.0   1.9   0.0   1.8  20.9   13:15   WNW
26   9.7  14.7    0:15   5.8   00:00   8.6   0.0   6.6   1.8  19.3   12:45    NW
27   7.8  13.1   16:15   3.7    6:30  10.5   0.0   0.2   1.4  16.1   15:00    NW
28   8.3  14.2   19:30   2.9    6:45  10.0   0.0   0.0   1.0  14.5   16:00   NNW
29   8.4  13.3   17:45   4.0    6:00   9.9   0.0   0.0   2.6  22.5   10:00   WNW
30   9.9  16.9   14:15   2.4    6:45   8.4   0.0   0.0   1.1  17.7   20:15     E
-------------------------------------------------------------------------------------
     9.1  25.1    25    -2.3     7   281.6   5.4  27.4   2.7  45.1    11       E

Max >=  32.0:  0
Max <=   0.0:  0
Min <=   0.0:  4
Min <= -18.0:  0
Max Rain: 6.60 ON 26/04/13
Days of Rain: 12 (> .2 mm) 5 (> 2 mm) 0 (> 20 mm)
Heat Base:  18.3  Cool Base:  18.3  Method: Integration
Benelux Weer Netwerk cwop awekas hwa wcloud pwsweather wow wow