-->

NOAA-Style Climate Reports

Select a Year or Month report
2021: Jan | Feb | Mar | Apr | May | Jun | Jul | Aug | Sep | Oct | Nov | Dec |
2020: Jan | Feb | Mar | Apr | May | Jun | Jul | Aug | Sep | Oct | Nov | Dec |
2019: Jan | Feb | Mar | Apr | May | Jun | Jul | Aug | Sep | Oct | Nov | Dec |
2018: Jan | Feb | Mar | Apr | May | Jun | Jul | Aug | Sep | Oct | Nov | Dec |
2017: Jan | Feb | Mar | Apr | May | Jun | Jul | Aug | Sep | Oct | Nov | Dec |
2016: Jan | Feb | Mar | Apr | May | Jun | Jul | Aug | Sep | Oct | Nov | Dec |
2015: Jan | Feb | Mar | Apr | May | Jun | Jul | Aug | Sep | Oct | Nov | Dec |
2014: Jan | Feb | Mar | Apr | May | Jun | Jul | Aug | Sep | Oct | Nov | Dec |
2013: Jan | Feb | Mar | Apr | May | Jun | Jul | Aug | Sep | Oct | Nov | Dec |
2012: Jan | Feb | Mar | Apr | May | Jun | Jul | Aug | Sep | Oct | Nov | Dec |
2011: Jan | Feb | Mar | Apr | May | Jun | Jul | Aug | Sep | Oct | Nov | Dec |
2010: Jan | Feb | Mar | Apr | May | Jun | Jul | Aug | Sep | Oct | Nov | Dec |
2009: Jan | Feb | Mar | Apr | May | Jun | Jul | Aug | Sep | Oct | Nov | Dec |
2008: Jan | Feb | Mar | Apr | May | Jun | Jul | Aug | Sep | Oct | Nov | Dec |
2007: Jan | Feb | Mar | Apr | May | Jun | Jul | Aug | Sep | Oct | Nov | Dec |
2006: Jan | Feb | Mar | Apr | May | Jun | Jul | Aug | Sep | Oct | Nov | Dec |
2005: Jan | Feb | Mar | Apr | May | Jun | Jul | Aug | Sep | Oct | Nov | Dec |
2004: Jan | Feb | Mar | Apr | May | Jun | Jul | Aug | Sep | Oct | Nov | Dec |
2003: Jan | Feb | Mar | Apr | May | Jun | Jul | Aug | Sep | Oct | Nov | Dec |

Report for 2013 May
                   MONTHLY CLIMATOLOGICAL SUMMARY for MAY. 2013

NAME: Patrick Nijs   CITY: Heist-op-den-Berg   STATE: Belgium 
ELEV:    15 m  LAT:  51° 04' 15" N  LONG:   4° 42' 13" E

                   TEMPERATURE (°C), RAIN  (mm), WIND SPEED (km/hr)

                                      HEAT  COOL        AVG
    MEAN                              DEG   DEG         WIND                 DOM
DAY TEMP  HIGH   TIME   LOW    TIME   DAYS  DAYS  RAIN  SPEED HIGH   TIME    DIR
------------------------------------------------------------------------------------
 1  12.6  19.5   17:45   5.0    6:45   5.8   0.0   0.0   1.6  20.9   14:30     E
 2  13.7  19.4   17:00   8.9    5:45   4.7   0.1   0.0   1.0  14.5   13:00   NNW
 3  14.3  20.7   16:30   8.6    7:30   4.2   0.2   0.0   1.4  16.1   17:30    NW
 4  12.3  17.7   15:00   7.2    4:45   6.0   0.0   0.0   3.7  25.7   16:30     W
 5  13.9  20.8   18:00   6.4    6:30   4.8   0.4   0.0   1.0  12.9   14:45   SSW
 6  14.8  22.8   15:15   6.9    6:45   4.4   1.0   0.0   2.7  22.5   17:15    NW
 7  15.5  24.8   16:00   9.8    6:00   3.7   0.9   1.0   1.0  20.9   16:45    NW
 8  15.3  20.8   12:00  11.8    6:45   3.2   0.2   4.2   1.9  19.3   12:30   SSE
 9  13.4  16.7   15:45  10.7    7:00   4.9   0.0   0.2   3.5  24.1   15:45     W
10  12.5  15.7   15:45  10.4    5:00   5.8   0.0   0.0   5.0  33.8   16:45   WSW
11  11.0  14.3   14:30   8.3   11:15   7.3   0.0   2.2   4.2  29.0   18:15     W
12   9.7  12.8   19:00   7.1    7:00   8.7   0.0   2.8   5.0  25.7    0:15     W
13  11.2  14.7   15:45   7.8    0:15   7.1   0.0   3.8   6.3  37.0   17:45     W
14   9.9  11.6   16:15   8.1    6:15   8.4   0.0   0.8   3.1  22.5    2:30   WSW
15  12.8  17.4   18:15   9.2    9:30   5.5   0.0   1.0   2.9  22.5    8:30    SE
16   9.3  11.2    0:15   8.1   22:30   9.0   0.0  10.4   1.9  17.7   20:30    NW
17   8.7   9.8   16:30   8.1    3:15   9.6   0.0   3.6   2.6  14.5   20:00    NW
18  10.4  14.5   19:00   8.1    7:30   7.9   0.0   0.2   1.4  14.5    9:30   WNW
19  13.7  21.3   16:00   6.8    5:15   5.1   0.5   0.0   1.3  17.7   19:00     E
20  11.0  12.3   19:45   8.9    6:15   7.3   0.0   0.6   1.4  14.5    5:45   SSE
21  10.2  11.1   14:00   8.6   23:15   8.1   0.0   8.8   2.7  19.3   21:30    NW
22   9.4  13.0   15:30   7.5    6:30   8.9   0.0   1.8   4.7  25.7   16:00    NW
23   7.0  10.8   18:15   4.3   12:00  11.3   0.0  14.6   2.1  24.1   16:00    NW
24   6.9  11.3   16:15   2.9    5:30  11.3   0.0   0.6   2.3  20.9    9:30   WNW
25   8.7  14.6   15:30   3.3    6:00   9.6   0.0   0.0   3.9  27.4   16:30    NW
26   9.8  13.2   15:15   7.3    2:00   8.5   0.0   6.2   6.3  25.7   15:15    NW
27  13.5  20.0   18:45   6.6    7:15   5.1   0.3   0.0   2.7  17.7   13:45   WNW
28  14.4  23.2   16:30   8.0    4:15   4.7   0.9   5.2   1.9  24.1   11:30    SE
29   9.8  11.6    0:15   8.7    6:45   8.5   0.0   4.6   3.9  22.5   16:30     W
30  11.7  15.2   17:15   9.6    0:15   6.6   0.0   0.8   0.3   8.0    3:15   ESE
31  14.2  21.0   16:45   9.9    2:15   4.4   0.3   0.0   5.0  22.5   12:45    NW
-------------------------------------------------------------------------------------
    11.7  24.8     7     2.9    24   210.3   4.7  73.4   2.9  37.0    13      NW

Max >=  32.0:  0
Max <=   0.0:  0
Min <=   0.0:  0
Min <= -18.0:  0
Max Rain: 14.60 ON 23/05/13
Days of Rain: 20 (> .2 mm) 11 (> 2 mm) 0 (> 20 mm)
Heat Base:  18.3  Cool Base:  18.3  Method: Integration
Benelux Weer Netwerk cwop awekas hwa wcloud pwsweather wow wow