NOAA-Style Climate Reports

Select a Year or Month report
2021: Jan | Feb | Mar | Apr | May | Jun | Jul | Aug | Sep | Oct | Nov | Dec |
2020: Jan | Feb | Mar | Apr | May | Jun | Jul | Aug | Sep | Oct | Nov | Dec |
2019: Jan | Feb | Mar | Apr | May | Jun | Jul | Aug | Sep | Oct | Nov | Dec |
2018: Jan | Feb | Mar | Apr | May | Jun | Jul | Aug | Sep | Oct | Nov | Dec |
2017: Jan | Feb | Mar | Apr | May | Jun | Jul | Aug | Sep | Oct | Nov | Dec |
2016: Jan | Feb | Mar | Apr | May | Jun | Jul | Aug | Sep | Oct | Nov | Dec |
2015: Jan | Feb | Mar | Apr | May | Jun | Jul | Aug | Sep | Oct | Nov | Dec |
2014: Jan | Feb | Mar | Apr | May | Jun | Jul | Aug | Sep | Oct | Nov | Dec |
2013: Jan | Feb | Mar | Apr | May | Jun | Jul | Aug | Sep | Oct | Nov | Dec |
2012: Jan | Feb | Mar | Apr | May | Jun | Jul | Aug | Sep | Oct | Nov | Dec |
2011: Jan | Feb | Mar | Apr | May | Jun | Jul | Aug | Sep | Oct | Nov | Dec |
2010: Jan | Feb | Mar | Apr | May | Jun | Jul | Aug | Sep | Oct | Nov | Dec |
2009: Jan | Feb | Mar | Apr | May | Jun | Jul | Aug | Sep | Oct | Nov | Dec |
2008: Jan | Feb | Mar | Apr | May | Jun | Jul | Aug | Sep | Oct | Nov | Dec |
2007: Jan | Feb | Mar | Apr | May | Jun | Jul | Aug | Sep | Oct | Nov | Dec |
2006: Jan | Feb | Mar | Apr | May | Jun | Jul | Aug | Sep | Oct | Nov | Dec |
2005: Jan | Feb | Mar | Apr | May | Jun | Jul | Aug | Sep | Oct | Nov | Dec |
2004: Jan | Feb | Mar | Apr | May | Jun | Jul | Aug | Sep | Oct | Nov | Dec |
2003: Jan | Feb | Mar | Apr | May | Jun | Jul | Aug | Sep | Oct | Nov | Dec |

Report for 2013 June
                   MONTHLY CLIMATOLOGICAL SUMMARY for JUN. 2013

NAME: Patrick Nijs   CITY: Heist-op-den-Berg   STATE: Belgium 
ELEV:    15 m  LAT:  51° 04' 15" N  LONG:   4° 42' 13" E

                   TEMPERATURE (°C), RAIN  (mm), WIND SPEED (km/hr)

                                      HEAT  COOL        AVG
    MEAN                              DEG   DEG         WIND                 DOM
DAY TEMP  HIGH   TIME   LOW    TIME   DAYS  DAYS  RAIN  SPEED HIGH   TIME    DIR
------------------------------------------------------------------------------------
 1  11.6  16.8   15:00   9.1    6:15   6.7   0.0   0.0   5.1  27.4   15:15    NW
 2  12.7  19.3   15:30   6.6    5:45   5.6   0.0   0.0   2.4  19.3   13:30    NW
 3  11.4  16.6   18:15   6.4    6:00   6.8   0.0   0.0   1.0  19.3   16:30    NW
 4  13.6  21.8   19:30   6.6    4:45   5.3   0.6   0.0   0.6  17.7   15:30   ENE
 5  17.4  24.9   16:00   8.3    6:15   3.0   2.1   0.0   0.5  16.1   17:00   NNE
 6  20.2  27.9   18:30  11.8    6:00   1.8   3.6   0.0   0.5  16.1   14:15   ENE
 7  21.1  28.2   16:45  13.4    6:00   1.0   3.8   0.0   1.0  16.1   11:30   ENE
 8  18.0  25.6   17:15  10.9    6:15   2.4   2.1   0.0   1.3  14.5   18:45   NNW
 9  15.4  21.2   17:00  10.1    6:30   3.4   0.5   0.0   1.8  17.7    7:45   NNW
10  13.2  18.5   16:45   8.1    5:30   5.1   0.0   0.0   1.1  16.1   19:45    NW
11  16.1  22.1   15:30   8.2    6:00   3.2   1.0   0.0   1.0  12.9   13:30   SSE
12  18.9  23.4   17:45  15.9    6:00   0.6   1.2   0.2   2.6  24.1    9:45     S
13  17.3  20.9   11:30  13.2   00:00   1.5   0.6   2.4   4.3  25.7   11:45     W
14  15.0  19.4   17:30  10.1    6:15   3.5   0.1   0.0   2.6  20.9    0:45   WSW
15  15.6  20.1   15:45   9.9    4:30   3.0   0.3   0.2   4.7  30.6   16:15     W
16  16.0  19.9   14:45  12.2    5:15   2.5   0.2   0.0   2.3  20.9    1:00    NW
17  18.8  24.6   18:45  12.4    6:15   1.6   2.1   1.4   1.4  29.0   15:15   ENE
18  24.6  31.5   16:00  16.5    6:15   0.2   6.5   0.2   0.3  12.9   14:30    SE
19  22.7  26.5   18:45  18.8    8:00   0.0   4.4   1.8   1.8  20.9   11:45   ENE
20  21.6  26.2   18:30  18.9    4:45   0.0   3.3   0.4   1.0  22.5   13:00    NE
21  17.1  21.0    0:15  14.9    6:30   1.3   0.1   7.6   4.3  27.4    5:45     W
22  16.4  19.8   12:00  13.0   00:00   2.0   0.1   1.6   4.3  30.6   13:00   SSW
23  15.2  19.4   17:15  12.9    0:15   3.2   0.0   0.2   6.1  40.2   15:30     W
24  13.3  14.9   14:00  11.2   23:45   5.0   0.0   3.8   4.3  24.1   13:45   WNW
25  13.7  19.1   19:00  10.9    4:45   4.6   0.0   1.0   0.6  17.7   18:00     W
26  13.5  19.1   16:15   6.6    6:00   4.8   0.0   0.0   1.6  19.3   16:00    NW
27  13.1  16.6   16:45  10.6    6:15   5.2   0.0  10.0   2.9  24.1   18:15    NW
28  13.9  17.3   17:15  11.8    2:15   4.3   0.0   3.4   2.6  19.3   10:30     W
29  15.4  19.3   18:00  11.7   00:00   2.9   0.1   6.0   2.9  19.3    3:15    NW
30  16.3  22.9   18:30   9.2    3:00   3.2   1.2   0.0   2.1  17.7   19:00     W
-------------------------------------------------------------------------------------
    16.3  31.5    18     6.4     3    93.8  34.0  40.2   2.3  40.2    23      NW

Max >=  32.0:  0
Max <=   0.0:  0
Min <=   0.0:  0
Min <= -18.0:  0
Max Rain: 10.01 ON 27/06/13
Days of Rain: 15 (> .2 mm) 6 (> 2 mm) 0 (> 20 mm)
Heat Base:  18.3  Cool Base:  18.3  Method: Integration
Benelux Weer Netwerk cwop awekas hwa wcloud pwsweather wow wow