NOAA-Style Climate Reports

Select a Year or Month report
2021: Jan | Feb | Mar | Apr | May | Jun | Jul | Aug | Sep | Oct | Nov | Dec |
2020: Jan | Feb | Mar | Apr | May | Jun | Jul | Aug | Sep | Oct | Nov | Dec |
2019: Jan | Feb | Mar | Apr | May | Jun | Jul | Aug | Sep | Oct | Nov | Dec |
2018: Jan | Feb | Mar | Apr | May | Jun | Jul | Aug | Sep | Oct | Nov | Dec |
2017: Jan | Feb | Mar | Apr | May | Jun | Jul | Aug | Sep | Oct | Nov | Dec |
2016: Jan | Feb | Mar | Apr | May | Jun | Jul | Aug | Sep | Oct | Nov | Dec |
2015: Jan | Feb | Mar | Apr | May | Jun | Jul | Aug | Sep | Oct | Nov | Dec |
2014: Jan | Feb | Mar | Apr | May | Jun | Jul | Aug | Sep | Oct | Nov | Dec |
2013: Jan | Feb | Mar | Apr | May | Jun | Jul | Aug | Sep | Oct | Nov | Dec |
2012: Jan | Feb | Mar | Apr | May | Jun | Jul | Aug | Sep | Oct | Nov | Dec |
2011: Jan | Feb | Mar | Apr | May | Jun | Jul | Aug | Sep | Oct | Nov | Dec |
2010: Jan | Feb | Mar | Apr | May | Jun | Jul | Aug | Sep | Oct | Nov | Dec |
2009: Jan | Feb | Mar | Apr | May | Jun | Jul | Aug | Sep | Oct | Nov | Dec |
2008: Jan | Feb | Mar | Apr | May | Jun | Jul | Aug | Sep | Oct | Nov | Dec |
2007: Jan | Feb | Mar | Apr | May | Jun | Jul | Aug | Sep | Oct | Nov | Dec |
2006: Jan | Feb | Mar | Apr | May | Jun | Jul | Aug | Sep | Oct | Nov | Dec |
2005: Jan | Feb | Mar | Apr | May | Jun | Jul | Aug | Sep | Oct | Nov | Dec |
2004: Jan | Feb | Mar | Apr | May | Jun | Jul | Aug | Sep | Oct | Nov | Dec |
2003: Jan | Feb | Mar | Apr | May | Jun | Jul | Aug | Sep | Oct | Nov | Dec |

Report for 2013 July
                   MONTHLY CLIMATOLOGICAL SUMMARY for JUL. 2013

NAME: Patrick Nijs   CITY: Heist-op-den-Berg   STATE: Belgium 
ELEV:    15 m  LAT:  51° 04' 15" N  LONG:   4° 42' 13" E

                   TEMPERATURE (°C), RAIN  (mm), WIND SPEED (km/hr)

                                      HEAT  COOL        AVG
    MEAN                              DEG   DEG         WIND                 DOM
DAY TEMP  HIGH   TIME   LOW    TIME   DAYS  DAYS  RAIN  SPEED HIGH   TIME    DIR
------------------------------------------------------------------------------------
 1  16.4  19.8   18:45  13.3   00:00   2.2   0.3   0.0   2.6  17.7   15:00   WSW
 2  17.0  22.9   18:45  10.0    6:15   2.8   1.5   0.8   0.8  25.7   23:15     S
 3  16.8  19.3   17:15  14.5    9:15   1.6   0.1   6.0   2.6  20.9   15:00   WNW
 4  17.6  21.1   13:45  14.9    6:15   1.2   0.5   0.0   2.3  24.1   13:30     W
 5  17.7  21.9   19:00  15.7    2:30   1.3   0.7   0.0   0.6  11.3    6:45   WNW
 6  20.8  27.5   17:45  13.3    6:00   1.4   3.9   0.0   0.8  14.5   13:15   ENE
 7  22.2  29.6   16:30  14.6    6:15   0.6   4.5   0.0   0.8  17.7   12:45   ENE
 8  22.2  29.0   16:15  15.6    6:00   0.5   4.4   0.0   1.1  17.7   12:00   ENE
 9  21.3  28.3   18:00  14.6    6:15   0.7   3.6   0.0   0.8  14.5   20:00   ENE
10  18.6  24.2   13:00  13.3    6:15   1.5   1.8   0.0   1.1  16.1   20:45    NW
11  16.7  21.9   16:30  13.4   00:00   2.2   0.7   0.0   0.6  12.9   11:30   ENE
12  15.2  20.2   15:30   9.9    6:00   3.3   0.3   0.0   0.6  12.9    9:30    NW
13  17.8  24.7   17:30  11.1    4:30   2.4   1.8   0.0   0.5  16.1   13:45    NW
14  19.3  26.2   16:15  11.9    6:00   1.8   2.8   0.0   0.5  12.9   15:15   WNW
15  21.6  28.4   17:15  14.5    6:45   0.7   3.9   0.0   1.3  12.9   16:30    NW
16  21.4  28.6   17:00  13.4    6:45   1.1   4.2   0.0   0.5  12.9   16:30    NW
17  22.3  28.5   15:45  15.8    5:45   0.4   4.4   0.0   0.6  14.5   16:00   ENE
18  24.0  31.1   17:15  17.1    6:30   0.1   5.9   0.0   1.0  17.7   20:00   ENE
19  22.8  28.6   17:00  16.6    6:15   0.2   4.6   0.0   1.6  24.1   11:30   ENE
20  19.3  23.6   17:15  14.8    6:15   0.6   1.7   0.0   0.8  19.3   14:45   ENE
21  23.8  32.4   17:30  14.8    6:00   0.8   6.3   0.0   0.6  14.5   17:00   ENE
22  26.2  34.4   16:45  18.4    6:30   0.0   7.9   0.0   1.0  14.5   18:45    NW
23  25.7  33.3   16:45  18.6    6:30   0.0   7.4   0.0   1.0  14.5   19:00    NW
24  22.3  27.2   18:45  19.1   12:45   0.0   4.0   1.2   1.8  17.7   18:15   WNW
25  23.0  29.9   16:15  17.1    4:00   0.2   4.9   3.6   1.4  19.3   15:30   WNW
26  23.3  28.7   17:30  19.8    3:45   0.0   5.0   0.0   0.8  19.3   15:30   WSW
27  21.9  27.0   18:15  18.2   11:15   0.0   3.6  20.4   0.8  35.4   00:00   WNW
28  20.6  25.2   19:15  17.3    7:45   0.1   2.4  13.0   1.8  29.0    0:15   SSW
29  20.4  24.6   15:30  15.6   00:00   0.2   2.3   3.2   2.3  24.1   22:45     W
30  17.4  21.2   12:30  14.5    6:30   1.3   0.4   2.2   2.9  24.1   23:15   SSW
31  20.4  25.4   18:45  17.2    6:45   0.2   2.3   1.0   3.4  25.7    1:15     W
-------------------------------------------------------------------------------------
    20.5  34.4    22     9.9    12    29.3  98.0  51.4   1.3  35.4    27     ENE

Max >=  32.0:  3
Max <=   0.0:  0
Min <=   0.0:  0
Min <= -18.0:  0
Max Rain: 20.40 ON 27/07/13
Days of Rain: 9 (> .2 mm) 6 (> 2 mm) 1 (> 20 mm)
Heat Base:  18.3  Cool Base:  18.3  Method: Integration
Benelux Weer Netwerk cwop awekas hwa wcloud pwsweather wow wow