-->

NOAA-Style Climate Reports

Select a Year or Month report
2021: Jan | Feb | Mar | Apr | May | Jun | Jul | Aug | Sep | Oct | Nov | Dec |
2020: Jan | Feb | Mar | Apr | May | Jun | Jul | Aug | Sep | Oct | Nov | Dec |
2019: Jan | Feb | Mar | Apr | May | Jun | Jul | Aug | Sep | Oct | Nov | Dec |
2018: Jan | Feb | Mar | Apr | May | Jun | Jul | Aug | Sep | Oct | Nov | Dec |
2017: Jan | Feb | Mar | Apr | May | Jun | Jul | Aug | Sep | Oct | Nov | Dec |
2016: Jan | Feb | Mar | Apr | May | Jun | Jul | Aug | Sep | Oct | Nov | Dec |
2015: Jan | Feb | Mar | Apr | May | Jun | Jul | Aug | Sep | Oct | Nov | Dec |
2014: Jan | Feb | Mar | Apr | May | Jun | Jul | Aug | Sep | Oct | Nov | Dec |
2013: Jan | Feb | Mar | Apr | May | Jun | Jul | Aug | Sep | Oct | Nov | Dec |
2012: Jan | Feb | Mar | Apr | May | Jun | Jul | Aug | Sep | Oct | Nov | Dec |
2011: Jan | Feb | Mar | Apr | May | Jun | Jul | Aug | Sep | Oct | Nov | Dec |
2010: Jan | Feb | Mar | Apr | May | Jun | Jul | Aug | Sep | Oct | Nov | Dec |
2009: Jan | Feb | Mar | Apr | May | Jun | Jul | Aug | Sep | Oct | Nov | Dec |
2008: Jan | Feb | Mar | Apr | May | Jun | Jul | Aug | Sep | Oct | Nov | Dec |
2007: Jan | Feb | Mar | Apr | May | Jun | Jul | Aug | Sep | Oct | Nov | Dec |
2006: Jan | Feb | Mar | Apr | May | Jun | Jul | Aug | Sep | Oct | Nov | Dec |
2005: Jan | Feb | Mar | Apr | May | Jun | Jul | Aug | Sep | Oct | Nov | Dec |
2004: Jan | Feb | Mar | Apr | May | Jun | Jul | Aug | Sep | Oct | Nov | Dec |
2003: Jan | Feb | Mar | Apr | May | Jun | Jul | Aug | Sep | Oct | Nov | Dec |

Report for 2013 August
                   MONTHLY CLIMATOLOGICAL SUMMARY for AUG. 2013

NAME: Patrick Nijs   CITY: Heist-op-den-Berg   STATE: Belgium 
ELEV:    15 m  LAT:  51° 04' 15" N  LONG:   4° 42' 13" E

                   TEMPERATURE (°C), RAIN  (mm), WIND SPEED (km/hr)

                                      HEAT  COOL        AVG
    MEAN                              DEG   DEG         WIND                 DOM
DAY TEMP  HIGH   TIME   LOW    TIME   DAYS  DAYS  RAIN  SPEED HIGH   TIME    DIR
------------------------------------------------------------------------------------
 1  25.0  32.5   17:00  17.2    6:00   0.1   6.8   0.0   1.6  19.3   14:15   SSE
 2  27.1  35.1   16:30  20.2    6:30   0.0   8.8   0.0   2.4  29.0   15:30   SSE
 3  21.7  25.0   17:15  17.2   00:00   0.0   3.4   0.0   3.5  25.7   12:30   WNW
 4  21.2  28.4   18:00  13.6    6:30   1.1   4.0   0.0   0.6  12.9   15:45   WNW
 5  22.1  30.2   16:15  14.0    6:30   0.8   4.6   1.2   1.3  25.7   23:45   SSE
 6  19.6  24.1   19:00  16.2    5:45   0.5   1.8   0.0   1.4  20.9    0:15     W
 7  15.7  17.3    0:15  14.5   22:00   2.6   0.0   8.2   0.2  11.3   17:00    NW
 8  17.4  23.3   18:30  12.4    6:45   2.0   1.1   0.2   0.6  12.9   11:30    NW
 9  17.3  23.2   18:30  11.4    6:15   2.1   1.2   0.0   1.0  14.5   17:00     W
10  16.8  20.1   13:15  13.9    5:15   1.8   0.3   0.0   2.3  20.9   15:15   WNW
11  16.9  21.9   14:30  11.8    6:45   2.2   0.9   0.2   2.1  24.1   17:15     W
12  16.9  21.2   17:00  13.2    6:15   1.9   0.5   0.2   1.9  17.7   13:45   WNW
13  16.0  20.3   16:00  12.1    7:00   2.6   0.3   1.6   3.7  22.5   15:30   WNW
14  15.9  21.9   19:00   9.9    7:00   3.1   0.7   0.0   1.1  14.5   14:45   WNW
15  17.4  23.9   19:15  12.4    5:00   2.3   1.4   0.0   1.3  16.1   14:45   WNW
16  20.4  28.7   16:45  14.6    3:45   1.0   3.2   0.0   1.8  20.9   17:15   NNW
17  20.1  25.2   17:00  16.2    4:30   0.7   2.4   1.0   1.9  20.9   15:00   SSW
18  20.2  24.1   18:00  17.8   10:00   0.0   1.9   2.2   2.4  22.5   15:00    SW
19  17.9  22.4   16:30  14.1   00:00   1.4   1.0   0.0   3.7  27.4   11:45   NNW
20  17.6  22.7   17:00  12.8    2:30   2.0   1.3   0.0   0.5  11.3   12:15     W
21  18.6  25.8   18:30  11.1    6:45   2.2   2.5   0.0   0.5  12.9   15:30     S
22  17.6  24.1   13:15  12.3    6:45   1.9   1.1   0.6   0.5  16.1   12:45   NNW
23  20.4  27.4   17:00  13.9    6:00   1.4   3.4   0.2   0.6  14.5   12:15   ENE
24  17.6  19.2    0:15  15.1   23:30   0.9   0.2   1.4   0.6  16.1   18:15     E
25  17.1  21.6   17:30  13.1    7:30   1.9   0.7   0.6   0.5  12.9   10:45   ENE
26  18.3  23.3   15:00  12.8    7:15   1.5   1.5   0.2   0.6  19.3   14:15   ENE
27  19.7  25.9   16:15  14.9   00:00   0.9   2.4   0.0   0.5  16.1   13:15   ENE
28  17.5  24.2   16:00  11.2    5:45   2.4   1.6   0.0   0.2  11.3   12:45    NW
29  17.8  24.8   17:00  11.2    7:00   2.4   2.0   0.0   1.0  14.5   16:15   WNW
30  17.6  23.2   16:30  11.7    7:15   2.2   1.5   0.0   1.9  19.3   13:45   WNW
31  17.9  22.3   14:45  12.3   00:00   1.2   0.9   0.0   2.9  22.5   17:00    NW
-------------------------------------------------------------------------------------
    18.8  35.1     2     9.9    14    47.4  63.3  17.8   1.5  29.0     2     WNW

Max >=  32.0:  2
Max <=   0.0:  0
Min <=   0.0:  0
Min <= -18.0:  0
Max Rain: 8.20 ON 07/08/13
Days of Rain: 13 (> .2 mm) 2 (> 2 mm) 0 (> 20 mm)
Heat Base:  18.3  Cool Base:  18.3  Method: Integration
Benelux Weer Netwerk cwop awekas hwa wcloud pwsweather wow wow