-->

NOAA-Style Climate Reports

Select a Year or Month report
2021: Jan | Feb | Mar | Apr | May | Jun | Jul | Aug | Sep | Oct | Nov | Dec |
2020: Jan | Feb | Mar | Apr | May | Jun | Jul | Aug | Sep | Oct | Nov | Dec |
2019: Jan | Feb | Mar | Apr | May | Jun | Jul | Aug | Sep | Oct | Nov | Dec |
2018: Jan | Feb | Mar | Apr | May | Jun | Jul | Aug | Sep | Oct | Nov | Dec |
2017: Jan | Feb | Mar | Apr | May | Jun | Jul | Aug | Sep | Oct | Nov | Dec |
2016: Jan | Feb | Mar | Apr | May | Jun | Jul | Aug | Sep | Oct | Nov | Dec |
2015: Jan | Feb | Mar | Apr | May | Jun | Jul | Aug | Sep | Oct | Nov | Dec |
2014: Jan | Feb | Mar | Apr | May | Jun | Jul | Aug | Sep | Oct | Nov | Dec |
2013: Jan | Feb | Mar | Apr | May | Jun | Jul | Aug | Sep | Oct | Nov | Dec |
2012: Jan | Feb | Mar | Apr | May | Jun | Jul | Aug | Sep | Oct | Nov | Dec |
2011: Jan | Feb | Mar | Apr | May | Jun | Jul | Aug | Sep | Oct | Nov | Dec |
2010: Jan | Feb | Mar | Apr | May | Jun | Jul | Aug | Sep | Oct | Nov | Dec |
2009: Jan | Feb | Mar | Apr | May | Jun | Jul | Aug | Sep | Oct | Nov | Dec |
2008: Jan | Feb | Mar | Apr | May | Jun | Jul | Aug | Sep | Oct | Nov | Dec |
2007: Jan | Feb | Mar | Apr | May | Jun | Jul | Aug | Sep | Oct | Nov | Dec |
2006: Jan | Feb | Mar | Apr | May | Jun | Jul | Aug | Sep | Oct | Nov | Dec |
2005: Jan | Feb | Mar | Apr | May | Jun | Jul | Aug | Sep | Oct | Nov | Dec |
2004: Jan | Feb | Mar | Apr | May | Jun | Jul | Aug | Sep | Oct | Nov | Dec |
2003: Jan | Feb | Mar | Apr | May | Jun | Jul | Aug | Sep | Oct | Nov | Dec |

Report for 2013 September
                   MONTHLY CLIMATOLOGICAL SUMMARY for SEP. 2013

NAME: Patrick Nijs   CITY: Heist-op-den-Berg   STATE: Belgium 
ELEV:    15 m  LAT:  51° 04' 15" N  LONG:   4° 42' 13" E

                   TEMPERATURE (°C), RAIN  (mm), WIND SPEED (km/hr)

                                      HEAT  COOL        AVG
    MEAN                              DEG   DEG         WIND                 DOM
DAY TEMP  HIGH   TIME   LOW    TIME   DAYS  DAYS  RAIN  SPEED HIGH   TIME    DIR
------------------------------------------------------------------------------------
 1  14.0  18.8   17:15   8.4    5:45   4.3   0.0   0.0   2.7  20.9   12:45   WNW
 2  17.0  23.2   17:30  12.2    6:45   2.3   1.0   0.0   3.5  24.1   11:45   WNW
 3  18.9  26.7   16:30  12.5    7:15   1.9   2.5   0.0   0.3   9.7   16:45   WNW
 4  21.6  29.2   16:30  14.6    7:15   0.9   4.2   0.0   0.5  14.5   15:00     E
 5  24.2  33.1   17:30  16.3    6:15   0.3   6.2   0.0   0.6  14.5   14:00     E
 6  20.6  26.1   13:45  16.4    7:30   0.3   2.5   1.6   1.0  16.1   17:15   WNW
 7  17.4  19.9   14:00  15.4   00:00   1.2   0.3   0.2   0.5  12.9   13:15   SSE
 8  16.4  21.3   16:15  13.1    7:15   2.4   0.5   1.4   0.5  20.9   22:30   SSE
 9  13.3  17.6   13:30   9.8    7:45   5.0   0.0   8.0   1.8  24.1   22:30     S
10  11.8  15.1   15:45   9.3    2:00   6.5   0.0   7.8   5.3  29.0   19:15     W
11  14.4  18.4   12:00  11.4    6:15   3.8   0.0   4.0   4.8  29.0    1:45    NW
12  14.5  17.7   16:15  12.7    6:45   3.8   0.0   0.4   3.1  22.5   15:15   WNW
13  14.3  16.9   12:30  10.8    7:45   4.0   0.0   1.4   1.6  16.1   12:00   SSE
14  15.3  17.2   13:30  11.6   00:00   3.0   0.0  10.8   2.6  24.1   12:15   SSE
15  12.8  17.1   15:45   8.5    7:00   5.5   0.0   4.8   1.9  24.1   16:15     W
16  12.6  16.2   17:00   7.5   00:00   5.7   0.0   1.6   5.3  29.0   19:30   WNW
17  10.3  14.4   15:15   6.9    8:00   8.0   0.0   5.4   2.7  27.4   12:00    SW
18  11.7  13.1   18:45  10.1   00:00   6.6   0.0   5.4   1.4  12.9    3:15   WNW
19  11.8  15.3   16:45   8.4    7:45   6.5   0.0   1.6   2.3  17.7   14:00   WSW
20  14.2  16.4   17:30  12.2    0:15   4.1   0.0   0.6   3.1  20.9   13:30   WNW
21  13.3  17.4   18:15   9.1    5:15   5.0   0.0   0.0   0.5  12.9   15:00   WNW
22  16.3  19.9   18:00  13.1    0:15   2.3   0.3   0.0   1.0  11.3    9:30   WNW
23  17.3  21.0   14:15  13.4   00:00   1.6   0.5   0.0   0.2  11.3   12:30   WNW
24  15.5  22.4   16:30   9.4    7:30   3.7   0.9   0.0   0.2  11.3   15:15   WNW
25  14.7  20.4   16:30  10.2    7:30   3.9   0.3   0.2   0.0   9.7    1:00     E
26  14.8  19.9   17:30  10.2   00:00   3.6   0.1   0.2   0.2  12.9   13:45     N
27  11.2  17.6   15:45   6.1    6:45   7.2   0.0   0.0   0.5  16.1   12:15   ENE
28  12.6  18.1   17:45   7.8    8:30   5.7   0.0   0.0   1.9  24.1   17:30   ENE
29  14.0  19.8   16:30   9.6    7:00   4.4   0.1   0.0   3.1  20.9   11:45   ENE
30  12.4  17.8   16:30   7.3    8:15   5.9   0.0   0.0   1.9  17.7   13:00   ENE
-------------------------------------------------------------------------------------
    15.0  33.1     5     6.1    27   119.3  19.5  55.4   1.8  29.0    10     WNW

Max >=  32.0:  1
Max <=   0.0:  0
Min <=   0.0:  0
Min <= -18.0:  0
Max Rain: 10.80 ON 14/09/13
Days of Rain: 17 (> .2 mm) 7 (> 2 mm) 0 (> 20 mm)
Heat Base:  18.3  Cool Base:  18.3  Method: Integration
Benelux Weer Netwerk cwop awekas hwa wcloud pwsweather wow wow