NOAA-Style Climate Reports

Select a Year or Month report
2021: Jan | Feb | Mar | Apr | May | Jun | Jul | Aug | Sep | Oct | Nov | Dec |
2020: Jan | Feb | Mar | Apr | May | Jun | Jul | Aug | Sep | Oct | Nov | Dec |
2019: Jan | Feb | Mar | Apr | May | Jun | Jul | Aug | Sep | Oct | Nov | Dec |
2018: Jan | Feb | Mar | Apr | May | Jun | Jul | Aug | Sep | Oct | Nov | Dec |
2017: Jan | Feb | Mar | Apr | May | Jun | Jul | Aug | Sep | Oct | Nov | Dec |
2016: Jan | Feb | Mar | Apr | May | Jun | Jul | Aug | Sep | Oct | Nov | Dec |
2015: Jan | Feb | Mar | Apr | May | Jun | Jul | Aug | Sep | Oct | Nov | Dec |
2014: Jan | Feb | Mar | Apr | May | Jun | Jul | Aug | Sep | Oct | Nov | Dec |
2013: Jan | Feb | Mar | Apr | May | Jun | Jul | Aug | Sep | Oct | Nov | Dec |
2012: Jan | Feb | Mar | Apr | May | Jun | Jul | Aug | Sep | Oct | Nov | Dec |
2011: Jan | Feb | Mar | Apr | May | Jun | Jul | Aug | Sep | Oct | Nov | Dec |
2010: Jan | Feb | Mar | Apr | May | Jun | Jul | Aug | Sep | Oct | Nov | Dec |
2009: Jan | Feb | Mar | Apr | May | Jun | Jul | Aug | Sep | Oct | Nov | Dec |
2008: Jan | Feb | Mar | Apr | May | Jun | Jul | Aug | Sep | Oct | Nov | Dec |
2007: Jan | Feb | Mar | Apr | May | Jun | Jul | Aug | Sep | Oct | Nov | Dec |
2006: Jan | Feb | Mar | Apr | May | Jun | Jul | Aug | Sep | Oct | Nov | Dec |
2005: Jan | Feb | Mar | Apr | May | Jun | Jul | Aug | Sep | Oct | Nov | Dec |
2004: Jan | Feb | Mar | Apr | May | Jun | Jul | Aug | Sep | Oct | Nov | Dec |
2003: Jan | Feb | Mar | Apr | May | Jun | Jul | Aug | Sep | Oct | Nov | Dec |

Report for 2013 October
                   MONTHLY CLIMATOLOGICAL SUMMARY for OCT. 2013

NAME: Patrick Nijs   CITY: Heist-op-den-Berg   STATE: Belgium 
ELEV:    15 m  LAT:  51° 04' 15" N  LONG:   4° 42' 13" E

                   TEMPERATURE (°C), RAIN  (mm), WIND SPEED (km/hr)

                                      HEAT  COOL        AVG
    MEAN                              DEG   DEG         WIND                 DOM
DAY TEMP  HIGH   TIME   LOW    TIME   DAYS  DAYS  RAIN  SPEED HIGH   TIME    DIR
------------------------------------------------------------------------------------
 1  12.1  18.5   16:00   6.4    8:00   6.2   0.0   0.0   1.6  17.7   13:45   ENE
 2  12.3  19.7   16:00   6.5    7:15   6.1   0.1   0.0   1.6  20.9   14:30   ENE
 3  13.9  20.7   16:15   7.9    7:15   4.7   0.3   3.6   1.4  19.3   14:45   ENE
 4  16.9  21.4   14:15  13.3    3:00   2.1   0.7   4.6   2.1  22.5   13:45    SE
 5  15.3  18.6   16:15  11.3   00:00   3.0   0.0   0.0   0.8  12.9   17:30    NW
 6  13.7  18.4   16:15   9.6   00:00   4.6   0.0   0.0   0.0   6.4   11:00    NW
 7  12.7  19.6   15:45   6.5    8:00   5.8   0.1   0.2   0.2   9.7   13:45    NW
 8  14.2  19.4   15:45  10.4    1:45   4.1   0.0   0.0   0.5  12.9   13:30   WNW
 9  14.3  16.6   13:00  10.1   00:00   4.0   0.0   5.8   2.6  20.9   16:30   WNW
10   9.1  13.2   14:15   6.5    5:45   9.2   0.0   3.6   2.9  17.7    6:30   WNW
11   7.7   9.6   15:30   6.2    6:45  10.6   0.0   3.2   0.2  14.5    3:45   ENE
12   7.2  11.3   17:00   3.7    8:00  11.1   0.0   0.4   0.2   8.0    5:30   ENE
13   8.3   9.4   21:30   7.3    4:00  10.0   0.0  14.8   5.3  33.8   15:45   SSE
14  10.3  12.1   15:15   9.1    0:45   8.0   0.0   8.6   2.7  22.5    1:45   SSE
15  10.1  11.8   16:45   9.0    4:15   8.2   0.0   4.4   3.4  25.7   11:00     W
16   9.4  12.3   16:30   5.7    8:15   8.8   0.0   2.0   1.1  16.1   19:15   SSE
17  12.8  16.3   17:15  10.7   22:00   5.5   0.0   4.8   3.5  22.5    8:15    SW
18  13.1  17.1   15:45  10.6    3:00   5.2   0.0   0.0   0.5  11.3   14:00     E
19  13.6  17.5   14:30   8.4    8:15   4.7   0.0   0.2   1.6  19.3   14:15     E
20  15.4  18.0   15:45  13.3    3:45   2.9   0.0   0.2   2.4  25.7   22:45   SSE
21  15.4  18.3   17:00  12.9    4:45   2.9   0.0   0.0   2.3  17.7   12:15   SSE
22  17.6  23.1   16:00  14.5    2:00   1.8   1.1  13.8   2.4  25.7   14:45   SSE
23  15.8  19.0   15:45  12.7   23:45   2.5   0.0   3.2   3.9  35.4   12:15   SSE
24  12.5  17.2   16:15   8.9    9:00   5.8   0.0   0.4   0.3  11.3    0:45    SE
25  15.2  19.3   14:30  11.2    0:15   3.3   0.1   0.8   1.8  20.9   11:15   SSE
26  16.9  20.2   16:15  14.9    4:00   1.7   0.3   0.2   2.3  20.9   11:15   SSE
27  14.7  16.2   13:00  11.9   16:45   3.6   0.0   6.6   7.2  35.4   10:30     S
28  13.9  16.9    5:30  10.4   16:45   4.4   0.0   9.8   9.2  53.1    5:15     W
29  10.6  13.0   12:00   7.7   00:00   7.8   0.0   0.0   4.5  30.6   10:15    SW
30   8.9  13.5   14:15   5.6    8:00   9.4   0.0   0.0   1.4  17.7   11:45    SW
31  10.1  14.1   13:45   5.8    6:00   8.2   0.0   0.2   3.4  24.1   12:45   SSE
-------------------------------------------------------------------------------------
    12.7  23.1    22     3.7    12   176.0   2.8  91.4   2.4  53.1    28     SSE

Max >=  32.0:  0
Max <=   0.0:  0
Min <=   0.0:  0
Min <= -18.0:  0
Max Rain: 14.81 ON 13/10/13
Days of Rain: 22 (> .2 mm) 14 (> 2 mm) 0 (> 20 mm)
Heat Base:  18.3  Cool Base:  18.3  Method: Integration
Benelux Weer Netwerk cwop awekas hwa wcloud pwsweather wow wow