NOAA-Style Climate Reports

Select a Year or Month report
2021: Jan | Feb | Mar | Apr | May | Jun | Jul | Aug | Sep | Oct | Nov | Dec |
2020: Jan | Feb | Mar | Apr | May | Jun | Jul | Aug | Sep | Oct | Nov | Dec |
2019: Jan | Feb | Mar | Apr | May | Jun | Jul | Aug | Sep | Oct | Nov | Dec |
2018: Jan | Feb | Mar | Apr | May | Jun | Jul | Aug | Sep | Oct | Nov | Dec |
2017: Jan | Feb | Mar | Apr | May | Jun | Jul | Aug | Sep | Oct | Nov | Dec |
2016: Jan | Feb | Mar | Apr | May | Jun | Jul | Aug | Sep | Oct | Nov | Dec |
2015: Jan | Feb | Mar | Apr | May | Jun | Jul | Aug | Sep | Oct | Nov | Dec |
2014: Jan | Feb | Mar | Apr | May | Jun | Jul | Aug | Sep | Oct | Nov | Dec |
2013: Jan | Feb | Mar | Apr | May | Jun | Jul | Aug | Sep | Oct | Nov | Dec |
2012: Jan | Feb | Mar | Apr | May | Jun | Jul | Aug | Sep | Oct | Nov | Dec |
2011: Jan | Feb | Mar | Apr | May | Jun | Jul | Aug | Sep | Oct | Nov | Dec |
2010: Jan | Feb | Mar | Apr | May | Jun | Jul | Aug | Sep | Oct | Nov | Dec |
2009: Jan | Feb | Mar | Apr | May | Jun | Jul | Aug | Sep | Oct | Nov | Dec |
2008: Jan | Feb | Mar | Apr | May | Jun | Jul | Aug | Sep | Oct | Nov | Dec |
2007: Jan | Feb | Mar | Apr | May | Jun | Jul | Aug | Sep | Oct | Nov | Dec |
2006: Jan | Feb | Mar | Apr | May | Jun | Jul | Aug | Sep | Oct | Nov | Dec |
2005: Jan | Feb | Mar | Apr | May | Jun | Jul | Aug | Sep | Oct | Nov | Dec |
2004: Jan | Feb | Mar | Apr | May | Jun | Jul | Aug | Sep | Oct | Nov | Dec |
2003: Jan | Feb | Mar | Apr | May | Jun | Jul | Aug | Sep | Oct | Nov | Dec |

Report for 2013 November
                   MONTHLY CLIMATOLOGICAL SUMMARY for NOV. 2013

NAME: Patrick Nijs   CITY: Heist-op-den-Berg   STATE: Belgium 
ELEV:    15 m  LAT:  51° 04' 15" N  LONG:   4° 42' 13" E

                   TEMPERATURE (°C), RAIN  (mm), WIND SPEED (km/hr)

                                      HEAT  COOL        AVG
    MEAN                              DEG   DEG         WIND                 DOM
DAY TEMP  HIGH   TIME   LOW    TIME   DAYS  DAYS  RAIN  SPEED HIGH   TIME    DIR
------------------------------------------------------------------------------------
 1  11.0  13.4   12:00   8.6   00:00   7.3   0.0   2.6   2.6  22.5   11:45   SSE
 2  11.2  13.7   21:15   8.5    0:45   7.1   0.0  10.2   2.1  24.1   20:15     S
 3   9.1  10.6    0:15   7.8   19:30   9.3   0.0   0.4   6.0  37.0   18:15    SW
 4   9.3  13.3   10:15   6.1   21:00   9.0   0.0   8.6   4.5  33.8    3:45     S
 5   6.6   9.2   20:15   3.7    6:00  11.7   0.0   8.0   3.4  27.4   20:00   SSE
 6  10.6  14.3   00:00   7.8    5:15   7.7   0.0   5.6   3.7  27.4   00:00   WSW
 7  12.0  14.6    0:30   9.8   23:45   6.3   0.0  11.2   3.2  33.8    2:30     W
 8   9.1  11.1   15:15   6.5    8:30   9.2   0.0   6.0   0.6  29.0   18:45     S
 9   8.7  11.2   13:15   6.8    8:00   9.6   0.0   2.0   5.3  33.8   22:15   WSW
10   5.9   8.6   15:30   3.1   20:45  12.4   0.0   2.8   1.8  25.7   12:00   WNW
11   5.6  10.1   14:00   1.1    8:15  12.7   0.0   0.2   1.9  25.7   19:15   SSE
12   7.6   8.4   20:15   6.1    9:00  10.8   0.0   1.8   2.1  19.3    8:30   SSE
13   5.8  11.4   13:45   1.6    7:15  12.4   0.0   0.2   0.2   8.0   14:30     W
14   5.7   8.1   16:30   2.9    5:15  12.6   0.0   5.0   1.1  11.3    8:15    NW
15   5.5   9.0   15:30   2.3   00:00  12.8   0.0   0.2   0.2   8.0   12:00    NW
16   1.7   3.0   16:00   0.3    8:45  16.6   0.0   0.2   0.0   6.4    6:30   ENE
17   4.2   5.8   14:30   2.1    0:15  14.1   0.0   0.0   0.0   8.0    2:00     E
18   4.4   6.3   15:00   2.9    2:15  13.9   0.0   0.0   0.5  11.3   13:15   SSW
19   5.6   7.6   12:15   3.8   00:00  12.7   0.0   0.8   1.8  17.7   12:30    NW
20   2.8   6.1   11:45   0.3    5:30  15.5   0.0   4.2   2.9  27.4   17:15   SSE
21   2.8   4.8   15:15   0.7    0:15  15.5   0.0   1.8   0.5  20.9   12:30   ENE
22   3.6   5.4   15:15   1.4    1:45  14.7   0.0   0.0   0.5   9.7   12:30    NE
23   5.0   6.7   14:45   2.0   00:00  13.3   0.0   0.0   0.3  11.3   13:30    NW
24   4.7   8.8   13:00  -0.1    2:30  13.6   0.0   0.4   0.5  14.5   13:30    NW
25   5.1   7.6   15:00   3.6   22:00  13.2   0.0   0.0   0.6  12.9   13:30    NW
26   5.3   7.8   13:45   3.6    4:30  13.0   0.0   0.2   0.2   8.0   11:30    NW
27   4.1   6.9   14:45   0.3    5:45  14.2   0.0   0.2   0.5   9.7   20:30    SW
28   6.9   8.4   15:30   5.4    2:30  11.4   0.0   0.8   0.6   9.7    1:15     W
29   6.3   8.5   13:15   4.6   22:30  12.0   0.0   3.8   3.5  30.6   17:30     W
30   5.7   9.5   14:15   2.8   22:30  12.6   0.0   3.8   1.3  27.4    2:45     W
-------------------------------------------------------------------------------------
     6.4  14.6     7    -0.1    24   357.2   0.0  81.0   1.7  37.0     3      NW

Max >=  32.0:  0
Max <=   0.0:  0
Min <=   0.0:  1
Min <= -18.0:  0
Max Rain: 11.20 ON 07/11/13
Days of Rain: 25 (> .2 mm) 13 (> 2 mm) 0 (> 20 mm)
Heat Base:  18.3  Cool Base:  18.3  Method: Integration
Benelux Weer Netwerk cwop awekas hwa wcloud pwsweather wow wow