NOAA-Style Climate Reports

Select a Year or Month report
2021: Jan | Feb | Mar | Apr | May | Jun | Jul | Aug | Sep | Oct | Nov | Dec |
2020: Jan | Feb | Mar | Apr | May | Jun | Jul | Aug | Sep | Oct | Nov | Dec |
2019: Jan | Feb | Mar | Apr | May | Jun | Jul | Aug | Sep | Oct | Nov | Dec |
2018: Jan | Feb | Mar | Apr | May | Jun | Jul | Aug | Sep | Oct | Nov | Dec |
2017: Jan | Feb | Mar | Apr | May | Jun | Jul | Aug | Sep | Oct | Nov | Dec |
2016: Jan | Feb | Mar | Apr | May | Jun | Jul | Aug | Sep | Oct | Nov | Dec |
2015: Jan | Feb | Mar | Apr | May | Jun | Jul | Aug | Sep | Oct | Nov | Dec |
2014: Jan | Feb | Mar | Apr | May | Jun | Jul | Aug | Sep | Oct | Nov | Dec |
2013: Jan | Feb | Mar | Apr | May | Jun | Jul | Aug | Sep | Oct | Nov | Dec |
2012: Jan | Feb | Mar | Apr | May | Jun | Jul | Aug | Sep | Oct | Nov | Dec |
2011: Jan | Feb | Mar | Apr | May | Jun | Jul | Aug | Sep | Oct | Nov | Dec |
2010: Jan | Feb | Mar | Apr | May | Jun | Jul | Aug | Sep | Oct | Nov | Dec |
2009: Jan | Feb | Mar | Apr | May | Jun | Jul | Aug | Sep | Oct | Nov | Dec |
2008: Jan | Feb | Mar | Apr | May | Jun | Jul | Aug | Sep | Oct | Nov | Dec |
2007: Jan | Feb | Mar | Apr | May | Jun | Jul | Aug | Sep | Oct | Nov | Dec |
2006: Jan | Feb | Mar | Apr | May | Jun | Jul | Aug | Sep | Oct | Nov | Dec |
2005: Jan | Feb | Mar | Apr | May | Jun | Jul | Aug | Sep | Oct | Nov | Dec |
2004: Jan | Feb | Mar | Apr | May | Jun | Jul | Aug | Sep | Oct | Nov | Dec |
2003: Jan | Feb | Mar | Apr | May | Jun | Jul | Aug | Sep | Oct | Nov | Dec |

Report for 2013 December
                   MONTHLY CLIMATOLOGICAL SUMMARY for DEC. 2013

NAME: Patrick Nijs   CITY: Heist-op-den-Berg   STATE: Belgium 
ELEV:    15 m  LAT:  51° 04' 15" N  LONG:   4° 42' 13" E

                   TEMPERATURE (°C), RAIN  (mm), WIND SPEED (km/hr)

                                      HEAT  COOL        AVG
    MEAN                              DEG   DEG         WIND                 DOM
DAY TEMP  HIGH   TIME   LOW    TIME   DAYS  DAYS  RAIN  SPEED HIGH   TIME    DIR
------------------------------------------------------------------------------------
 1   6.2   9.6   14:30   4.0    8:45  12.1   0.0   0.4   0.6  14.5   13:45    NW
 2   6.0   8.9   13:00   1.9   00:00  12.3   0.0   0.0   0.6  19.3   13:30   ENE
 3   0.9   6.0   14:15  -1.6    8:15  17.4   0.0   0.0   0.2  11.3   14:00   ENE
 4   4.4   7.5   15:15  -0.2    0:15  13.9   0.0   0.8   1.3  16.1   12:30     W
 5   4.5   9.5   18:15   0.9    6:30  13.8   0.0   0.8   7.2  57.9   18:30     W
 6   4.3   5.7   13:45   2.7   22:00  14.0   0.0   0.0  10.0  37.0   12:30   WNW
 7   5.8   8.7   15:15   2.3    2:30  12.5   0.0   0.2   2.3  19.3   12:30     W
 8   7.8  10.1   14:30   6.5    5:15  10.4   0.0   0.0   3.5  33.8   13:15   WSW
 9   6.9  10.0   15:00   1.9   00:00  11.4   0.0   0.0   3.1  22.5    6:00     W
10   2.7   9.4   14:15  -0.8    7:00  15.6   0.0   0.2   0.2   9.7   13:00   SSE
11   2.0   8.6   14:45  -2.3    8:15  16.3   0.0   0.2   0.0   6.4   14:00    SE
12   0.4   3.7   14:45  -2.1    7:15  17.9   0.0   0.2   0.5  16.1   12:00   SSE
13   1.1   7.7   14:45  -3.6    6:45  17.2   0.0   0.2   0.5  16.1   22:30   SSE
14   5.9   8.2   14:45   3.3    0:15  12.4   0.0   3.6   2.6  22.5   22:45   SSE
15   7.8   8.8   16:00   6.8    6:15  10.5   0.0   0.8   4.0  25.7    2:45   SSW
16  10.3  13.7   13:15   8.1    4:30   8.0   0.0   0.0   3.5  24.1    2:15   SSW
17   7.4   9.1    0:15   5.5   23:00  10.9   0.0   0.0   0.8  12.9    1:30     S
18   8.3   9.8   23:30   6.7    0:15   9.9   0.0   0.0   3.2  22.5   14:45   SSE
19   7.7  10.7    1:00   3.3   23:15  10.6   0.0   6.4   3.5  29.0    1:15    SW
20   5.3   8.7   14:45   3.4    0:15  13.0   0.0   0.2   2.4  22.5   13:00   SSW
21   7.0   8.3   15:00   5.1    0:15  11.3   0.0   1.2   6.1  30.6   15:00     S
22   8.1  10.6   14:30   6.4    1:15  10.2   0.0  11.6   6.0  38.6   15:30   SSW
23   8.7  12.1   22:45   5.2    9:00   9.6   0.0   0.0   6.8  48.3   20:00     S
24   9.7  11.6    1:00   7.3   20:45   8.6   0.0  18.0   9.5  46.7    8:15     S
25   6.9   8.8    4:45   3.3   23:45  11.4   0.0   4.6   1.8  30.6    6:15   SSE
26   5.1   7.7   15:15   3.1   22:15  13.2   0.0   0.2   0.5  12.9   13:45   SSE
27   7.6   9.4   16:30   3.3    0:15  10.7   0.0   6.0   6.0  33.8    8:45   SSE
28   6.9   8.7   14:00   5.2   00:00  11.4   0.0   8.0   1.0  14.5    1:15   SSW
29   5.1   7.6   15:00   2.6   23:45  13.2   0.0   0.8   1.8  20.9    6:15    SW
30   5.1   7.3   17:00   2.7    0:30  13.2   0.0   0.8   4.7  29.0   16:45   SSE
31   7.3   9.8   16:15   5.6    0:15  10.9   0.0   1.0   4.3  22.5   13:15   SSE
-------------------------------------------------------------------------------------
     5.9  13.7    16    -3.6    13   383.8   0.0  66.2   3.2  57.9     5     SSE

Max >=  32.0:  0
Max <=   0.0:  0
Min <=   0.0:  6
Min <= -18.0:  0
Max Rain: 18.01 ON 24/12/13
Days of Rain: 22 (> .2 mm) 7 (> 2 mm) 0 (> 20 mm)
Heat Base:  18.3  Cool Base:  18.3  Method: Integration
Benelux Weer Netwerk cwop awekas hwa wcloud pwsweather wow wow