-->

NOAA-Style Climate Reports

Select a Year or Month report
2021: Jan | Feb | Mar | Apr | May | Jun | Jul | Aug | Sep | Oct | Nov | Dec |
2020: Jan | Feb | Mar | Apr | May | Jun | Jul | Aug | Sep | Oct | Nov | Dec |
2019: Jan | Feb | Mar | Apr | May | Jun | Jul | Aug | Sep | Oct | Nov | Dec |
2018: Jan | Feb | Mar | Apr | May | Jun | Jul | Aug | Sep | Oct | Nov | Dec |
2017: Jan | Feb | Mar | Apr | May | Jun | Jul | Aug | Sep | Oct | Nov | Dec |
2016: Jan | Feb | Mar | Apr | May | Jun | Jul | Aug | Sep | Oct | Nov | Dec |
2015: Jan | Feb | Mar | Apr | May | Jun | Jul | Aug | Sep | Oct | Nov | Dec |
2014: Jan | Feb | Mar | Apr | May | Jun | Jul | Aug | Sep | Oct | Nov | Dec |
2013: Jan | Feb | Mar | Apr | May | Jun | Jul | Aug | Sep | Oct | Nov | Dec |
2012: Jan | Feb | Mar | Apr | May | Jun | Jul | Aug | Sep | Oct | Nov | Dec |
2011: Jan | Feb | Mar | Apr | May | Jun | Jul | Aug | Sep | Oct | Nov | Dec |
2010: Jan | Feb | Mar | Apr | May | Jun | Jul | Aug | Sep | Oct | Nov | Dec |
2009: Jan | Feb | Mar | Apr | May | Jun | Jul | Aug | Sep | Oct | Nov | Dec |
2008: Jan | Feb | Mar | Apr | May | Jun | Jul | Aug | Sep | Oct | Nov | Dec |
2007: Jan | Feb | Mar | Apr | May | Jun | Jul | Aug | Sep | Oct | Nov | Dec |
2006: Jan | Feb | Mar | Apr | May | Jun | Jul | Aug | Sep | Oct | Nov | Dec |
2005: Jan | Feb | Mar | Apr | May | Jun | Jul | Aug | Sep | Oct | Nov | Dec |
2004: Jan | Feb | Mar | Apr | May | Jun | Jul | Aug | Sep | Oct | Nov | Dec |
2003: Jan | Feb | Mar | Apr | May | Jun | Jul | Aug | Sep | Oct | Nov | Dec |

Report for 2014 February
                   MONTHLY CLIMATOLOGICAL SUMMARY for FEB. 2014

NAME: Patrick Nijs   CITY: Heist-op-den-Berg   STATE: Belgium 
ELEV:    15 m  LAT:  51° 04' 15" N  LONG:   4° 42' 13" E

                   TEMPERATURE (°C), RAIN  (mm), WIND SPEED (km/hr)

                                      HEAT  COOL        AVG
    MEAN                              DEG   DEG         WIND                 DOM
DAY TEMP  HIGH   TIME   LOW    TIME   DAYS  DAYS  RAIN  SPEED HIGH   TIME    DIR
------------------------------------------------------------------------------------
 1   6.4   8.3   14:45   4.7   23:00  11.9   0.0   8.2   4.8  33.8    1:45   SSE
 2   5.3   8.9   14:30   2.6    8:15  13.0   0.0   0.0   1.9  17.7    3:15     S
 3   4.2   9.2   15:00  -0.2    8:00  14.1   0.0   0.2   1.4  16.1   12:15    SE
 4   6.4  10.4   14:30   2.9    1:45  11.9   0.0   0.0   3.7  25.7   13:45    SE
 5   7.7  10.6   12:45   4.4    1:45  10.6   0.0   1.6   7.2  32.2    8:00   SSE
 6   7.8  10.1   00:00   5.3   17:45  10.5   0.0   8.0   5.8  35.4    1:00   SSW
 7   8.2  11.9    7:45   4.7   22:45  10.1   0.0   4.0   7.4  53.1   12:30   SSE
 8   7.2   8.7   17:15   4.9    0:15  11.1   0.0   3.0   6.8  38.6    9:15   SSE
 9   6.0   7.7   16:00   3.9   22:15  12.3   0.0   1.0   7.2  38.6   12:15   SSW
10   5.2   7.5   15:00   3.5    2:45  13.1   0.0   0.6   0.8  14.5    9:15    SE
11   6.1   9.1   13:45   3.6    8:45  12.1   0.0   1.8   5.0  32.2   16:15   SSW
12   6.1   9.9   14:45   3.5    7:45  12.3   0.0   3.4   6.3  54.7   18:45   SSE
13   5.2   7.4    0:15   3.8   23:30  13.2   0.0   6.4   3.5  29.0    4:15   WSW
14   5.6  13.5   00:00   2.2    7:00  12.8   0.0   8.4   5.0  37.0   23:15   SSE
15  10.7  13.8    1:00   7.1   20:15   7.7   0.0   1.4   9.7  41.8    3:30    SW
16   6.9  10.3   16:30   3.6   23:00  11.4   0.0   2.0   4.5  32.2   13:00   WSW
17   6.8  11.2   15:30   3.9   00:00  11.5   0.0   0.0   1.6  17.7   14:30   SSE
18   6.0   8.2   16:00   3.7    1:15  12.3   0.0   0.6   0.5  11.3   13:30   SSE
19   7.7   9.6   15:00   6.2    3:15  10.6   0.0   0.0   2.1  17.7   12:15    SW
20   8.5  10.4   16:15   6.2    3:15   9.8   0.0   2.2   3.7  27.4   19:45   SSE
21   7.1  10.4   15:15   4.3   23:45  11.2   0.0   1.2   3.7  27.4   14:15    SW
22   6.4  10.0   15:00   4.3   23:45  11.9   0.0   0.2   2.9  20.9   11:45   SSW
23   7.6  12.5   14:30   3.6    6:45  10.7   0.0   0.2   3.1  25.7   11:15   SSE
24   8.7  14.1   15:00   3.7    7:15   9.6   0.0   0.0   2.4  25.7   14:15   SSE
25   9.6  12.3   15:00   7.0   23:45   8.8   0.0   1.8   3.5  29.0   11:45   SSE
26   7.2  11.0   14:15   4.7    8:15  11.1   0.0   0.0   1.1  17.7   14:45   SSW
27   4.9   7.2   12:15   2.9    6:15  13.4   0.0   2.0   2.9  30.6   13:00   SSE
28   5.3   7.7   12:45   3.2    1:15  13.0   0.0   4.0   1.8  20.9   10:15   SSE
-------------------------------------------------------------------------------------
     6.8  14.1    24    -0.2     3   321.8   0.0  62.2   3.9  54.7    12     SSE

Max >=  32.0:  0
Max <=   0.0:  0
Min <=   0.0:  1
Min <= -18.0:  0
Max Rain: 8.41 ON 14/02/14
Days of Rain: 22 (> .2 mm) 11 (> 2 mm) 0 (> 20 mm)
Heat Base:  18.3  Cool Base:  18.3  Method: Integration
Benelux Weer Netwerk cwop awekas hwa wcloud pwsweather wow wow