-->

NOAA-Style Climate Reports

Select a Year or Month report
2021: Jan | Feb | Mar | Apr | May | Jun | Jul | Aug | Sep | Oct | Nov | Dec |
2020: Jan | Feb | Mar | Apr | May | Jun | Jul | Aug | Sep | Oct | Nov | Dec |
2019: Jan | Feb | Mar | Apr | May | Jun | Jul | Aug | Sep | Oct | Nov | Dec |
2018: Jan | Feb | Mar | Apr | May | Jun | Jul | Aug | Sep | Oct | Nov | Dec |
2017: Jan | Feb | Mar | Apr | May | Jun | Jul | Aug | Sep | Oct | Nov | Dec |
2016: Jan | Feb | Mar | Apr | May | Jun | Jul | Aug | Sep | Oct | Nov | Dec |
2015: Jan | Feb | Mar | Apr | May | Jun | Jul | Aug | Sep | Oct | Nov | Dec |
2014: Jan | Feb | Mar | Apr | May | Jun | Jul | Aug | Sep | Oct | Nov | Dec |
2013: Jan | Feb | Mar | Apr | May | Jun | Jul | Aug | Sep | Oct | Nov | Dec |
2012: Jan | Feb | Mar | Apr | May | Jun | Jul | Aug | Sep | Oct | Nov | Dec |
2011: Jan | Feb | Mar | Apr | May | Jun | Jul | Aug | Sep | Oct | Nov | Dec |
2010: Jan | Feb | Mar | Apr | May | Jun | Jul | Aug | Sep | Oct | Nov | Dec |
2009: Jan | Feb | Mar | Apr | May | Jun | Jul | Aug | Sep | Oct | Nov | Dec |
2008: Jan | Feb | Mar | Apr | May | Jun | Jul | Aug | Sep | Oct | Nov | Dec |
2007: Jan | Feb | Mar | Apr | May | Jun | Jul | Aug | Sep | Oct | Nov | Dec |
2006: Jan | Feb | Mar | Apr | May | Jun | Jul | Aug | Sep | Oct | Nov | Dec |
2005: Jan | Feb | Mar | Apr | May | Jun | Jul | Aug | Sep | Oct | Nov | Dec |
2004: Jan | Feb | Mar | Apr | May | Jun | Jul | Aug | Sep | Oct | Nov | Dec |
2003: Jan | Feb | Mar | Apr | May | Jun | Jul | Aug | Sep | Oct | Nov | Dec |

Report for 2014 March
                   MONTHLY CLIMATOLOGICAL SUMMARY for MAR. 2014

NAME: Patrick Nijs   CITY: Heist-op-den-Berg   STATE: Belgium 
ELEV:    15 m  LAT:  51° 04' 15" N  LONG:   4° 42' 13" E

                   TEMPERATURE (°C), RAIN  (mm), WIND SPEED (km/hr)

                                      HEAT  COOL        AVG
    MEAN                              DEG   DEG         WIND                 DOM
DAY TEMP  HIGH   TIME   LOW    TIME   DAYS  DAYS  RAIN  SPEED HIGH   TIME    DIR
------------------------------------------------------------------------------------
 1   5.2   8.1   13:30   2.2    7:15  13.1   0.0   0.0   1.1  16.1   15:45   ESE
 2   5.4   9.8   14:15   0.7    7:30  12.9   0.0   0.2   3.1  22.5   23:15   WSW
 3   6.9   9.6   16:15   4.4    7:45  11.4   0.0   1.0   3.2  22.5    2:15    SE
 4   6.2   9.9   13:00   2.2    4:45  12.1   0.0   0.0   1.1  17.7   13:45   SSE
 5   5.4  13.0   16:45  -0.6    7:15  12.9   0.0   0.0   0.5   9.7   12:15    NW
 6   6.5  14.3   16:45  -0.3    5:45  11.8   0.0   0.2   1.0  16.1   13:30   SSE
 7   7.9  13.8   14:30   1.7    5:00  10.3   0.0   0.0   1.3  17.7   13:15   SSE
 8  11.4  18.1   16:00   4.6    7:45   6.9   0.0   0.0   1.6  25.7   10:45    SE
 9  11.7  21.6   16:30   2.8    6:00   7.2   0.5   0.0   1.1  17.7   12:45    SE
10  10.9  20.7   15:30   2.9    7:30   7.7   0.3   0.0   0.5  16.1   16:30   NNW
11  10.1  15.7   16:00   7.2    6:30   8.2   0.0   0.0   0.8  16.1   13:00     E
12  10.1  19.0   16:15   3.0    8:00   8.3   0.0   0.0   0.2   9.7   17:15     E
13  10.2  20.2   16:45   1.9    7:00   8.2   0.2   0.0   0.2   9.7   15:15    NW
14   8.9  16.5   16:15   1.5    7:15   9.3   0.0   0.2   1.4  16.1   16:30   WNW
15   9.3  11.6   12:45   7.3    3:15   9.0   0.0   0.4   6.0  29.0    8:30   WNW
16  10.9  15.5   15:45   7.5    7:15   7.3   0.0   0.0   5.3  24.1   15:30   WNW
17  10.4  12.6   15:30   7.8    4:15   7.9   0.0   0.0   3.2  24.1   11:45   WNW
18   9.8  11.1   16:30   8.7    5:45   8.5   0.0   0.2   5.5  32.2   21:30     W
19  12.3  16.8   14:45   8.6    7:00   6.0   0.0   0.0   6.1  27.4   14:00     W
20  14.3  22.2   15:00   6.8    4:15   4.6   0.6   0.0   3.4  30.6   17:45   SSE
21   9.6  14.9    0:30   4.4   00:00   8.7   0.0   7.4   3.7  27.4   12:45   WSW
22   6.9  10.3   13:30   4.1    0:30  11.4   0.0   1.4   2.6  27.4   13:45   SSE
23   5.6  10.4   17:00   2.7    3:15  12.7   0.0   4.4   1.9  24.1   14:00     S
24   6.1  12.1   16:00   2.1    7:00  12.2   0.0   0.2   0.5  12.9   15:45   WNW
25   5.8  11.9   14:00  -0.3    7:00  12.5   0.0   0.0   1.4  19.3   12:15     E
26   5.2  10.7   14:30   0.3    7:00  13.1   0.0   0.0   0.8  19.3   16:45     E
27   6.2  12.6   15:45   0.6    5:30  12.1   0.0   0.4   0.6  12.9   20:45     N
28  10.8  18.7   17:30   3.5    6:30   7.5   0.0   0.0   1.0  14.5   22:15    NW
29  13.5  20.9   15:45   6.3    6:15   5.2   0.4   0.0   1.4  24.1   18:00   ENE
30  14.4  20.9   17:00   6.9    7:30   4.2   0.5   0.0   0.5  11.3   11:30     E
31  16.1  23.1   15:30   9.0    7:30   3.3   1.1   0.0   0.3  14.5   16:00     E
-------------------------------------------------------------------------------------
     9.2  23.1    31    -0.6     5   286.8   3.6  16.0   2.0  32.2    18     WNW

Max >=  32.0:  0
Max <=   0.0:  0
Min <=   0.0:  3
Min <= -18.0:  0
Max Rain: 7.39 ON 21/03/14
Days of Rain: 11 (> .2 mm) 2 (> 2 mm) 0 (> 20 mm)
Heat Base:  18.3  Cool Base:  18.3  Method: Integration
Benelux Weer Netwerk cwop awekas hwa wcloud pwsweather wow wow