NOAA-Style Climate Reports

Select a Year or Month report
2021: Jan | Feb | Mar | Apr | May | Jun | Jul | Aug | Sep | Oct | Nov | Dec |
2020: Jan | Feb | Mar | Apr | May | Jun | Jul | Aug | Sep | Oct | Nov | Dec |
2019: Jan | Feb | Mar | Apr | May | Jun | Jul | Aug | Sep | Oct | Nov | Dec |
2018: Jan | Feb | Mar | Apr | May | Jun | Jul | Aug | Sep | Oct | Nov | Dec |
2017: Jan | Feb | Mar | Apr | May | Jun | Jul | Aug | Sep | Oct | Nov | Dec |
2016: Jan | Feb | Mar | Apr | May | Jun | Jul | Aug | Sep | Oct | Nov | Dec |
2015: Jan | Feb | Mar | Apr | May | Jun | Jul | Aug | Sep | Oct | Nov | Dec |
2014: Jan | Feb | Mar | Apr | May | Jun | Jul | Aug | Sep | Oct | Nov | Dec |
2013: Jan | Feb | Mar | Apr | May | Jun | Jul | Aug | Sep | Oct | Nov | Dec |
2012: Jan | Feb | Mar | Apr | May | Jun | Jul | Aug | Sep | Oct | Nov | Dec |
2011: Jan | Feb | Mar | Apr | May | Jun | Jul | Aug | Sep | Oct | Nov | Dec |
2010: Jan | Feb | Mar | Apr | May | Jun | Jul | Aug | Sep | Oct | Nov | Dec |
2009: Jan | Feb | Mar | Apr | May | Jun | Jul | Aug | Sep | Oct | Nov | Dec |
2008: Jan | Feb | Mar | Apr | May | Jun | Jul | Aug | Sep | Oct | Nov | Dec |
2007: Jan | Feb | Mar | Apr | May | Jun | Jul | Aug | Sep | Oct | Nov | Dec |
2006: Jan | Feb | Mar | Apr | May | Jun | Jul | Aug | Sep | Oct | Nov | Dec |
2005: Jan | Feb | Mar | Apr | May | Jun | Jul | Aug | Sep | Oct | Nov | Dec |
2004: Jan | Feb | Mar | Apr | May | Jun | Jul | Aug | Sep | Oct | Nov | Dec |
2003: Jan | Feb | Mar | Apr | May | Jun | Jul | Aug | Sep | Oct | Nov | Dec |

Report for 2014 April
                   MONTHLY CLIMATOLOGICAL SUMMARY for APR. 2014

NAME: Patrick Nijs   CITY: Heist-op-den-Berg   STATE: Belgium 
ELEV:    15 m  LAT:  51° 04' 15" N  LONG:   4° 42' 13" E

                   TEMPERATURE (°C), RAIN  (mm), WIND SPEED (km/hr)

                                      HEAT  COOL        AVG
    MEAN                              DEG   DEG         WIND                 DOM
DAY TEMP  HIGH   TIME   LOW    TIME   DAYS  DAYS  RAIN  SPEED HIGH   TIME    DIR
------------------------------------------------------------------------------------
 1  15.8  21.6   17:00  10.3    7:30   3.2   0.6   0.0   0.5  12.9   15:00     S
 2  15.3  22.4   17:30   9.0    7:00   3.7   0.8   0.0   0.5  14.5   15:15    NW
 3  15.7  21.8   16:45  10.7    6:00   3.3   0.7   0.0   1.0  19.3   18:00    SE
 4  13.6  14.9   16:00  11.9    7:30   4.7   0.0   0.0   1.1  12.9   18:15   WNW
 5  12.7  18.4   18:45   9.5    8:00   5.6   0.0   0.0   1.4  14.5   17:00   WNW
 6  13.6  18.6   14:45   7.9    5:00   4.7   0.0   0.8   1.6  20.9   13:00   SSW
 7  16.6  22.8   16:00  12.4    7:30   2.8   1.0   6.0   2.3  32.2   20:45   SSE
 8  10.7  14.2    2:15   8.7   00:00   7.6   0.0   0.8   8.4  37.0    4:30   WNW
 9  10.1  15.1   18:30   5.1    7:30   8.3   0.0   0.0   3.2  22.5   11:45   WNW
10  11.3  18.4   17:00   4.7    7:15   7.0   0.0   0.0   0.8  14.5   13:30    NW
11  12.2  17.6   15:00   8.8    2:00   6.1   0.0   0.0   0.6  14.5   11:45    NW
12  10.4  15.1   14:15   4.8    8:00   7.9   0.0   0.0   1.6  16.1   15:30   WNW
13  10.8  14.6   16:30   7.6   23:30   7.5   0.0   0.0   3.9  27.4   14:45   WNW
14   9.5  13.7   15:45   5.5   00:00   8.8   0.0   0.2   6.1  35.4   15:15    NW
15   7.4  13.2   17:15   1.8    7:00  10.9   0.0   0.2   1.1  16.1   11:15    NW
16   8.8  16.1   17:15   0.2    6:30   9.5   0.0   0.0   1.3  17.7   13:00    SE
17  11.7  18.8   16:45   3.2    6:45   6.7   0.0   0.4   2.4  27.4   15:30     W
18   9.6  13.7   16:30   5.8    7:15   8.7   0.0   0.0   2.4  20.9   12:45    NW
19  10.8  17.8   18:15   3.7    7:00   7.5   0.0   0.0   1.8  27.4   18:15     E
20  15.4  21.2   15:30  10.0    5:45   3.5   0.6   0.0   2.4  25.7   15:30     E
21  13.8  21.7   14:30   9.3    7:00   4.7   0.3  18.4   0.6  20.9   17:00     E
22  13.4  18.3   15:45   9.0    7:15   4.8   0.0   0.2   1.1  14.5   13:00    SE
23  15.1  22.3   18:00   9.6    7:30   3.8   0.6   0.0   0.3  11.3   15:00    SE
24  14.1  19.2   18:15  10.1    3:45   4.3   0.1   4.0   1.3  22.5   20:30   WNW
25  16.6  25.0   16:45  10.3    6:15   3.2   1.5   0.2   1.9  20.9   19:15     E
26  13.9  18.6   15:00   8.2    6:30   4.4   0.0   0.0   1.9  19.3   13:15   WSW
27  13.4  17.5   15:00   9.7    7:15   4.9   0.0   0.0   1.1  16.1   13:45    SE
28  13.6  18.9   14:30   8.2    6:15   4.7   0.0   0.0   0.2  11.3   12:45   SSE
29  13.7  15.8   16:15  12.0   00:00   4.6   0.0   0.6   0.3   8.0   11:30    SW
30  13.1  18.3   16:45   9.9    4:00   5.2   0.0   0.0   1.6  14.5   17:45    NW
-------------------------------------------------------------------------------------
    12.8  25.0    25     0.2    16   172.7   6.2  31.8   1.8  37.0     8      NW

Max >=  32.0:  0
Max <=   0.0:  0
Min <=   0.0:  0
Min <= -18.0:  0
Max Rain: 18.39 ON 21/04/14
Days of Rain: 11 (> .2 mm) 3 (> 2 mm) 0 (> 20 mm)
Heat Base:  18.3  Cool Base:  18.3  Method: Integration
Benelux Weer Netwerk cwop awekas hwa wcloud pwsweather wow wow