Wind From: 23-01-2021 18:00 Until: 24-01-2021 09:59 warning for: Wind Level: Yellow info button

NOAA-Style Climate Reports

Select a Year or Month report
2021: Jan | Feb | Mar | Apr | May | Jun | Jul | Aug | Sep | Oct | Nov | Dec |
2020: Jan | Feb | Mar | Apr | May | Jun | Jul | Aug | Sep | Oct | Nov | Dec |
2019: Jan | Feb | Mar | Apr | May | Jun | Jul | Aug | Sep | Oct | Nov | Dec |
2018: Jan | Feb | Mar | Apr | May | Jun | Jul | Aug | Sep | Oct | Nov | Dec |
2017: Jan | Feb | Mar | Apr | May | Jun | Jul | Aug | Sep | Oct | Nov | Dec |
2016: Jan | Feb | Mar | Apr | May | Jun | Jul | Aug | Sep | Oct | Nov | Dec |
2015: Jan | Feb | Mar | Apr | May | Jun | Jul | Aug | Sep | Oct | Nov | Dec |
2014: Jan | Feb | Mar | Apr | May | Jun | Jul | Aug | Sep | Oct | Nov | Dec |
2013: Jan | Feb | Mar | Apr | May | Jun | Jul | Aug | Sep | Oct | Nov | Dec |
2012: Jan | Feb | Mar | Apr | May | Jun | Jul | Aug | Sep | Oct | Nov | Dec |
2011: Jan | Feb | Mar | Apr | May | Jun | Jul | Aug | Sep | Oct | Nov | Dec |
2010: Jan | Feb | Mar | Apr | May | Jun | Jul | Aug | Sep | Oct | Nov | Dec |
2009: Jan | Feb | Mar | Apr | May | Jun | Jul | Aug | Sep | Oct | Nov | Dec |
2008: Jan | Feb | Mar | Apr | May | Jun | Jul | Aug | Sep | Oct | Nov | Dec |
2007: Jan | Feb | Mar | Apr | May | Jun | Jul | Aug | Sep | Oct | Nov | Dec |
2006: Jan | Feb | Mar | Apr | May | Jun | Jul | Aug | Sep | Oct | Nov | Dec |
2005: Jan | Feb | Mar | Apr | May | Jun | Jul | Aug | Sep | Oct | Nov | Dec |
2004: Jan | Feb | Mar | Apr | May | Jun | Jul | Aug | Sep | Oct | Nov | Dec |
2003: Jan | Feb | Mar | Apr | May | Jun | Jul | Aug | Sep | Oct | Nov | Dec |

Report for 2014 May
                   MONTHLY CLIMATOLOGICAL SUMMARY for MAY. 2014

NAME: Patrick Nijs   CITY: Heist-op-den-Berg   STATE: Belgium 
ELEV:    15 m  LAT:  51° 04' 15" N  LONG:   4° 42' 13" E

                   TEMPERATURE (°C), RAIN  (mm), WIND SPEED (km/hr)

                                      HEAT  COOL        AVG
    MEAN                              DEG   DEG         WIND                 DOM
DAY TEMP  HIGH   TIME   LOW    TIME   DAYS  DAYS  RAIN  SPEED HIGH   TIME    DIR
------------------------------------------------------------------------------------
 1  12.6  18.9   13:30   7.6    6:45   5.7   0.0   0.4   0.6  19.3   15:15   WNW
 2  11.1  13.4   12:45   9.3   00:00   7.2   0.0   0.0   0.8  16.1   16:45    NW
 3   9.9  15.5   17:45   3.8    6:45   8.4   0.0   0.0   0.5  16.1   12:00   NNW
 4   9.6  16.2   16:00   1.9    6:30   8.7   0.0   0.0   0.5  12.9   12:45   WNW
 5  13.8  21.8   17:30   5.6    6:45   5.2   0.7   0.0   0.8  14.5   16:00   NNE
 6  14.8  20.7   16:15  12.2    5:00   3.7   0.2   5.4   1.8  19.3   14:45   SSE
 7  12.7  16.7   17:00   9.5    5:15   5.6   0.0   2.0   5.3  35.4   17:15     W
 8  12.0  13.7   23:45  10.7    3:45   6.3   0.0   4.4   5.0  30.6   23:15    SW
 9  13.8  16.4   16:30  11.3   00:00   4.5   0.0   0.0   7.6  40.2   17:00     W
10  11.6  14.9   19:30  10.0    9:15   6.7   0.0   8.4   4.3  37.0   21:45   SSW
11  11.3  14.3   14:00   9.3    4:45   7.0   0.0   1.4   7.9  38.6   12:30     W
12  10.2  12.6   16:45   8.5    6:45   8.1   0.0   7.6   3.7  25.7    9:45     W
13  10.3  15.5   18:30   6.9    5:15   8.0   0.0   1.4   1.8  27.4   12:15     W
14   9.6  15.7   18:00   4.2    5:45   8.8   0.0   1.6   1.8  22.5   14:45   WNW
15   9.9  16.5   17:00   3.1    6:15   8.3   0.0   3.8   0.6  14.5   19:30   ENE
16  12.7  20.8   18:00   3.9    6:15   6.0   0.4   0.4   0.5  12.9   15:30   ENE
17  15.3  22.4   16:45   7.6    6:30   3.9   0.9   0.0   0.6  16.1   17:30   ENE
18  17.0  23.9   16:30   8.3    5:45   3.0   1.7   0.0   0.6  14.5   17:15   ENE
19  19.9  26.2   16:00  11.6    6:15   1.6   3.2   0.0   1.0  17.7   12:15   SSE
20  20.5  26.2   16:15  15.2    6:45   0.6   2.8   6.4   2.3  25.7   12:15   SSE
21  17.3  21.7   20:45  13.3    5:45   1.8   0.8   2.2   0.8  24.1    0:15    NW
22  18.1  22.3   14:30  14.4    6:45   1.1   0.9   3.2   2.6  24.1    2:00   SSE
23  16.9  21.3   18:00  13.0    6:30   2.0   0.6   0.0   1.3  19.3   14:00    SE
24  15.8  18.8   19:45  13.3    9:00   2.5   0.0   0.0   2.6  25.7   15:30   SSE
25  16.4  22.2   17:00  10.2    5:45   2.8   0.9   0.0   0.6  12.9   10:45     S
26  16.1  19.8   11:45  12.4    5:00   2.4   0.2   1.0   0.2  12.9   11:45   ENE
27  14.8  16.6   11:45  13.6   00:00   3.5   0.0  10.4   1.3  17.7   15:30   WNW
28  14.0  16.7   19:00  12.4   00:00   4.3   0.0   0.0   1.3  14.5    1:45    SW
29  14.1  21.4   15:45   8.9    5:45   4.4   0.2   0.2   0.8  14.5   17:45   WNW
30  13.8  19.4   17:45   9.6    7:00   4.5   0.1   0.0   0.3  14.5   11:30   ENE
31  14.1  22.1   17:00   6.5    6:00   4.6   0.4   0.0   0.6  16.1   19:30    NW
-------------------------------------------------------------------------------------
    13.9  26.2    19     1.9     4   151.3  14.0  60.2   1.9  40.2     9       W

Max >=  32.0:  0
Max <=   0.0:  0
Min <=   0.0:  0
Min <= -18.0:  0
Max Rain: 10.39 ON 27/05/14
Days of Rain: 17 (> .2 mm) 10 (> 2 mm) 0 (> 20 mm)
Heat Base:  18.3  Cool Base:  18.3  Method: Integration
Benelux Weer Netwerk cwop awekas hwa wcloud pwsweather wow wow