-->

NOAA-Style Climate Reports

Select a Year or Month report
2021: Jan | Feb | Mar | Apr | May | Jun | Jul | Aug | Sep | Oct | Nov | Dec |
2020: Jan | Feb | Mar | Apr | May | Jun | Jul | Aug | Sep | Oct | Nov | Dec |
2019: Jan | Feb | Mar | Apr | May | Jun | Jul | Aug | Sep | Oct | Nov | Dec |
2018: Jan | Feb | Mar | Apr | May | Jun | Jul | Aug | Sep | Oct | Nov | Dec |
2017: Jan | Feb | Mar | Apr | May | Jun | Jul | Aug | Sep | Oct | Nov | Dec |
2016: Jan | Feb | Mar | Apr | May | Jun | Jul | Aug | Sep | Oct | Nov | Dec |
2015: Jan | Feb | Mar | Apr | May | Jun | Jul | Aug | Sep | Oct | Nov | Dec |
2014: Jan | Feb | Mar | Apr | May | Jun | Jul | Aug | Sep | Oct | Nov | Dec |
2013: Jan | Feb | Mar | Apr | May | Jun | Jul | Aug | Sep | Oct | Nov | Dec |
2012: Jan | Feb | Mar | Apr | May | Jun | Jul | Aug | Sep | Oct | Nov | Dec |
2011: Jan | Feb | Mar | Apr | May | Jun | Jul | Aug | Sep | Oct | Nov | Dec |
2010: Jan | Feb | Mar | Apr | May | Jun | Jul | Aug | Sep | Oct | Nov | Dec |
2009: Jan | Feb | Mar | Apr | May | Jun | Jul | Aug | Sep | Oct | Nov | Dec |
2008: Jan | Feb | Mar | Apr | May | Jun | Jul | Aug | Sep | Oct | Nov | Dec |
2007: Jan | Feb | Mar | Apr | May | Jun | Jul | Aug | Sep | Oct | Nov | Dec |
2006: Jan | Feb | Mar | Apr | May | Jun | Jul | Aug | Sep | Oct | Nov | Dec |
2005: Jan | Feb | Mar | Apr | May | Jun | Jul | Aug | Sep | Oct | Nov | Dec |
2004: Jan | Feb | Mar | Apr | May | Jun | Jul | Aug | Sep | Oct | Nov | Dec |
2003: Jan | Feb | Mar | Apr | May | Jun | Jul | Aug | Sep | Oct | Nov | Dec |

Report for 2014 June
                   MONTHLY CLIMATOLOGICAL SUMMARY for JUN. 2014

NAME: Patrick Nijs   CITY: Heist-op-den-Berg   STATE: Belgium 
ELEV:    15 m  LAT:  51° 04' 15" N  LONG:   4° 42' 13" E

                   TEMPERATURE (°C), RAIN  (mm), WIND SPEED (km/hr)

                                      HEAT  COOL        AVG
    MEAN                              DEG   DEG         WIND                 DOM
DAY TEMP  HIGH   TIME   LOW    TIME   DAYS  DAYS  RAIN  SPEED HIGH   TIME    DIR
------------------------------------------------------------------------------------
 1  14.7  20.9   17:15   8.2    6:00   4.0   0.3   0.0   0.6  14.5   15:45    NW
 2  15.8  22.7   16:30   9.2    4:15   3.5   0.9   0.0   1.0  14.5   15:30   WNW
 3  14.9  21.6   16:15   9.2    5:45   3.7   0.3   3.4   0.3  22.5   17:30    SW
 4  13.9  17.2   16:30  10.9   00:00   4.3   0.0  20.6   1.9  29.0   21:30   SSE
 5  12.9  18.6   16:45   8.1    4:30   5.4   0.0   2.2   3.7  29.0   16:45    SW
 6  17.7  26.1   18:30   7.7    5:45   3.3   2.7   0.0   0.8  14.5   16:00   ENE
 7  22.3  29.1   19:45  14.8    6:00   0.6   4.6   5.4   1.1  20.9   13:45   ENE
 8  21.3  28.4   18:00  16.6    5:00   0.5   3.5   1.0   0.3  11.3   16:45   WNW
 9  21.8  28.1   16:30  17.4   13:00   0.0   3.6   6.2   1.1  25.7   12:00    NW
10  19.8  25.2   13:45  16.0    6:15   0.4   1.9  14.0   1.6  38.6    4:00   WNW
11  18.9  23.6   15:15  14.6   00:00   1.1   1.7   0.2   1.1  16.1   18:45    NW
12  18.1  25.1   18:30   9.7    6:00   2.4   2.1   0.0   0.5  11.3   13:00   NNW
13  18.5  24.7   15:45  12.3    5:45   1.7   1.9   0.0   1.0  16.1   16:45    NW
14  16.8  21.2   17:00  13.6   00:00   1.9   0.4   0.0   1.0  17.7   14:15    NW
15  15.6  21.9   18:00  10.1    5:45   3.3   0.6   0.0   0.8  16.1   20:15    NW
16  14.2  18.5   16:15   9.3    5:30   4.1   0.0   0.0   1.0  20.9   18:30    NW
17  15.8  20.5   17:15  12.3    0:45   2.8   0.2   0.0   1.0  17.7   19:15    NW
18  15.5  21.1   16:15   9.2    6:00   3.3   0.5   0.0   0.6  17.7   11:00    NW
19  15.1  20.3   16:15  11.5    3:00   3.4   0.2   0.0   1.4  17.7   15:15    NW
20  14.8  18.7   15:30  11.7    4:00   3.5   0.0   0.0   0.8  17.7   10:30    NW
21  15.8  22.6   16:30   7.9    5:45   3.5   1.0   0.0   0.8  16.1   14:00    NW
22  17.4  23.8   18:45  11.2    6:00   2.3   1.4   0.0   0.6  14.5   13:30    NW
23  17.3  23.8   17:15   9.5    6:15   2.6   1.6   0.0   0.8  20.9   13:00   ENE
24  18.3  25.2   17:15  11.4    6:00   2.1   2.1   0.0   1.8  17.7   12:00    NW
25  16.2  21.5   18:30  10.9    6:15   2.6   0.5   0.0   0.3  16.1   15:15    NW
26  17.4  24.0   17:00  11.1    6:00   2.5   1.6   0.0   0.3  11.3   13:45    NW
27  17.2  23.2   15:00  12.9    5:45   2.2   1.1   3.2   1.6  25.7   17:00   SSE
28  15.5  20.3   14:30  12.5    5:15   2.9   0.2   0.4   0.8  16.1   16:15   SSE
29  15.1  18.2   20:00  13.1    5:45   3.3   0.0   4.6   1.8  19.3   11:30   WSW
30  15.7  21.1   17:15  11.4    6:15   2.9   0.3   0.0   2.9  19.3   13:45   WNW
-------------------------------------------------------------------------------------
    16.8  29.1     7     7.7     6    79.9  35.2  61.2   1.1  38.6    10      NW

Max >=  32.0:  0
Max <=   0.0:  0
Min <=   0.0:  0
Min <= -18.0:  0
Max Rain: 20.60 ON 04/06/14
Days of Rain: 11 (> .2 mm) 8 (> 2 mm) 1 (> 20 mm)
Heat Base:  18.3  Cool Base:  18.3  Method: Integration
Benelux Weer Netwerk cwop awekas hwa wcloud pwsweather wow wow