-->

NOAA-Style Climate Reports

Select a Year or Month report
2021: Jan | Feb | Mar | Apr | May | Jun | Jul | Aug | Sep | Oct | Nov | Dec |
2020: Jan | Feb | Mar | Apr | May | Jun | Jul | Aug | Sep | Oct | Nov | Dec |
2019: Jan | Feb | Mar | Apr | May | Jun | Jul | Aug | Sep | Oct | Nov | Dec |
2018: Jan | Feb | Mar | Apr | May | Jun | Jul | Aug | Sep | Oct | Nov | Dec |
2017: Jan | Feb | Mar | Apr | May | Jun | Jul | Aug | Sep | Oct | Nov | Dec |
2016: Jan | Feb | Mar | Apr | May | Jun | Jul | Aug | Sep | Oct | Nov | Dec |
2015: Jan | Feb | Mar | Apr | May | Jun | Jul | Aug | Sep | Oct | Nov | Dec |
2014: Jan | Feb | Mar | Apr | May | Jun | Jul | Aug | Sep | Oct | Nov | Dec |
2013: Jan | Feb | Mar | Apr | May | Jun | Jul | Aug | Sep | Oct | Nov | Dec |
2012: Jan | Feb | Mar | Apr | May | Jun | Jul | Aug | Sep | Oct | Nov | Dec |
2011: Jan | Feb | Mar | Apr | May | Jun | Jul | Aug | Sep | Oct | Nov | Dec |
2010: Jan | Feb | Mar | Apr | May | Jun | Jul | Aug | Sep | Oct | Nov | Dec |
2009: Jan | Feb | Mar | Apr | May | Jun | Jul | Aug | Sep | Oct | Nov | Dec |
2008: Jan | Feb | Mar | Apr | May | Jun | Jul | Aug | Sep | Oct | Nov | Dec |
2007: Jan | Feb | Mar | Apr | May | Jun | Jul | Aug | Sep | Oct | Nov | Dec |
2006: Jan | Feb | Mar | Apr | May | Jun | Jul | Aug | Sep | Oct | Nov | Dec |
2005: Jan | Feb | Mar | Apr | May | Jun | Jul | Aug | Sep | Oct | Nov | Dec |
2004: Jan | Feb | Mar | Apr | May | Jun | Jul | Aug | Sep | Oct | Nov | Dec |
2003: Jan | Feb | Mar | Apr | May | Jun | Jul | Aug | Sep | Oct | Nov | Dec |

Report for 2014 July
                   MONTHLY CLIMATOLOGICAL SUMMARY for JUL. 2014

NAME: Patrick Nijs   CITY: Heist-op-den-Berg   STATE: Belgium 
ELEV:    15 m  LAT:  51° 04' 15" N  LONG:   4° 42' 13" E

                   TEMPERATURE (°C), RAIN  (mm), WIND SPEED (km/hr)

                                      HEAT  COOL        AVG
    MEAN                              DEG   DEG         WIND                 DOM
DAY TEMP  HIGH   TIME   LOW    TIME   DAYS  DAYS  RAIN  SPEED HIGH   TIME    DIR
------------------------------------------------------------------------------------
 1  15.1  22.6   17:00   7.4    6:15   3.9   0.7   0.0   0.6  12.9   13:00    NW
 2  16.8  24.3   18:15   9.3    4:45   3.0   1.5   0.0   0.5  12.9   11:30   WNW
 3  20.4  27.8   16:45  10.9    5:45   1.8   3.9   0.0   1.9  20.9   13:15   WNW
 4  21.6  28.2   14:00  14.0    6:00   0.9   4.2   0.6   1.3  17.7   13:30   SSE
 5  19.5  22.4   18:45  17.8   10:00   0.0   1.3   3.4   2.1  20.9    7:45   SSW
 6  18.9  23.9   13:30  14.2   00:00   0.9   1.5   6.4   3.1  32.2   13:00   SSE
 7  17.4  23.9   16:00  11.3    6:15   2.2   1.4   0.0   0.6  12.9   11:15   SSW
 8  14.6  17.4    0:15  13.3   00:00   3.7   0.0  17.6   2.1  19.3   13:45    NW
 9  14.1  16.1   00:00  12.7   11:00   4.2   0.0  28.2   4.5  29.0   16:00    NW
10  17.8  20.3   17:00  16.1    0:15   0.9   0.4   0.2   3.2  19.3   17:45   WNW
11  17.0  18.9   16:45  15.6    6:45   1.3   0.0   1.2   1.9  12.9   18:45   WNW
12  16.6  17.6   19:00  15.8    5:15   1.7   0.0   1.6   1.1  12.9   16:45   WNW
13  17.7  21.9   15:30  15.4    7:45   1.3   0.6   8.6   1.4  19.3   18:00     W
14  18.5  22.8   17:45  14.9    2:45   1.2   1.4   0.0   2.9  19.3   14:30   WNW
15  17.0  21.1   17:30  12.4    4:30   2.0   0.7   0.0   1.1  17.7   16:00    NW
16  20.4  26.8   17:45  13.7    5:00   1.2   3.3   0.2   1.1  14.5   13:00   WNW
17  23.3  29.9   16:45  16.4    4:00   0.4   5.4   0.0   0.3  11.3   13:00   ENE
18  26.7  33.9   18:00  19.2    6:15   0.0   8.4   0.0   1.0  16.1   14:30   ENE
19  27.1  33.7   15:00  21.9    5:45   0.0   8.8   0.0   1.4  27.4   15:15    SE
20  22.4  26.1   15:45  18.9    6:00   0.0   4.2   4.8   1.0  14.5    2:30    NW
21  19.2  21.8   13:30  17.4    6:30   0.1   1.0   0.4   2.4  20.9   14:30    NW
22  22.8  29.3   17:15  18.2    5:45   0.0   4.5   0.8   0.6  14.5    1:00    NW
23  23.8  29.9   17:30  17.5    5:45   0.1   5.6   0.0   1.3  19.3   14:00   ENE
24  22.8  29.1   16:30  17.3    6:30   0.1   4.7   0.0   1.0  19.3   18:15   ENE
25  19.7  23.7   12:45  15.6    6:00   0.5   1.9   0.0   0.8  25.7   13:15   ENE
26  20.9  25.8   17:15  16.8    6:30   0.2   2.8   0.0   1.4  16.1   14:45   WNW
27  21.7  28.7   16:45  18.2    7:30   0.0   3.4   0.0   0.6  29.0   18:30   WNW
28  19.4  22.6   18:00  16.6   11:00   0.2   1.3   2.8   0.8  16.1   10:30     W
29  20.1  26.2   14:30  16.5    5:45   0.3   2.1   6.8   0.6  24.1   15:15   WNW
30  18.7  23.2   17:15  14.8   00:00   0.9   1.3   0.2   1.3  19.3   17:00    NW
31  19.2  27.2   17:45  11.8    5:30   2.0   3.0   0.0   0.6  16.1   16:15   WNW
-------------------------------------------------------------------------------------
    19.7  33.9    18     7.4     1    34.9  78.9  83.8   1.4  32.2     6      NW

Max >=  32.0:  2
Max <=   0.0:  0
Min <=   0.0:  0
Min <= -18.0:  0
Max Rain: 28.19 ON 09/07/14
Days of Rain: 16 (> .2 mm) 8 (> 2 mm) 1 (> 20 mm)
Heat Base:  18.3  Cool Base:  18.3  Method: Integration
Benelux Weer Netwerk cwop awekas hwa wcloud pwsweather wow wow