-->

NOAA-Style Climate Reports

Select a Year or Month report
2021: Jan | Feb | Mar | Apr | May | Jun | Jul | Aug | Sep | Oct | Nov | Dec |
2020: Jan | Feb | Mar | Apr | May | Jun | Jul | Aug | Sep | Oct | Nov | Dec |
2019: Jan | Feb | Mar | Apr | May | Jun | Jul | Aug | Sep | Oct | Nov | Dec |
2018: Jan | Feb | Mar | Apr | May | Jun | Jul | Aug | Sep | Oct | Nov | Dec |
2017: Jan | Feb | Mar | Apr | May | Jun | Jul | Aug | Sep | Oct | Nov | Dec |
2016: Jan | Feb | Mar | Apr | May | Jun | Jul | Aug | Sep | Oct | Nov | Dec |
2015: Jan | Feb | Mar | Apr | May | Jun | Jul | Aug | Sep | Oct | Nov | Dec |
2014: Jan | Feb | Mar | Apr | May | Jun | Jul | Aug | Sep | Oct | Nov | Dec |
2013: Jan | Feb | Mar | Apr | May | Jun | Jul | Aug | Sep | Oct | Nov | Dec |
2012: Jan | Feb | Mar | Apr | May | Jun | Jul | Aug | Sep | Oct | Nov | Dec |
2011: Jan | Feb | Mar | Apr | May | Jun | Jul | Aug | Sep | Oct | Nov | Dec |
2010: Jan | Feb | Mar | Apr | May | Jun | Jul | Aug | Sep | Oct | Nov | Dec |
2009: Jan | Feb | Mar | Apr | May | Jun | Jul | Aug | Sep | Oct | Nov | Dec |
2008: Jan | Feb | Mar | Apr | May | Jun | Jul | Aug | Sep | Oct | Nov | Dec |
2007: Jan | Feb | Mar | Apr | May | Jun | Jul | Aug | Sep | Oct | Nov | Dec |
2006: Jan | Feb | Mar | Apr | May | Jun | Jul | Aug | Sep | Oct | Nov | Dec |
2005: Jan | Feb | Mar | Apr | May | Jun | Jul | Aug | Sep | Oct | Nov | Dec |
2004: Jan | Feb | Mar | Apr | May | Jun | Jul | Aug | Sep | Oct | Nov | Dec |
2003: Jan | Feb | Mar | Apr | May | Jun | Jul | Aug | Sep | Oct | Nov | Dec |

Report for 2014 August
                   MONTHLY CLIMATOLOGICAL SUMMARY for AUG. 2014

NAME: Patrick Nijs   CITY: Heist-op-den-Berg   STATE: Belgium 
ELEV:    15 m  LAT:  51° 04' 15" N  LONG:   4° 42' 13" E

                   TEMPERATURE (°C), RAIN  (mm), WIND SPEED (km/hr)

                                      HEAT  COOL        AVG
    MEAN                              DEG   DEG         WIND                 DOM
DAY TEMP  HIGH   TIME   LOW    TIME   DAYS  DAYS  RAIN  SPEED HIGH   TIME    DIR
------------------------------------------------------------------------------------
 1  21.0  27.4   19:00  14.3    6:30   0.9   3.6   0.0   0.2   9.7   11:45     W
 2  22.3  26.2   12:30  18.2    6:00   0.0   4.0   0.0   1.6  25.7   14:45     W
 3  19.6  27.0   15:30  15.4    6:45   0.6   1.9  15.2   0.5  22.5   16:45   WNW
 4  18.4  24.2   17:00  13.6    6:30   1.3   1.5   0.0   0.8  12.9   16:30    NW
 5  19.4  25.2   18:30  13.7    6:30   1.1   2.2   0.0   0.6  17.7   16:00   WNW
 6  17.7  21.4   12:00  15.1    6:00   1.2   0.6   1.8   0.8  19.3   17:15   SSE
 7  18.2  25.7   16:45  14.2    6:30   1.5   1.3   8.4   0.6  17.7   18:15    SE
 8  18.0  20.1   16:00  16.2    6:30   0.7   0.4   6.4   0.5  12.9   13:30   NNW
 9  19.5  23.2   15:30  15.6    8:15   0.4   1.5   4.0   3.5  37.0    6:30     W
10  18.7  23.2   17:00  15.1    3:15   1.0   1.4   1.8   3.5  35.4   19:15   SSE
11  17.2  21.1   15:30  14.3    7:00   1.6   0.5   0.2   4.3  30.6   16:15    SW
12  16.1  20.6   14:15  13.7    6:15   2.5   0.3   1.0   3.2  30.6   14:45    SW
13  16.4  21.2   15:15  11.4    6:45   2.6   0.7   0.2   1.8  22.5   13:45   SSE
14  15.7  19.5   18:00  13.7   22:45   2.6   0.0   3.2   1.3  17.7   12:45   SSW
15  14.9  18.4   13:45  12.8    1:15   3.4   0.0   1.6   1.4  22.5   14:00   WSW
16  15.7  19.6   19:15  11.9    6:30   2.8   0.1   0.8   3.1  25.7   16:30   WNW
17  14.8  17.6   16:15  13.1    8:15   3.5   0.0   1.8   4.3  33.8   14:30    SW
18  14.6  17.9   17:00  12.2   23:30   3.7   0.0   1.4   4.7  29.0   14:00     W
19  13.9  17.3   15:45  11.3   00:00   4.4   0.0   0.8   3.7  25.7   12:30   WNW
20  12.3  19.1   14:30   7.8    7:00   6.0   0.0   3.0   0.6  20.9   15:30   SSE
21  13.3  19.1   18:00   7.9    5:00   5.1   0.0   0.2   1.3  20.9   16:30     W
22  13.2  17.1   18:45  10.2    4:15   5.1   0.0   2.8   1.6  24.1   12:30     W
23  13.7  17.9   17:45  10.6    6:30   4.6   0.0   2.0   2.3  20.9   16:00   WNW
24  13.1  18.4   13:45   7.6    7:15   5.2   0.0   0.4   1.3  19.3   12:00   WNW
25  13.6  18.2   13:00   9.2    7:00   4.8   0.0  13.0   0.2  11.3   22:15    SE
26  14.0  15.4    9:45  13.2    2:00   4.3   0.0  38.8   0.8  14.5   13:30   ENE
27  15.6  21.2   18:00   9.0    7:00   3.4   0.7   0.2   0.8  16.1   12:15   ENE
28  17.4  22.3   16:15  13.6    6:45   1.8   0.9   3.8   1.1  19.3   12:00   WNW
29  17.3  21.6   16:45  13.9    3:30   1.8   0.8   0.2   1.6  19.3   17:00    SW
30  16.6  19.1   15:45  14.8   23:30   1.7   0.0   5.2   2.9  24.1   16:15    SW
31  15.1  18.9   16:15  12.7   00:00   3.2   0.0   3.4   2.3  25.7   16:45    NW
-------------------------------------------------------------------------------------
    16.4  27.4     1     7.6    24    82.4  22.5 121.6   1.8  37.0     9     WNW

Max >=  32.0:  0
Max <=   0.0:  0
Min <=   0.0:  0
Min <= -18.0:  0
Max Rain: 38.81 ON 26/08/14
Days of Rain: 27 (> .2 mm) 13 (> 2 mm) 1 (> 20 mm)
Heat Base:  18.3  Cool Base:  18.3  Method: Integration
Benelux Weer Netwerk cwop awekas hwa wcloud pwsweather wow wow