NOAA-Style Climate Reports

Select a Year or Month report
2021: Jan | Feb | Mar | Apr | May | Jun | Jul | Aug | Sep | Oct | Nov | Dec |
2020: Jan | Feb | Mar | Apr | May | Jun | Jul | Aug | Sep | Oct | Nov | Dec |
2019: Jan | Feb | Mar | Apr | May | Jun | Jul | Aug | Sep | Oct | Nov | Dec |
2018: Jan | Feb | Mar | Apr | May | Jun | Jul | Aug | Sep | Oct | Nov | Dec |
2017: Jan | Feb | Mar | Apr | May | Jun | Jul | Aug | Sep | Oct | Nov | Dec |
2016: Jan | Feb | Mar | Apr | May | Jun | Jul | Aug | Sep | Oct | Nov | Dec |
2015: Jan | Feb | Mar | Apr | May | Jun | Jul | Aug | Sep | Oct | Nov | Dec |
2014: Jan | Feb | Mar | Apr | May | Jun | Jul | Aug | Sep | Oct | Nov | Dec |
2013: Jan | Feb | Mar | Apr | May | Jun | Jul | Aug | Sep | Oct | Nov | Dec |
2012: Jan | Feb | Mar | Apr | May | Jun | Jul | Aug | Sep | Oct | Nov | Dec |
2011: Jan | Feb | Mar | Apr | May | Jun | Jul | Aug | Sep | Oct | Nov | Dec |
2010: Jan | Feb | Mar | Apr | May | Jun | Jul | Aug | Sep | Oct | Nov | Dec |
2009: Jan | Feb | Mar | Apr | May | Jun | Jul | Aug | Sep | Oct | Nov | Dec |
2008: Jan | Feb | Mar | Apr | May | Jun | Jul | Aug | Sep | Oct | Nov | Dec |
2007: Jan | Feb | Mar | Apr | May | Jun | Jul | Aug | Sep | Oct | Nov | Dec |
2006: Jan | Feb | Mar | Apr | May | Jun | Jul | Aug | Sep | Oct | Nov | Dec |
2005: Jan | Feb | Mar | Apr | May | Jun | Jul | Aug | Sep | Oct | Nov | Dec |
2004: Jan | Feb | Mar | Apr | May | Jun | Jul | Aug | Sep | Oct | Nov | Dec |
2003: Jan | Feb | Mar | Apr | May | Jun | Jul | Aug | Sep | Oct | Nov | Dec |

Report for 2014 September
                   MONTHLY CLIMATOLOGICAL SUMMARY for SEP. 2014

NAME: Patrick Nijs   CITY: Heist-op-den-Berg   STATE: Belgium 
ELEV:    15 m  LAT:  51° 04' 15" N  LONG:   4° 42' 13" E

                   TEMPERATURE (°C), RAIN  (mm), WIND SPEED (km/hr)

                                      HEAT  COOL        AVG
    MEAN                              DEG   DEG         WIND                 DOM
DAY TEMP  HIGH   TIME   LOW    TIME   DAYS  DAYS  RAIN  SPEED HIGH   TIME    DIR
------------------------------------------------------------------------------------
 1  15.8  21.6   18:15  10.2    7:30   3.1   0.6   0.2   0.2   9.7   10:00   WNW
 2  18.3  23.4   17:15  15.1    5:30   1.3   1.3   0.0   0.2  16.1   17:15   NNE
 3  17.6  22.7   16:15  13.5    5:15   1.8   1.0   0.2   1.9  24.1   11:30   ENE
 4  18.2  22.5   14:00  13.1    6:00   1.6   1.5   0.0   0.8  16.1   13:15   ENE
 5  20.3  25.4   17:30  17.4    7:15   0.1   2.1   0.0   0.2   8.0   12:45   SSW
 6  18.2  19.9   15:30  15.4   00:00   0.5   0.4   0.0   0.6  11.3   14:15     W
 7  17.1  23.1   17:45  12.2    8:00   2.4   1.2   0.0   0.2   9.7   16:30     W
 8  16.2  22.5   16:15  11.4    7:15   2.9   0.8   0.0   0.3  12.9   17:00     W
 9  14.4  20.2   17:15   9.6    6:45   4.1   0.2   0.2   0.2   9.7   13:15   NNW
10  14.9  19.6   16:00  11.8    2:15   3.5   0.0   0.0   0.2  14.5   16:45   ENE
11  15.1  21.9   18:00   9.8    5:15   3.8   0.5   0.0   0.2  11.3   15:00    NW
12  15.7  23.4   16:15   8.6    7:15   3.8   1.2   0.2   0.3  16.1   17:15    NW
13  16.4  22.1   17:15  12.0    5:45   2.7   0.8   0.0   0.3  16.1   16:45   ENE
14  16.2  21.4   17:00  12.8    3:30   2.7   0.5   0.0   0.5  19.3   13:45   ENE
15  17.3  23.4   15:45  12.2    6:15   2.4   1.4   0.2   0.5  16.1   12:45   ENE
16  18.1  24.4   17:15  11.9    7:30   2.1   1.9   0.0   0.2  11.3   12:45     E
17  18.8  26.7   16:45  12.1    7:45   2.1   2.6   0.0   0.5  14.5   17:00   ENE
18  19.1  24.2   14:00  15.3    4:45   0.8   1.6   0.4   0.2  17.7   13:45     E
19  20.0  26.3   16:15  14.9    8:00   0.9   2.6   0.0   0.5  12.9   15:15    NW
20  18.9  23.6   17:00  15.3    7:30   0.8   1.4   0.2   0.8  14.5   14:15    NW
21  16.1  19.7   16:00  12.3   23:30   2.3   0.0   5.0   0.6  17.7   15:30    NW
22  13.6  17.8   15:30   8.9   00:00   4.7   0.0   0.0   1.6  30.6   12:15    NW
23  12.7  18.9   14:30   8.5    1:00   5.6   0.0   0.0   0.2   9.7   13:45     S
24  12.6  16.1   17:00  10.3    3:00   5.8   0.0   1.2   1.3  20.9   12:30     S
25  13.7  18.0   15:45  10.0    8:00   4.6   0.0   0.2   2.3  24.1   14:15   WNW
26  14.8  17.6   16:15  11.6    4:45   3.5   0.0   1.4   1.0  16.1   14:30    SW
27  16.7  21.3   17:00  13.6   00:00   2.0   0.4   0.0   0.2  12.9   16:00   WSW
28  16.4  22.9   17:00  11.1    8:15   2.9   1.1   0.2   0.3  12.9   13:45   ENE
29  16.2  18.4   18:00  13.5    5:45   2.1   0.0   0.4   0.5  12.9   13:00   SSE
30  17.4  21.5   18:00  15.1    9:15   1.5   0.6   0.2   1.0  14.5   14:30   SSW
-------------------------------------------------------------------------------------
    16.6  26.7    17     8.5    23    78.5  26.1  10.2   0.6  30.6    22     ENE

Max >=  32.0:  0
Max <=   0.0:  0
Min <=   0.0:  0
Min <= -18.0:  0
Max Rain: 5.00 ON 21/09/14
Days of Rain: 14 (> .2 mm) 1 (> 2 mm) 0 (> 20 mm)
Heat Base:  18.3  Cool Base:  18.3  Method: Integration
Benelux Weer Netwerk cwop awekas hwa wcloud pwsweather wow wow