NOAA-Style Climate Reports

Select a Year or Month report
2021: Jan | Feb | Mar | Apr | May | Jun | Jul | Aug | Sep | Oct | Nov | Dec |
2020: Jan | Feb | Mar | Apr | May | Jun | Jul | Aug | Sep | Oct | Nov | Dec |
2019: Jan | Feb | Mar | Apr | May | Jun | Jul | Aug | Sep | Oct | Nov | Dec |
2018: Jan | Feb | Mar | Apr | May | Jun | Jul | Aug | Sep | Oct | Nov | Dec |
2017: Jan | Feb | Mar | Apr | May | Jun | Jul | Aug | Sep | Oct | Nov | Dec |
2016: Jan | Feb | Mar | Apr | May | Jun | Jul | Aug | Sep | Oct | Nov | Dec |
2015: Jan | Feb | Mar | Apr | May | Jun | Jul | Aug | Sep | Oct | Nov | Dec |
2014: Jan | Feb | Mar | Apr | May | Jun | Jul | Aug | Sep | Oct | Nov | Dec |
2013: Jan | Feb | Mar | Apr | May | Jun | Jul | Aug | Sep | Oct | Nov | Dec |
2012: Jan | Feb | Mar | Apr | May | Jun | Jul | Aug | Sep | Oct | Nov | Dec |
2011: Jan | Feb | Mar | Apr | May | Jun | Jul | Aug | Sep | Oct | Nov | Dec |
2010: Jan | Feb | Mar | Apr | May | Jun | Jul | Aug | Sep | Oct | Nov | Dec |
2009: Jan | Feb | Mar | Apr | May | Jun | Jul | Aug | Sep | Oct | Nov | Dec |
2008: Jan | Feb | Mar | Apr | May | Jun | Jul | Aug | Sep | Oct | Nov | Dec |
2007: Jan | Feb | Mar | Apr | May | Jun | Jul | Aug | Sep | Oct | Nov | Dec |
2006: Jan | Feb | Mar | Apr | May | Jun | Jul | Aug | Sep | Oct | Nov | Dec |
2005: Jan | Feb | Mar | Apr | May | Jun | Jul | Aug | Sep | Oct | Nov | Dec |
2004: Jan | Feb | Mar | Apr | May | Jun | Jul | Aug | Sep | Oct | Nov | Dec |
2003: Jan | Feb | Mar | Apr | May | Jun | Jul | Aug | Sep | Oct | Nov | Dec |

Report for 2014 November
                   MONTHLY CLIMATOLOGICAL SUMMARY for NOV. 2014

NAME: Patrick Nijs   CITY: Heist-op-den-Berg   STATE: Belgium 
ELEV:    15 m  LAT:  51° 04' 15" N  LONG:   4° 42' 13" E

                   TEMPERATURE (°C), RAIN  (mm), WIND SPEED (km/hr)

                                      HEAT  COOL        AVG
    MEAN                              DEG   DEG         WIND                 DOM
DAY TEMP  HIGH   TIME   LOW    TIME   DAYS  DAYS  RAIN  SPEED HIGH   TIME    DIR
------------------------------------------------------------------------------------
 1  15.0  20.7   14:45  11.7    2:00   3.6   0.3   0.0   0.6  12.9   10:00   SSE
 2  15.0  18.2   13:45  12.1    8:15   3.3   0.0   5.0   2.7  27.4   22:30   SSE
 3  12.7  15.6   14:00   9.4   00:00   5.6   0.0  16.4   4.3  37.0   16:30   SSE
 4   8.9  10.3   13:15   6.8   00:00   9.3   0.0   0.8   0.2  11.3    9:00   SSW
 5   7.3  11.4   14:45   5.1    7:15  11.0   0.0   0.2   0.2  11.3   13:15     S
 6   7.2  10.3   16:15   5.5   00:00  11.1   0.0   0.2   0.6  12.9   23:30   SSW
 7   8.3  11.1   15:45   4.9    2:15  10.0   0.0   0.8   3.5  25.7   11:45    SE
 8  10.4  13.6   14:15   8.0    8:00   7.8   0.0   0.2   2.9  20.9    1:15   SSE
 9   9.9  13.6   13:15   7.2    8:15   8.3   0.0   0.4   0.6  16.1   12:00    SE
10   9.6  12.9   13:00   6.2   00:00   8.7   0.0   0.2   1.0  17.7   11:15   SSE
11   9.1  14.5   15:30   4.9    3:15   9.3   0.0   0.2   0.5  22.5   12:45   ENE
12  10.4  13.7   15:00   6.2   00:00   7.8   0.0   0.8   0.5  14.5   13:00    SE
13   8.2  13.4   13:45   3.8    8:15  10.1   0.0   0.2   0.5  14.5   12:15    SE
14   9.2  12.2   14:30   6.2    0:15   9.1   0.0   4.2   0.6  19.3   10:45    SE
15   9.4  10.3   14:45   7.4   23:45   8.9   0.0   8.6   0.6  17.7   12:15    SE
16   8.4   9.8   16:00   7.4    0:15   9.9   0.0   1.6   0.0   1.6    0:15    SW
17   9.2  11.7   13:30   7.5    4:30   9.1   0.0   0.0   0.8  17.7   11:30     E
18   8.0   9.3   15:30   6.1    4:30  10.3   0.0   0.4   0.2  11.3   11:15     E
19   8.2   9.8   14:15   5.4   00:00  10.1   0.0   0.2   0.0   8.0   16:00     E
20   5.9   9.1   15:00   4.6    3:00  12.4   0.0   0.0   0.6  17.7   18:00   ENE
21   5.1   8.3   15:00   1.9    8:15  13.2   0.0   0.2   0.3  11.3   13:15   ENE
22   9.1  14.8   15:15   4.8    7:00   9.2   0.0   0.0   0.8  12.9   12:00   ENE
23  11.6  15.9   14:15   8.2    7:45   6.7   0.0   0.2   1.1  20.9   23:00    SE
24   7.4  11.3   14:30   1.7   23:15  10.8   0.0   0.6   0.5  12.9    0:30    NW
25   4.7   8.2   15:15   0.6    2:15  13.6   0.0   0.0   2.1  25.7   12:30   ENE
26   6.3   8.1   00:00   4.7    4:45  12.0   0.0   0.2   0.5  12.9    3:00   ENE
27   8.9  10.5   13:30   8.1    0:15   9.4   0.0   0.8   0.3  14.5   12:00     E
28   7.5  10.1   14:45   4.7   00:00  10.8   0.0   0.0   2.1  19.3   17:15   ENE
29   4.3   7.8   14:15   2.5   21:45  14.0   0.0   0.0   1.1  16.1   12:45   ENE
30   2.8   3.2    0:45   2.3   18:00  15.5   0.0   3.0   0.2   9.7    7:00     E
-------------------------------------------------------------------------------------
     8.6  20.7     1     0.6    25   291.1   0.3  45.4   1.0  37.0     3     ENE

Max >=  32.0:  0
Max <=   0.0:  0
Min <=   0.0:  0
Min <= -18.0:  0
Max Rain: 16.41 ON 03/11/14
Days of Rain: 23 (> .2 mm) 5 (> 2 mm) 0 (> 20 mm)
Heat Base:  18.3  Cool Base:  18.3  Method: Integration
Benelux Weer Netwerk cwop awekas hwa wcloud pwsweather wow wow