-->

NOAA-Style Climate Reports

Select a Year or Month report
2021: Jan | Feb | Mar | Apr | May | Jun | Jul | Aug | Sep | Oct | Nov | Dec |
2020: Jan | Feb | Mar | Apr | May | Jun | Jul | Aug | Sep | Oct | Nov | Dec |
2019: Jan | Feb | Mar | Apr | May | Jun | Jul | Aug | Sep | Oct | Nov | Dec |
2018: Jan | Feb | Mar | Apr | May | Jun | Jul | Aug | Sep | Oct | Nov | Dec |
2017: Jan | Feb | Mar | Apr | May | Jun | Jul | Aug | Sep | Oct | Nov | Dec |
2016: Jan | Feb | Mar | Apr | May | Jun | Jul | Aug | Sep | Oct | Nov | Dec |
2015: Jan | Feb | Mar | Apr | May | Jun | Jul | Aug | Sep | Oct | Nov | Dec |
2014: Jan | Feb | Mar | Apr | May | Jun | Jul | Aug | Sep | Oct | Nov | Dec |
2013: Jan | Feb | Mar | Apr | May | Jun | Jul | Aug | Sep | Oct | Nov | Dec |
2012: Jan | Feb | Mar | Apr | May | Jun | Jul | Aug | Sep | Oct | Nov | Dec |
2011: Jan | Feb | Mar | Apr | May | Jun | Jul | Aug | Sep | Oct | Nov | Dec |
2010: Jan | Feb | Mar | Apr | May | Jun | Jul | Aug | Sep | Oct | Nov | Dec |
2009: Jan | Feb | Mar | Apr | May | Jun | Jul | Aug | Sep | Oct | Nov | Dec |
2008: Jan | Feb | Mar | Apr | May | Jun | Jul | Aug | Sep | Oct | Nov | Dec |
2007: Jan | Feb | Mar | Apr | May | Jun | Jul | Aug | Sep | Oct | Nov | Dec |
2006: Jan | Feb | Mar | Apr | May | Jun | Jul | Aug | Sep | Oct | Nov | Dec |
2005: Jan | Feb | Mar | Apr | May | Jun | Jul | Aug | Sep | Oct | Nov | Dec |
2004: Jan | Feb | Mar | Apr | May | Jun | Jul | Aug | Sep | Oct | Nov | Dec |
2003: Jan | Feb | Mar | Apr | May | Jun | Jul | Aug | Sep | Oct | Nov | Dec |

Report for 2014 December
                   MONTHLY CLIMATOLOGICAL SUMMARY for DEC. 2014

NAME: Patrick Nijs   CITY: Heist-op-den-Berg   STATE: Belgium 
ELEV:    15 m  LAT:  51° 04' 15" N  LONG:   4° 42' 13" E

                   TEMPERATURE (°C), RAIN  (mm), WIND SPEED (km/hr)

                                      HEAT  COOL        AVG
    MEAN                              DEG   DEG         WIND                 DOM
DAY TEMP  HIGH   TIME   LOW    TIME   DAYS  DAYS  RAIN  SPEED HIGH   TIME    DIR
------------------------------------------------------------------------------------
 1   2.7   3.1    1:15   2.3   00:00  15.6   0.0   0.0   0.3  14.5    4:45   ENE
 2   1.7   2.3    0:15   1.1   00:00  16.7   0.0   0.2   0.0  14.5    2:00   ENE
 3  -0.1   1.3    3:15  -1.4   23:30  18.4   0.0   0.0   0.8  16.1   11:15   ENE
 4   0.4   2.1   23:45  -1.4    0:15  17.9   0.0   0.0   0.2  12.9    3:15   ENE
 5   3.9   5.4   14:30   2.1    0:15  14.4   0.0   1.8   0.8  16.1   16:30   ENE
 6   4.9   9.3   14:15  -0.1   23:30  13.3   0.0   0.4   0.6  11.3   12:15     W
 7   2.7   5.4   21:15  -0.5    1:00  15.6   0.0   3.6   2.3  24.1   16:45     W
 8   2.6   4.6   13:30   0.3    8:15  15.7   0.0   1.6   1.3  19.3   23:15    SW
 9   3.9   6.7   14:15   0.2    8:45  14.4   0.0   2.8   1.3  19.3   23:45     W
10   6.4   9.4   14:00   4.4    0:15  11.9   0.0   3.6   5.0  29.0   15:00    SW
11   6.2   8.3   14:15   3.7   14:45  12.1   0.0   5.4   6.1  37.0   14:30   WSW
12   8.6  10.0   13:15   5.3   00:00   9.6   0.0   9.0   7.7  40.2    6:30    SW
13   4.4   5.6   14:00   2.3   20:00  12.9   0.0   0.0   0.2  11.3   11:45   WNW
14   2.3   6.3   15:00  -0.1    6:00  16.0   0.0   0.0   1.0  16.1   12:45   SSE
15   5.1   6.6   13:45   2.2    0:15  13.3   0.0   1.2   3.1  27.4    6:15   SSW
16   5.9   7.9   13:15   2.8   23:30  12.4   0.0   0.2   2.6  19.3   13:45     W
17   7.6  10.7   22:45   2.8    0:15  10.7   0.0   4.6   3.2  22.5   10:45     W
18  11.7  12.7   15:45  10.4    0:45   6.6   0.0   1.8   6.1  38.6   22:00     W
19   9.1  11.8    0:15   5.7   00:00   9.2   0.0  13.0   6.3  30.6    4:30     W
20   6.8   8.7   14:30   4.7    4:00  11.5   0.0   0.0   7.6  38.6   15:30   WNW
21   6.3   8.6   00:00   3.7    7:00  12.0   0.0   1.4   4.3  30.6   23:00   WSW
22  10.6  12.8   17:45   8.4    0:30   7.8   0.0   0.0   9.5  40.2   11:00   WSW
23  10.9  11.9    0:15   9.8   00:00   7.3   0.0   0.6   6.9  32.2    0:15     W
24   8.6  10.0   10:30   5.0   00:00   9.8   0.0   2.6   6.1  32.2    5:00   WSW
25   5.1   7.3   13:30   3.3   00:00  13.2   0.0   2.2   4.0  32.2   14:00     W
26   3.3   4.9   14:30   1.6    9:15  15.0   0.0   0.2   1.0  20.9   00:00   WNW
27   1.2   3.8    0:30  -1.7   00:00  17.1   0.0  21.8   1.8  35.4    2:45   SSE
28  -2.9  -0.6   14:45  -4.6   20:45  21.3   0.0   1.0   0.3  14.5    6:15   ENE
29   1.4   5.3   14:00  -3.8    0:15  16.8   0.0   3.2   1.8  19.3    4:15   WNW
30   3.3   5.6   14:00   0.3    0:15  15.0   0.0   0.6   2.1  14.5   13:15   WNW
31   3.0   6.8   14:30   0.4   00:00  15.3   0.0   0.0   0.6  14.5   13:45     W
-------------------------------------------------------------------------------------
     4.8  12.8    22    -4.6    28   418.8   0.0  82.8   3.1  40.2    12       W

Max >=  32.0:  0
Max <=   0.0:  1
Min <=   0.0:  8
Min <= -18.0:  0
Max Rain: 21.79 ON 27/12/14
Days of Rain: 23 (> .2 mm) 11 (> 2 mm) 1 (> 20 mm)
Heat Base:  18.3  Cool Base:  18.3  Method: Integration
Benelux Weer Netwerk cwop awekas hwa wcloud pwsweather wow wow