Thunderstorms From: 14-05-2021 10:59 Until: 22:59 warning for: Thunderstorms Level: Yellow info button

NOAA-Style Climate Reports

Select a Year or Month report
2021: Jan | Feb | Mar | Apr | May | Jun | Jul | Aug | Sep | Oct | Nov | Dec |
2020: Jan | Feb | Mar | Apr | May | Jun | Jul | Aug | Sep | Oct | Nov | Dec |
2019: Jan | Feb | Mar | Apr | May | Jun | Jul | Aug | Sep | Oct | Nov | Dec |
2018: Jan | Feb | Mar | Apr | May | Jun | Jul | Aug | Sep | Oct | Nov | Dec |
2017: Jan | Feb | Mar | Apr | May | Jun | Jul | Aug | Sep | Oct | Nov | Dec |
2016: Jan | Feb | Mar | Apr | May | Jun | Jul | Aug | Sep | Oct | Nov | Dec |
2015: Jan | Feb | Mar | Apr | May | Jun | Jul | Aug | Sep | Oct | Nov | Dec |
2014: Jan | Feb | Mar | Apr | May | Jun | Jul | Aug | Sep | Oct | Nov | Dec |
2013: Jan | Feb | Mar | Apr | May | Jun | Jul | Aug | Sep | Oct | Nov | Dec |
2012: Jan | Feb | Mar | Apr | May | Jun | Jul | Aug | Sep | Oct | Nov | Dec |
2011: Jan | Feb | Mar | Apr | May | Jun | Jul | Aug | Sep | Oct | Nov | Dec |
2010: Jan | Feb | Mar | Apr | May | Jun | Jul | Aug | Sep | Oct | Nov | Dec |
2009: Jan | Feb | Mar | Apr | May | Jun | Jul | Aug | Sep | Oct | Nov | Dec |
2008: Jan | Feb | Mar | Apr | May | Jun | Jul | Aug | Sep | Oct | Nov | Dec |
2007: Jan | Feb | Mar | Apr | May | Jun | Jul | Aug | Sep | Oct | Nov | Dec |
2006: Jan | Feb | Mar | Apr | May | Jun | Jul | Aug | Sep | Oct | Nov | Dec |
2005: Jan | Feb | Mar | Apr | May | Jun | Jul | Aug | Sep | Oct | Nov | Dec |
2004: Jan | Feb | Mar | Apr | May | Jun | Jul | Aug | Sep | Oct | Nov | Dec |
2003: Jan | Feb | Mar | Apr | May | Jun | Jul | Aug | Sep | Oct | Nov | Dec |

Report for 2015 January
                   MONTHLY CLIMATOLOGICAL SUMMARY for JAN. 2015

NAME: Patrick Nijs   CITY: Heist-op-den-Berg   STATE: Belgium 
ELEV:    15 m  LAT:  51° 04' 15" N  LONG:   4° 42' 13" E

                   TEMPERATURE (°C), RAIN  (mm), WIND SPEED (km/hr)

                                      HEAT  COOL        AVG
    MEAN                              DEG   DEG         WIND                 DOM
DAY TEMP  HIGH   TIME   LOW    TIME   DAYS  DAYS  RAIN  SPEED HIGH   TIME    DIR
------------------------------------------------------------------------------------
 1   2.1   5.6   14:15  -1.3    6:30  16.2   0.0   0.2   2.6  27.4   21:30   SSE
 2   6.2   9.1   12:45   3.4   23:45  12.1   0.0   3.4   5.8  30.6   14:15   WNW
 3   2.9   4.6    8:15   1.4   12:15  15.4   0.0   9.8   1.1  19.3    8:15   SSE
 4   3.2   6.7   14:15  -0.5   00:00  15.1   0.0   0.2   1.8  16.1   12:30     W
 5   0.9   4.4   15:45  -1.6    5:30  17.4   0.0   0.2   0.2   9.7    9:15     S
 6   0.4   4.3   00:00  -2.4    8:45  17.9   0.0   0.4   1.1  16.1   20:45     S
 7   4.1   6.9   14:15   1.8    9:15  14.2   0.0   0.2   2.3  22.5   13:15   SSW
 8   6.4   9.2   14:45   3.8    0:15  11.9   0.0  25.6   4.8  27.4   15:30   SSW
 9   9.7  13.9   23:30   5.5    0:15   8.6   0.0   6.4   8.9  41.8   23:00     W
10  10.7  13.8    0:15   4.4   00:00   7.6   0.0   2.2  11.3  46.7    8:30     W
11   5.4   7.2   14:45   3.6    4:15  12.9   0.0   0.4   7.2  37.0   14:45   WNW
12   8.4  10.5   00:00   6.1    5:15   9.9   0.0   0.6   8.4  40.2   14:30    SW
13   9.0  11.1    4:15   5.6   00:00   9.3   0.0   7.8   6.8  37.0    6:00    SW
14   4.2   6.1   00:00   2.7   10:45  14.1   0.0   7.4   4.7  37.0    5:30     W
15   8.5  10.2   13:15   6.1    0:15   9.8   0.0   4.2   7.9  41.8   11:15     S
16   5.8   8.7   14:00   3.7   00:00  12.5   0.0   2.4   1.4  20.9    0:30   SSW
17   2.5   5.3   14:00  -0.4    8:30  15.8   0.0   0.2   1.3  17.7   14:45     W
18   3.4   5.7   13:30   1.7    9:45  14.9   0.0   4.6   2.1  22.5    1:45     S
19   1.0   1.9    0:15   0.2    7:45  17.3   0.0   5.4   0.0   6.4   17:30    SW
20   0.6   2.8   15:45  -1.3   23:45  17.8   0.0   0.0   0.0   8.0   12:45    SW
21  -0.4   2.6   14:45  -2.1   00:00  18.7   0.0   0.2   0.3  12.9   10:15     E
22  -1.2  -0.2   00:00  -2.3    5:45  19.5   0.0   0.0   0.2  11.3   15:45     E
23  -1.6  -0.1    0:45  -3.0    7:00  19.9   0.0   0.0   0.5  14.5   23:15   NNE
24   1.8   5.8   15:00  -0.8    3:45  16.5   0.0   9.6   2.3  22.5   14:45   WNW
25   2.5   4.6   16:00  -0.7    5:15  15.8   0.0   1.2   0.6  12.9   13:45   WNW
26   5.8   8.5   14:30   3.9    6:15  12.5   0.0   2.0   3.1  22.5   19:45    NW
27   4.1   6.9   16:15   2.3   22:15  14.3   0.0   0.6   2.7  19.3   15:45   WNW
28   4.9   7.3   16:45   2.3   00:00  13.4   0.0   5.0   4.8  48.3   17:00   SSW
29   3.2   5.7   15:45   0.7   23:15  15.1   0.0   1.2   5.1  40.2   12:15    SW
30   1.7   4.2   14:15   0.4    2:15  16.7   0.0   0.6   2.3  27.4    0:45    SW
31   1.9   5.3   14:30  -0.1    9:00  16.4   0.0   0.4   1.0  14.5   14:00   WSW
-------------------------------------------------------------------------------------
     3.8  13.9     9    -3.0    23   449.4   0.0 102.5   3.3  48.3    28      SW

Max >=  32.0:  0
Max <=   0.0:  2
Min <=   0.0: 12
Min <= -18.0:  0
Max Rain: 25.60 ON 08/01/15
Days of Rain: 28 (> .2 mm) 14 (> 2 mm) 1 (> 20 mm)
Heat Base:  18.3  Cool Base:  18.3  Method: Integration
Benelux Weer Netwerk cwop awekas hwa wcloud pwsweather wow wow