NOAA-Style Climate Reports

Select a Year or Month report
2021: Jan | Feb | Mar | Apr | May | Jun | Jul | Aug | Sep | Oct | Nov | Dec |
2020: Jan | Feb | Mar | Apr | May | Jun | Jul | Aug | Sep | Oct | Nov | Dec |
2019: Jan | Feb | Mar | Apr | May | Jun | Jul | Aug | Sep | Oct | Nov | Dec |
2018: Jan | Feb | Mar | Apr | May | Jun | Jul | Aug | Sep | Oct | Nov | Dec |
2017: Jan | Feb | Mar | Apr | May | Jun | Jul | Aug | Sep | Oct | Nov | Dec |
2016: Jan | Feb | Mar | Apr | May | Jun | Jul | Aug | Sep | Oct | Nov | Dec |
2015: Jan | Feb | Mar | Apr | May | Jun | Jul | Aug | Sep | Oct | Nov | Dec |
2014: Jan | Feb | Mar | Apr | May | Jun | Jul | Aug | Sep | Oct | Nov | Dec |
2013: Jan | Feb | Mar | Apr | May | Jun | Jul | Aug | Sep | Oct | Nov | Dec |
2012: Jan | Feb | Mar | Apr | May | Jun | Jul | Aug | Sep | Oct | Nov | Dec |
2011: Jan | Feb | Mar | Apr | May | Jun | Jul | Aug | Sep | Oct | Nov | Dec |
2010: Jan | Feb | Mar | Apr | May | Jun | Jul | Aug | Sep | Oct | Nov | Dec |
2009: Jan | Feb | Mar | Apr | May | Jun | Jul | Aug | Sep | Oct | Nov | Dec |
2008: Jan | Feb | Mar | Apr | May | Jun | Jul | Aug | Sep | Oct | Nov | Dec |
2007: Jan | Feb | Mar | Apr | May | Jun | Jul | Aug | Sep | Oct | Nov | Dec |
2006: Jan | Feb | Mar | Apr | May | Jun | Jul | Aug | Sep | Oct | Nov | Dec |
2005: Jan | Feb | Mar | Apr | May | Jun | Jul | Aug | Sep | Oct | Nov | Dec |
2004: Jan | Feb | Mar | Apr | May | Jun | Jul | Aug | Sep | Oct | Nov | Dec |
2003: Jan | Feb | Mar | Apr | May | Jun | Jul | Aug | Sep | Oct | Nov | Dec |

Report for 2015 February
                   MONTHLY CLIMATOLOGICAL SUMMARY for FEB. 2015

NAME: Patrick Nijs   CITY: Heist-op-den-Berg   STATE: Belgium 
ELEV:    15 m  LAT:  51° 04' 15" N  LONG:   4° 42' 13" E

                   TEMPERATURE (°C), RAIN  (mm), WIND SPEED (km/hr)

                                      HEAT  COOL        AVG
    MEAN                              DEG   DEG         WIND                 DOM
DAY TEMP  HIGH   TIME   LOW    TIME   DAYS  DAYS  RAIN  SPEED HIGH   TIME    DIR
------------------------------------------------------------------------------------
 1   2.2   4.4   15:00  -0.2    0:45  16.1   0.0   3.8   2.4  17.7    6:15    NW
 2   1.7   3.7   13:45   0.6    8:45  16.7   0.0   1.8   3.5  25.7   14:30   WNW
 3   0.7   4.1   16:30  -0.9    6:00  17.6   0.0   0.6   0.2   8.0   13:15     W
 4   0.7   5.3   13:30  -2.9    8:30  17.6   0.0   0.2   0.6  12.9   13:00    NW
 5  -1.1   1.3   14:30  -3.0    5:30  19.4   0.0   0.4   1.0  20.9   14:45     E
 6  -0.3   2.8   15:30  -2.2    6:15  18.6   0.0   0.0   2.9  35.4   14:00     E
 7   1.3   5.9   13:30  -3.3    8:00  17.0   0.0   0.0   0.6  16.1   14:15   ENE
 8   4.4   7.7   14:30   2.0   22:30  13.9   0.0   0.0   1.4  19.3    9:30    NW
 9   4.0   6.1   14:00   2.1    4:00  14.3   0.0   0.0   3.1  16.1   12:00   WNW
10   5.3   6.6   14:15   4.2    6:30  13.0   0.0   0.4   0.3  12.9   23:30   WNW
11   3.4   5.6    0:15  -1.4   00:00  14.9   0.0   0.0   0.5  12.9    0:30     E
12   1.1   7.9   16:00  -3.2    6:15  17.3   0.0   0.2   0.2   9.7   14:30   ESE
13   4.5  11.4   15:45  -2.1    4:15  13.8   0.0   0.2   2.7  27.4   14:15    SE
14   7.7  10.3   16:00   5.2   00:00  10.6   0.0   1.0   1.9  19.3   10:45    SE
15   5.8  11.1   16:15   0.5   00:00  12.5   0.0   0.2   0.5  12.9   15:00   ENE
16   2.4   7.7   15:30  -2.3    8:00  15.9   0.0   0.0   0.8  12.9   12:45   SSE
17   4.4   8.8   15:30  -0.7   00:00  13.9   0.0   0.2   0.8  16.1   16:30    SW
18  -0.2   3.2   17:30  -2.4    5:45  18.5   0.0   0.2   0.3   9.7   11:30   SSE
19   2.1   5.8   13:00  -3.2    6:00  16.3   0.0   0.2   2.3  29.0   16:15   SSE
20   5.6   6.8   13:30   3.8    0:15  12.7   0.0  10.4   4.0  25.7    6:00   SSW
21   3.6   6.6   13:15   1.8   00:00  14.7   0.0   8.0   2.1  22.5    2:30     W
22   2.7   6.7   15:15  -0.6    8:00  15.6   0.0   1.0   2.7  37.0   23:45   SSE
23   5.4  10.4   14:30   2.8    1:00  12.9   0.0   7.8   4.8  33.8   15:30   SSW
24   5.1   8.4   16:45   2.9   00:00  13.2   0.0   4.0   4.0  29.0   19:45    SW
25   3.9   6.4   11:45   0.9    5:45  14.3   0.0   1.8   0.8  17.7   12:30   SSW
26   6.8   9.8   14:30   3.6    0:15  11.5   0.0   4.0   2.7  24.1   23:00   SSE
27   5.0   8.4   15:15  -0.3   00:00  13.3   0.0   0.2   3.5  25.7   12:45    NW
28   4.3   9.9   16:00  -1.2    3:30  14.0   0.0   0.2   4.0  33.8   15:15   SSE
-------------------------------------------------------------------------------------
     3.3  11.4    13    -3.3     7   420.2   0.0  46.8   2.0  37.0    22      NW

Max >=  32.0:  0
Max <=   0.0:  0
Min <=   0.0: 16
Min <= -18.0:  0
Max Rain: 10.39 ON 20/02/15
Days of Rain: 22 (> .2 mm) 6 (> 2 mm) 0 (> 20 mm)
Heat Base:  18.3  Cool Base:  18.3  Method: Integration
Benelux Weer Netwerk cwop awekas hwa wcloud pwsweather wow wow