-->

NOAA-Style Climate Reports

Select a Year or Month report
2021: Jan | Feb | Mar | Apr | May | Jun | Jul | Aug | Sep | Oct | Nov | Dec |
2020: Jan | Feb | Mar | Apr | May | Jun | Jul | Aug | Sep | Oct | Nov | Dec |
2019: Jan | Feb | Mar | Apr | May | Jun | Jul | Aug | Sep | Oct | Nov | Dec |
2018: Jan | Feb | Mar | Apr | May | Jun | Jul | Aug | Sep | Oct | Nov | Dec |
2017: Jan | Feb | Mar | Apr | May | Jun | Jul | Aug | Sep | Oct | Nov | Dec |
2016: Jan | Feb | Mar | Apr | May | Jun | Jul | Aug | Sep | Oct | Nov | Dec |
2015: Jan | Feb | Mar | Apr | May | Jun | Jul | Aug | Sep | Oct | Nov | Dec |
2014: Jan | Feb | Mar | Apr | May | Jun | Jul | Aug | Sep | Oct | Nov | Dec |
2013: Jan | Feb | Mar | Apr | May | Jun | Jul | Aug | Sep | Oct | Nov | Dec |
2012: Jan | Feb | Mar | Apr | May | Jun | Jul | Aug | Sep | Oct | Nov | Dec |
2011: Jan | Feb | Mar | Apr | May | Jun | Jul | Aug | Sep | Oct | Nov | Dec |
2010: Jan | Feb | Mar | Apr | May | Jun | Jul | Aug | Sep | Oct | Nov | Dec |
2009: Jan | Feb | Mar | Apr | May | Jun | Jul | Aug | Sep | Oct | Nov | Dec |
2008: Jan | Feb | Mar | Apr | May | Jun | Jul | Aug | Sep | Oct | Nov | Dec |
2007: Jan | Feb | Mar | Apr | May | Jun | Jul | Aug | Sep | Oct | Nov | Dec |
2006: Jan | Feb | Mar | Apr | May | Jun | Jul | Aug | Sep | Oct | Nov | Dec |
2005: Jan | Feb | Mar | Apr | May | Jun | Jul | Aug | Sep | Oct | Nov | Dec |
2004: Jan | Feb | Mar | Apr | May | Jun | Jul | Aug | Sep | Oct | Nov | Dec |
2003: Jan | Feb | Mar | Apr | May | Jun | Jul | Aug | Sep | Oct | Nov | Dec |

Report for 2015 March
                   MONTHLY CLIMATOLOGICAL SUMMARY for MAR. 2015

NAME: Patrick Nijs   CITY: Heist-op-den-Berg   STATE: Belgium 
ELEV:    15 m  LAT:  51° 04' 15" N  LONG:   4° 42' 13" E

                   TEMPERATURE (°C), RAIN  (mm), WIND SPEED (km/hr)

                                      HEAT  COOL        AVG
    MEAN                              DEG   DEG         WIND                 DOM
DAY TEMP  HIGH   TIME   LOW    TIME   DAYS  DAYS  RAIN  SPEED HIGH   TIME    DIR
------------------------------------------------------------------------------------
 1   8.9  11.4   14:00   5.9    2:45   9.4   0.0   2.8   6.6  46.7   23:45     W
 2   5.9   8.7   13:00   2.9   14:30  12.4   0.0   4.2   6.8  37.0   16:30     W
 3   4.3   8.0   14:45   2.7    6:00  14.0   0.0   7.8   3.2  38.6   15:00    SW
 4   4.7   7.3   13:00   1.6    7:15  13.7   0.0   1.0   5.0  32.2   16:15    NW
 5   4.9  10.1   15:15  -0.2    7:45  13.4   0.0   0.0   1.6  17.7   15:00    NW
 6   5.8   9.6   16:30   1.8    0:15  12.5   0.0   0.0   0.8  16.1   12:45   WSW
 7   8.1  14.3   14:00   2.8    3:15  10.2   0.0   0.0   1.3  17.7   12:15   SSE
 8  10.6  18.6   15:00   4.9    5:30   7.7   0.0   0.0   1.4  17.7   17:00   SSE
 9   8.8  12.1   14:45   7.2   20:45   9.5   0.0   0.0   0.6  14.5   15:00    SE
10   9.3  13.3   16:45   3.9   00:00   9.0   0.0   0.2   1.1  16.1   17:00    NW
11   4.8  11.4   16:30  -0.4    6:15  13.5   0.0   0.2   0.6  12.9    8:30   ENE
12   6.7  13.8   16:15  -0.7    7:30  11.6   0.0   0.0   1.1  20.9   14:30   ENE
13   5.7  10.9   14:15   1.1    4:45  12.6   0.0   0.0   1.8  24.1   16:45   ENE
14   4.4   6.9   14:45   0.9    7:30  13.9   0.0   0.4   1.3  16.1   10:30     E
15   5.4   7.3   16:15   3.9    0:15  12.8   0.0   0.4   1.8  19.3   17:30   ENE
16   6.1  11.6   16:15   1.6    7:45  12.3   0.0   0.2   0.5  11.3    9:15   ENE
17   9.3  19.3   16:30   0.2    7:00   9.0   0.1   0.0   0.3  12.9   12:45   ENE
18   7.0  11.8   15:45   3.6    6:45  11.3   0.0   0.0   1.6  16.1   13:00    NW
19   6.5   7.8   18:30   5.3    9:00  11.8   0.0   0.0   0.3  11.3    2:30    NW
20   6.0   7.4   12:15   4.7   00:00  12.3   0.0   0.0   0.3   9.7   14:00   ENE
21   6.4  10.0   16:30   3.7    4:15  11.8   0.0   0.4   3.7  27.4   11:45    NW
22   5.1   7.4   17:15   0.7   00:00  13.3   0.0   0.0   1.9  22.5    8:15     E
23   4.6  11.7   16:45  -1.9    7:00  13.7   0.0   0.0   1.3  16.1   16:45   WNW
24   5.4  11.3   15:00  -0.8    6:30  12.9   0.0   4.0   0.5  14.5   12:15   WNW
25   5.6   6.6   15:00   4.7   00:00  12.7   0.0  10.2   1.3  14.5   14:45   WNW
26   4.4   7.0   13:00   0.6    6:45  13.9   0.0   4.4   2.6  33.8   13:15   SSE
27   6.6  11.1   16:15   1.6   00:00  11.7   0.0   0.0   4.5  25.7   13:00   WNW
28   7.6  11.9   18:15   0.6    2:00  10.7   0.0   2.6   3.4  33.8   23:00   SSW
29  10.3  12.1   19:00   8.8   23:45   7.6   0.0  14.6   9.5  51.5   19:00     W
30   8.3   9.9   16:30   6.7   11:15  10.0   0.0   0.8   9.8  41.8   14:45   WNW
31   9.9  12.0   15:15   5.3   22:00   8.4   0.0   6.2  16.3  59.5   11:00   WNW
-------------------------------------------------------------------------------------
     6.7  19.3    17    -1.9    23   359.7   0.1  60.4   3.0  59.5    31     WNW

Max >=  32.0:  0
Max <=   0.0:  0
Min <=   0.0:  5
Min <= -18.0:  0
Max Rain: 14.60 ON 29/03/15
Days of Rain: 17 (> .2 mm) 9 (> 2 mm) 0 (> 20 mm)
Heat Base:  18.3  Cool Base:  18.3  Method: Integration
Benelux Weer Netwerk cwop awekas hwa wcloud pwsweather wow wow