NOAA-Style Climate Reports

Select a Year or Month report
2021: Jan | Feb | Mar | Apr | May | Jun | Jul | Aug | Sep | Oct | Nov | Dec |
2020: Jan | Feb | Mar | Apr | May | Jun | Jul | Aug | Sep | Oct | Nov | Dec |
2019: Jan | Feb | Mar | Apr | May | Jun | Jul | Aug | Sep | Oct | Nov | Dec |
2018: Jan | Feb | Mar | Apr | May | Jun | Jul | Aug | Sep | Oct | Nov | Dec |
2017: Jan | Feb | Mar | Apr | May | Jun | Jul | Aug | Sep | Oct | Nov | Dec |
2016: Jan | Feb | Mar | Apr | May | Jun | Jul | Aug | Sep | Oct | Nov | Dec |
2015: Jan | Feb | Mar | Apr | May | Jun | Jul | Aug | Sep | Oct | Nov | Dec |
2014: Jan | Feb | Mar | Apr | May | Jun | Jul | Aug | Sep | Oct | Nov | Dec |
2013: Jan | Feb | Mar | Apr | May | Jun | Jul | Aug | Sep | Oct | Nov | Dec |
2012: Jan | Feb | Mar | Apr | May | Jun | Jul | Aug | Sep | Oct | Nov | Dec |
2011: Jan | Feb | Mar | Apr | May | Jun | Jul | Aug | Sep | Oct | Nov | Dec |
2010: Jan | Feb | Mar | Apr | May | Jun | Jul | Aug | Sep | Oct | Nov | Dec |
2009: Jan | Feb | Mar | Apr | May | Jun | Jul | Aug | Sep | Oct | Nov | Dec |
2008: Jan | Feb | Mar | Apr | May | Jun | Jul | Aug | Sep | Oct | Nov | Dec |
2007: Jan | Feb | Mar | Apr | May | Jun | Jul | Aug | Sep | Oct | Nov | Dec |
2006: Jan | Feb | Mar | Apr | May | Jun | Jul | Aug | Sep | Oct | Nov | Dec |
2005: Jan | Feb | Mar | Apr | May | Jun | Jul | Aug | Sep | Oct | Nov | Dec |
2004: Jan | Feb | Mar | Apr | May | Jun | Jul | Aug | Sep | Oct | Nov | Dec |
2003: Jan | Feb | Mar | Apr | May | Jun | Jul | Aug | Sep | Oct | Nov | Dec |

Report for 2015 April
                   MONTHLY CLIMATOLOGICAL SUMMARY for APR. 2015

NAME: Patrick Nijs   CITY: Heist-op-den-Berg   STATE: Belgium 
ELEV:    15 m  LAT:  51° 04' 15" N  LONG:   4° 42' 13" E

                   TEMPERATURE (°C), RAIN  (mm), WIND SPEED (km/hr)

                                      HEAT  COOL        AVG
    MEAN                              DEG   DEG         WIND                 DOM
DAY TEMP  HIGH   TIME   LOW    TIME   DAYS  DAYS  RAIN  SPEED HIGH   TIME    DIR
------------------------------------------------------------------------------------
 1   7.3  10.1   16:45   4.9    9:30  11.0   0.0   0.4  12.9  43.5   16:45   WNW
 2   6.6   8.9   16:00   3.7   00:00  11.8   0.0   8.0   5.5  30.6   14:15    NW
 3   5.4   9.3   14:15   0.3    4:45  12.9   0.0   0.0   0.8  16.1   17:45   SSE
 4   5.9  10.2   17:30   3.1   00:00  12.3   0.0   2.2   1.3  20.9   12:45     E
 5   5.8  12.4   17:45  -0.3    7:00  12.5   0.0   0.2   0.5  14.5   13:45    NW
 6   5.7  11.3   18:00   0.8    4:15  12.6   0.0   0.0   0.3  14.5   18:30     E
 7   7.4  14.1   18:00   0.0    7:15  10.9   0.0   0.0   1.0  14.5   13:00   WNW
 8   8.7  14.4   16:00   2.6    6:45   9.6   0.0   0.0   0.8  19.3   15:15     E
 9  11.5  19.5   15:45   3.7    7:00   6.9   0.1   0.0   0.8  16.1   15:45   WNW
10  13.7  22.9   18:15   4.0    7:30   5.7   1.1   0.0   0.5  14.5   14:15   SSE
11  11.5  14.5   14:00   5.2   00:00   6.8   0.0   1.6   3.2  32.2   16:45    SW
12  10.7  17.4   17:15   4.0    6:45   7.6   0.0   0.0   2.9  30.6   17:30    NW
13  10.7  14.7   17:00   6.9    7:45   7.6   0.0   0.0   1.8  30.6    0:15    NW
14  14.4  23.1   17:15   5.3    5:15   5.0   1.1   0.0   3.4  27.4   15:00   WNW
15  17.1  25.2   17:00   8.3    7:00   3.3   2.1   0.0   1.8  24.1   14:30   WNW
16  12.5  19.3   16:30   7.2    7:00   5.9   0.0   0.0   2.1  22.5   22:45     E
17  10.4  14.9   15:15   6.7    6:00   7.9   0.0   0.0   2.7  22.5    5:00   ENE
18   9.6  15.5   15:45   2.3    7:15   8.7   0.0   0.0   2.3  25.7   13:30     E
19   9.6  16.6   18:15   2.7    7:00   8.7   0.0   0.0   0.6  14.5   15:45   ENE
20  12.8  20.6   17:30   4.4    7:00   5.9   0.4   0.0   1.0  20.9   14:15   ENE
21  13.2  22.2   15:30   4.9    7:00   5.7   0.6   0.0   0.8  16.1   17:00    NW
22   9.7  16.7   16:30   3.9    7:00   8.6   0.0   0.0   1.0  16.1   17:00     N
23  10.4  18.6   18:15   3.2    7:15   7.9   0.0   0.0   0.3  12.9   17:15   ENE
24  14.3  22.5   17:30   4.6    6:15   5.2   1.2   0.0   1.8  20.9   16:30     W
25  13.3  17.2   18:15   9.8    7:15   5.0   0.0   2.0   1.9  24.1   17:15   WNW
26  12.8  15.4   13:00  10.2   00:00   5.5   0.0   8.0   1.0  22.5   13:30   WNW
27  10.1  14.5   15:45   5.9   00:00   8.3   0.0   0.8   1.4  24.1   11:00    NW
28   7.7  12.9   16:00   1.9    4:30  10.6   0.0   0.0   3.7  30.6   16:15    NW
29   9.3  14.9   16:45   2.2    5:45   8.9   0.0   0.2   2.4  29.0   13:45   SSW
30  10.1  14.8   15:15   6.1    7:00   8.2   0.0   1.2   2.1  22.5   14:45    SW
-------------------------------------------------------------------------------------
    10.3  25.2    15    -0.3     5   247.5   6.6  24.6   2.1  43.5     1      NW

Max >=  32.0:  0
Max <=   0.0:  0
Min <=   0.0:  2
Min <= -18.0:  0
Max Rain: 8.00 ON 02/04/15
Days of Rain: 10 (> .2 mm) 4 (> 2 mm) 0 (> 20 mm)
Heat Base:  18.3  Cool Base:  18.3  Method: Integration
Benelux Weer Netwerk cwop awekas hwa wcloud pwsweather wow wow