Thunderstorms From: 14-05-2021 10:59 Until: 22:59 warning for: Thunderstorms Level: Yellow info button

NOAA-Style Climate Reports

Select a Year or Month report
2021: Jan | Feb | Mar | Apr | May | Jun | Jul | Aug | Sep | Oct | Nov | Dec |
2020: Jan | Feb | Mar | Apr | May | Jun | Jul | Aug | Sep | Oct | Nov | Dec |
2019: Jan | Feb | Mar | Apr | May | Jun | Jul | Aug | Sep | Oct | Nov | Dec |
2018: Jan | Feb | Mar | Apr | May | Jun | Jul | Aug | Sep | Oct | Nov | Dec |
2017: Jan | Feb | Mar | Apr | May | Jun | Jul | Aug | Sep | Oct | Nov | Dec |
2016: Jan | Feb | Mar | Apr | May | Jun | Jul | Aug | Sep | Oct | Nov | Dec |
2015: Jan | Feb | Mar | Apr | May | Jun | Jul | Aug | Sep | Oct | Nov | Dec |
2014: Jan | Feb | Mar | Apr | May | Jun | Jul | Aug | Sep | Oct | Nov | Dec |
2013: Jan | Feb | Mar | Apr | May | Jun | Jul | Aug | Sep | Oct | Nov | Dec |
2012: Jan | Feb | Mar | Apr | May | Jun | Jul | Aug | Sep | Oct | Nov | Dec |
2011: Jan | Feb | Mar | Apr | May | Jun | Jul | Aug | Sep | Oct | Nov | Dec |
2010: Jan | Feb | Mar | Apr | May | Jun | Jul | Aug | Sep | Oct | Nov | Dec |
2009: Jan | Feb | Mar | Apr | May | Jun | Jul | Aug | Sep | Oct | Nov | Dec |
2008: Jan | Feb | Mar | Apr | May | Jun | Jul | Aug | Sep | Oct | Nov | Dec |
2007: Jan | Feb | Mar | Apr | May | Jun | Jul | Aug | Sep | Oct | Nov | Dec |
2006: Jan | Feb | Mar | Apr | May | Jun | Jul | Aug | Sep | Oct | Nov | Dec |
2005: Jan | Feb | Mar | Apr | May | Jun | Jul | Aug | Sep | Oct | Nov | Dec |
2004: Jan | Feb | Mar | Apr | May | Jun | Jul | Aug | Sep | Oct | Nov | Dec |
2003: Jan | Feb | Mar | Apr | May | Jun | Jul | Aug | Sep | Oct | Nov | Dec |

Report for 2015 May
                   MONTHLY CLIMATOLOGICAL SUMMARY for MAY. 2015

NAME: Patrick Nijs   CITY: Heist-op-den-Berg   STATE: Belgium 
ELEV:    15 m  LAT:  51° 04' 15" N  LONG:   4° 42' 13" E

                   TEMPERATURE (°C), RAIN  (mm), WIND SPEED (km/hr)

                                      HEAT  COOL        AVG
    MEAN                              DEG   DEG         WIND                 DOM
DAY TEMP  HIGH   TIME   LOW    TIME   DAYS  DAYS  RAIN  SPEED HIGH   TIME    DIR
------------------------------------------------------------------------------------
 1   9.4  15.4   18:15   3.6    4:15   8.8   0.0   0.0   1.0  17.7   13:15   ENE
 2  11.7  16.3   15:15   5.9    6:45   6.7   0.0   0.0   1.0  14.5   14:30   ENE
 3  13.9  16.8   18:15  10.9    3:45   4.4   0.0   3.2   1.6  22.5   18:30     E
 4  15.9  20.8   16:45  11.4    6:45   2.9   0.5   6.6   1.8  22.5   10:45   SSW
 5  16.7  22.3   12:45  13.6   14:30   2.0   0.4   8.2   5.5  43.5   17:00     W
 6  13.1  16.8   14:45   9.7    6:45   5.3   0.0   3.4   5.3  51.5   15:45    SW
 7  12.4  17.1   18:30   9.2    7:15   5.9   0.0   0.4   4.0  29.0    9:00   WSW
 8  15.3  20.7   18:45   9.7    5:45   3.5   0.5   0.0   0.3  11.3   14:15    SE
 9  15.3  17.8   14:15  12.7   00:00   3.0   0.0   0.8   6.8  38.6   16:00     W
10  14.7  20.9   18:45   8.8    7:00   4.0   0.4   0.0   1.0  16.1    0:15   WNW
11  18.9  26.7   16:15  11.3    2:45   2.3   2.9   0.0   1.8  19.3   17:15   SSW
12  16.2  19.4   12:30  11.0   00:00   2.2   0.1   0.0   3.1  25.7   14:45   WNW
13  13.9  20.8   17:30   7.3    6:30   4.7   0.4   0.0   1.1  16.1   19:45    NW
14  11.3  17.5   15:30   5.3    6:00   7.0   0.0   2.2   1.1  17.7   14:15   ENE
15  12.2  17.7   17:15   8.0   00:00   6.1   0.0   0.0   1.9  20.9   19:30    NW
16  10.6  15.4   19:00   6.6    3:15   7.7   0.0   0.8   1.4  20.9   13:30   WNW
17  12.4  18.4   16:30   6.4    2:15   5.9   0.0   0.0   1.9  22.5   17:30    NW
18  11.7  18.0   14:15   6.7    4:30   6.6   0.0   1.4   3.1  29.0   18:30    SW
19  10.6  14.7   17:30   7.8    6:15   7.8   0.0   1.2   4.7  33.8   18:00    SW
20  10.1  15.1   16:15   5.4    5:45   8.2   0.0   1.4   2.6  24.1   16:45    SW
21  12.6  18.7   17:30   5.2    5:45   5.7   0.0   0.0   2.6  24.1   14:45    NW
22  15.0  20.8   18:00   9.4    6:15   3.7   0.4   0.0   1.3  16.1   15:00   WNW
23  14.7  18.0   19:45  10.8   00:00   3.6   0.0   0.0   0.6  12.9   13:15    NW
24  14.0  21.2   18:00   6.8    6:00   4.8   0.5   0.0   1.0  16.1   17:00   WNW
25  13.7  17.3   15:00   9.7   00:00   4.6   0.0   2.4   2.3  25.7   19:45    NW
26  12.6  18.8   15:45   6.3    5:15   5.8   0.0   0.0   1.6  20.9   13:00    NW
27  14.6  20.6   16:45   6.8    6:00   4.1   0.4   0.0   1.1  19.3   16:30   WNW
28  14.6  17.6   16:15  12.9   23:45   3.7   0.0   0.6   2.9  22.5   11:30    NW
29  11.8  16.3   14:00   8.4    5:45   6.5   0.0   5.0   3.1  27.4   14:00    NW
30  11.4  15.7   18:00   6.9    6:00   6.9   0.0   1.0   2.4  25.7   13:00   WSW
31  13.2  16.3   14:00   8.2    3:00   5.1   0.0   6.0   3.5  29.0   14:30   SSW
-------------------------------------------------------------------------------------
    13.4  26.7    11     3.6     1   159.4   6.4  44.6   2.4  51.5     6      NW

Max >=  32.0:  0
Max <=   0.0:  0
Min <=   0.0:  0
Min <= -18.0:  0
Max Rain: 8.20 ON 05/05/15
Days of Rain: 16 (> .2 mm) 8 (> 2 mm) 0 (> 20 mm)
Heat Base:  18.3  Cool Base:  18.3  Method: Integration
Benelux Weer Netwerk cwop awekas hwa wcloud pwsweather wow wow