NOAA-Style Climate Reports

Select a Year or Month report
2021: Jan | Feb | Mar | Apr | May | Jun | Jul | Aug | Sep | Oct | Nov | Dec |
2020: Jan | Feb | Mar | Apr | May | Jun | Jul | Aug | Sep | Oct | Nov | Dec |
2019: Jan | Feb | Mar | Apr | May | Jun | Jul | Aug | Sep | Oct | Nov | Dec |
2018: Jan | Feb | Mar | Apr | May | Jun | Jul | Aug | Sep | Oct | Nov | Dec |
2017: Jan | Feb | Mar | Apr | May | Jun | Jul | Aug | Sep | Oct | Nov | Dec |
2016: Jan | Feb | Mar | Apr | May | Jun | Jul | Aug | Sep | Oct | Nov | Dec |
2015: Jan | Feb | Mar | Apr | May | Jun | Jul | Aug | Sep | Oct | Nov | Dec |
2014: Jan | Feb | Mar | Apr | May | Jun | Jul | Aug | Sep | Oct | Nov | Dec |
2013: Jan | Feb | Mar | Apr | May | Jun | Jul | Aug | Sep | Oct | Nov | Dec |
2012: Jan | Feb | Mar | Apr | May | Jun | Jul | Aug | Sep | Oct | Nov | Dec |
2011: Jan | Feb | Mar | Apr | May | Jun | Jul | Aug | Sep | Oct | Nov | Dec |
2010: Jan | Feb | Mar | Apr | May | Jun | Jul | Aug | Sep | Oct | Nov | Dec |
2009: Jan | Feb | Mar | Apr | May | Jun | Jul | Aug | Sep | Oct | Nov | Dec |
2008: Jan | Feb | Mar | Apr | May | Jun | Jul | Aug | Sep | Oct | Nov | Dec |
2007: Jan | Feb | Mar | Apr | May | Jun | Jul | Aug | Sep | Oct | Nov | Dec |
2006: Jan | Feb | Mar | Apr | May | Jun | Jul | Aug | Sep | Oct | Nov | Dec |
2005: Jan | Feb | Mar | Apr | May | Jun | Jul | Aug | Sep | Oct | Nov | Dec |
2004: Jan | Feb | Mar | Apr | May | Jun | Jul | Aug | Sep | Oct | Nov | Dec |
2003: Jan | Feb | Mar | Apr | May | Jun | Jul | Aug | Sep | Oct | Nov | Dec |

Report for 2015 June
                   MONTHLY CLIMATOLOGICAL SUMMARY for JUN. 2015

NAME: Patrick Nijs   CITY: Heist-op-den-Berg   STATE: Belgium 
ELEV:    15 m  LAT:  51° 04' 15" N  LONG:   4° 42' 13" E

                   TEMPERATURE (°C), RAIN  (mm), WIND SPEED (km/hr)

                                      HEAT  COOL        AVG
    MEAN                              DEG   DEG         WIND                 DOM
DAY TEMP  HIGH   TIME   LOW    TIME   DAYS  DAYS  RAIN  SPEED HIGH   TIME    DIR
------------------------------------------------------------------------------------
 1  13.0  17.6   18:00   9.3    6:15   5.3   0.0   0.4   1.4  20.9   17:00   WNW
 2  15.3  19.3   20:30  11.1    6:30   3.2   0.2   1.0   6.1  30.6    9:15   SSW
 3  15.8  18.7    0:15  11.4   00:00   2.5   0.0   0.8   3.7  25.7    9:30     W
 4  17.2  24.9   19:00   7.4    5:30   3.3   2.2   0.0   1.0  20.9   14:45   ENE
 5  22.2  33.7   17:00  13.3    5:00   1.1   5.0   8.8   1.8  38.6   18:45   SSE
 6  17.0  21.0   16:30  12.9   00:00   1.9   0.6   0.0   2.9  19.3   20:00   WNW
 7  15.1  21.6   15:30   8.1    6:15   3.9   0.7   0.0   1.0  16.1   15:45    NW
 8  13.4  19.1   18:00   7.3    5:30   4.9   0.0   0.0   2.4  24.1   13:00   ENE
 9  12.7  17.7   17:15   8.4    6:15   5.6   0.0   0.0   3.2  24.1   13:30   ENE
10  16.2  22.9   18:15   8.8    5:45   3.4   1.3   0.0   3.2  27.4   13:45   ENE
11  20.0  26.3   16:30  13.2    6:00   1.5   3.2   0.0   2.9  20.9   12:15   ENE
12  23.0  29.9   16:30  15.6    6:00   0.4   5.1   0.0   1.4  17.7   17:00   ENE
13  19.1  23.1   17:15  14.6    9:45   0.8   1.5   0.4   4.2  27.4   14:45     W
14  17.3  23.7   15:30  11.2    5:15   2.3   1.4   0.0   1.1  17.7   18:45     W
15  16.1  21.5   18:15  12.7    8:30   2.7   0.5   0.0   1.6  20.9   12:15   ENE
16  14.1  19.0   16:15   8.6    6:00   4.2   0.0   0.0   1.1  17.7   11:30   ENE
17  16.8  23.7   17:15   7.7    6:00   3.3   1.8   0.0   2.6  22.5   16:15     W
18  15.7  18.6    0:15  12.1   23:30   2.6   0.0   6.0   3.9  25.7   15:00    NW
19  13.5  16.2   15:00  11.7    4:15   4.8   0.0   0.4   1.3  24.1   15:30    NW
20  14.0  18.4   16:15  10.3    4:15   4.3   0.0   1.6   0.5  12.9   13:15     W
21  16.6  20.9   14:15  13.3    4:30   2.1   0.5   0.0   3.1  30.6   13:45   WNW
22  12.2  15.1    0:15   9.4   22:45   6.1   0.0  21.0   1.8  22.5    2:00   WSW
23  12.9  16.7   14:00   9.8    0:15   5.4   0.0   1.4   2.9  22.5   14:00    NW
24  16.4  22.1   18:00  11.8    5:00   2.8   0.9   0.0   1.4  16.1   14:30     W
25  18.9  24.4   17:30  12.7    5:00   1.6   2.2   0.0   1.6  19.3   11:00   WNW
26  21.3  27.6   16:15  13.8    5:30   1.0   4.0   0.0   1.3  19.3   16:30   WSW
27  19.7  23.5   16:15  16.0   00:00   0.3   1.8   0.0   2.6  20.9   12:00   WNW
28  19.2  25.6   17:45  11.3    5:45   1.8   2.6   0.0   1.3  16.1   11:00   SSE
29  20.1  25.7   17:00  15.6    6:00   0.6   2.4   0.0   1.4  16.1   15:00   WNW
30  22.3  30.7   18:00  12.5    5:45   1.3   5.3   0.0   1.0  16.1   12:00   ENE
-------------------------------------------------------------------------------------
    16.9  33.7     5     7.3     8    85.0  43.1  41.8   2.2  38.6     5     ENE

Max >=  32.0:  1
Max <=   0.0:  0
Min <=   0.0:  0
Min <= -18.0:  0
Max Rain: 21.01 ON 22/06/15
Days of Rain: 10 (> .2 mm) 3 (> 2 mm) 1 (> 20 mm)
Heat Base:  18.3  Cool Base:  18.3  Method: Integration
Benelux Weer Netwerk cwop awekas hwa wcloud pwsweather wow wow