-->

NOAA-Style Climate Reports

Select a Year or Month report
2021: Jan | Feb | Mar | Apr | May | Jun | Jul | Aug | Sep | Oct | Nov | Dec |
2020: Jan | Feb | Mar | Apr | May | Jun | Jul | Aug | Sep | Oct | Nov | Dec |
2019: Jan | Feb | Mar | Apr | May | Jun | Jul | Aug | Sep | Oct | Nov | Dec |
2018: Jan | Feb | Mar | Apr | May | Jun | Jul | Aug | Sep | Oct | Nov | Dec |
2017: Jan | Feb | Mar | Apr | May | Jun | Jul | Aug | Sep | Oct | Nov | Dec |
2016: Jan | Feb | Mar | Apr | May | Jun | Jul | Aug | Sep | Oct | Nov | Dec |
2015: Jan | Feb | Mar | Apr | May | Jun | Jul | Aug | Sep | Oct | Nov | Dec |
2014: Jan | Feb | Mar | Apr | May | Jun | Jul | Aug | Sep | Oct | Nov | Dec |
2013: Jan | Feb | Mar | Apr | May | Jun | Jul | Aug | Sep | Oct | Nov | Dec |
2012: Jan | Feb | Mar | Apr | May | Jun | Jul | Aug | Sep | Oct | Nov | Dec |
2011: Jan | Feb | Mar | Apr | May | Jun | Jul | Aug | Sep | Oct | Nov | Dec |
2010: Jan | Feb | Mar | Apr | May | Jun | Jul | Aug | Sep | Oct | Nov | Dec |
2009: Jan | Feb | Mar | Apr | May | Jun | Jul | Aug | Sep | Oct | Nov | Dec |
2008: Jan | Feb | Mar | Apr | May | Jun | Jul | Aug | Sep | Oct | Nov | Dec |
2007: Jan | Feb | Mar | Apr | May | Jun | Jul | Aug | Sep | Oct | Nov | Dec |
2006: Jan | Feb | Mar | Apr | May | Jun | Jul | Aug | Sep | Oct | Nov | Dec |
2005: Jan | Feb | Mar | Apr | May | Jun | Jul | Aug | Sep | Oct | Nov | Dec |
2004: Jan | Feb | Mar | Apr | May | Jun | Jul | Aug | Sep | Oct | Nov | Dec |
2003: Jan | Feb | Mar | Apr | May | Jun | Jul | Aug | Sep | Oct | Nov | Dec |

Report for 2015 July
                   MONTHLY CLIMATOLOGICAL SUMMARY for JUL. 2015

NAME: Patrick Nijs   CITY: Heist-op-den-Berg   STATE: Belgium 
ELEV:    15 m  LAT:  51° 04' 15" N  LONG:   4° 42' 13" E

                   TEMPERATURE (°C), RAIN  (mm), WIND SPEED (km/hr)

                                      HEAT  COOL        AVG
    MEAN                              DEG   DEG         WIND                 DOM
DAY TEMP  HIGH   TIME   LOW    TIME   DAYS  DAYS  RAIN  SPEED HIGH   TIME    DIR
------------------------------------------------------------------------------------
 1  27.4  35.6   18:45  17.4    6:00   0.0   9.1   0.0   1.1  19.3   16:30   ENE
 2  26.2  32.2   13:30  21.8    6:15   0.0   7.9   0.0   1.6  22.5   17:00    NW
 3  26.0  32.8   18:15  18.7    6:00   0.0   7.7   0.0   1.1  19.3   23:30    NW
 4  27.8  33.9   15:45  21.4   00:00   0.0   9.5   0.0   2.3  19.3   13:15   ENE
 5  21.6  28.1   12:30  17.9    6:15   0.0   3.2   0.4   1.6  35.4   15:00    NW
 6  20.0  26.3   19:45  13.3    6:15   1.2   2.9   0.0   1.8  19.3   13:00     W
 7  21.0  26.0   12:45  16.0    5:45   0.4   3.1   0.0   2.9  27.4   21:00     W
 8  16.5  19.4   16:15  13.7    5:45   1.9   0.1   0.2   6.4  35.4   11:30     W
 9  15.7  20.2   16:45  11.9    5:45   2.9   0.3   0.4   2.6  25.7   16:15   WNW
10  17.4  25.2   18:15   8.1    6:15   3.2   2.3   0.0   1.0  16.1   17:15   SSE
11  21.8  29.2   15:15  14.8    6:15   0.6   4.1   0.0   2.3  25.7   16:15   WNW
12  17.1  19.9   17:30  14.2    5:00   1.5   0.3   0.0   2.6  22.5   19:30     W
13  17.2  18.3   21:00  15.7    7:45   1.1   0.0   2.8   2.9  27.4   19:45     W
14  18.1  20.4   13:30  16.6    5:45   0.7   0.5   0.4   3.2  25.7   13:45     W
15  18.6  21.9   16:15  15.5    6:30   0.7   0.9   2.4   1.1  17.7   15:15   WSW
16  20.8  28.1   18:15  15.0    6:15   0.9   3.4   0.4   1.1  16.1   14:15   ENE
17  24.3  28.9   17:00  20.6   23:30   0.0   6.0   0.0   4.2  25.7    8:45     W
18  19.8  25.1   19:00  15.4    6:15   0.7   2.2   0.0   2.6  20.9   15:15   WNW
19  18.1  22.5   18:45  15.2    5:45   1.1   0.9   4.2   1.6  22.5   17:15     W
20  19.0  24.0   19:45  12.9    5:30   1.2   1.9   5.0   1.0  16.1   18:00   SSE
21  22.0  25.2   19:15  19.1    7:00   0.0   3.7   0.0   2.9  29.0    6:15     W
22  20.5  23.9   15:15  16.3    6:45   0.2   2.4   0.2   2.9  20.9   12:30   WNW
23  18.6  23.1   18:45  13.8    7:15   1.2   1.5   0.0   1.1  14.5   13:30   WNW
24  19.7  25.7   15:15  14.4    6:30   1.0   2.4   0.6   0.3  16.1   20:30   ENE
25  15.4  19.1    0:15  12.6   00:00   2.9   0.0  19.8   5.3  33.8   10:00   WNW
26  14.3  20.1   13:15   9.5    6:15   4.2   0.2   3.2   1.3  22.5   22:15   SSE
27  16.8  21.1   18:30  13.9    0:15   1.8   0.4   0.4   6.1  37.0   20:30     W
28  15.8  18.5   16:15  13.5    8:45   2.5   0.0   0.2   5.5  30.6   15:45     W
29  15.3  19.2   17:45  11.6    6:00   3.0   0.0   2.4   5.0  32.2   11:30   WNW
30  14.2  17.7   15:15  12.2    6:15   4.1   0.0   0.4   1.1  17.7   16:15    NW
31  14.8  21.4   16:00   7.5    6:30   4.0   0.5   0.0   0.5  19.3   18:00   ENE
-------------------------------------------------------------------------------------
    19.4  35.6     1     7.5    31    43.2  77.6  43.4   2.5  37.0    27       W

Max >=  32.0:  4
Max <=   0.0:  0
Min <=   0.0:  0
Min <= -18.0:  0
Max Rain: 19.81 ON 25/07/15
Days of Rain: 17 (> .2 mm) 7 (> 2 mm) 0 (> 20 mm)
Heat Base:  18.3  Cool Base:  18.3  Method: Integration
Benelux Weer Netwerk cwop awekas hwa wcloud pwsweather wow wow