Thunderstorms From: 14-05-2021 11:59 Until: 22:59 warning for: Thunderstorms Level: Yellow info button

NOAA-Style Climate Reports

Select a Year or Month report
2021: Jan | Feb | Mar | Apr | May | Jun | Jul | Aug | Sep | Oct | Nov | Dec |
2020: Jan | Feb | Mar | Apr | May | Jun | Jul | Aug | Sep | Oct | Nov | Dec |
2019: Jan | Feb | Mar | Apr | May | Jun | Jul | Aug | Sep | Oct | Nov | Dec |
2018: Jan | Feb | Mar | Apr | May | Jun | Jul | Aug | Sep | Oct | Nov | Dec |
2017: Jan | Feb | Mar | Apr | May | Jun | Jul | Aug | Sep | Oct | Nov | Dec |
2016: Jan | Feb | Mar | Apr | May | Jun | Jul | Aug | Sep | Oct | Nov | Dec |
2015: Jan | Feb | Mar | Apr | May | Jun | Jul | Aug | Sep | Oct | Nov | Dec |
2014: Jan | Feb | Mar | Apr | May | Jun | Jul | Aug | Sep | Oct | Nov | Dec |
2013: Jan | Feb | Mar | Apr | May | Jun | Jul | Aug | Sep | Oct | Nov | Dec |
2012: Jan | Feb | Mar | Apr | May | Jun | Jul | Aug | Sep | Oct | Nov | Dec |
2011: Jan | Feb | Mar | Apr | May | Jun | Jul | Aug | Sep | Oct | Nov | Dec |
2010: Jan | Feb | Mar | Apr | May | Jun | Jul | Aug | Sep | Oct | Nov | Dec |
2009: Jan | Feb | Mar | Apr | May | Jun | Jul | Aug | Sep | Oct | Nov | Dec |
2008: Jan | Feb | Mar | Apr | May | Jun | Jul | Aug | Sep | Oct | Nov | Dec |
2007: Jan | Feb | Mar | Apr | May | Jun | Jul | Aug | Sep | Oct | Nov | Dec |
2006: Jan | Feb | Mar | Apr | May | Jun | Jul | Aug | Sep | Oct | Nov | Dec |
2005: Jan | Feb | Mar | Apr | May | Jun | Jul | Aug | Sep | Oct | Nov | Dec |
2004: Jan | Feb | Mar | Apr | May | Jun | Jul | Aug | Sep | Oct | Nov | Dec |
2003: Jan | Feb | Mar | Apr | May | Jun | Jul | Aug | Sep | Oct | Nov | Dec |

Report for 2015 August
                   MONTHLY CLIMATOLOGICAL SUMMARY for AUG. 2015

NAME: Patrick Nijs   CITY: Heist-op-den-Berg   STATE: Belgium 
ELEV:    15 m  LAT:  51° 04' 15" N  LONG:   4° 42' 13" E

                   TEMPERATURE (°C), RAIN  (mm), WIND SPEED (km/hr)

                                      HEAT  COOL        AVG
    MEAN                              DEG   DEG         WIND                 DOM
DAY TEMP  HIGH   TIME   LOW    TIME   DAYS  DAYS  RAIN  SPEED HIGH   TIME    DIR
------------------------------------------------------------------------------------
 1  17.7  24.8   15:30   9.8    6:00   2.6   2.0   0.0   0.6  16.1   17:00   ENE
 2  19.6  27.4   18:30  10.1    6:15   2.4   3.7   0.0   0.6  17.7   13:00     E
 3  24.6  32.8   17:30  15.3    6:00   0.5   6.8   0.0   1.8  24.1   12:15   WNW
 4  18.5  22.5   18:30  14.9   00:00   0.6   0.8   3.0   1.6  20.9   18:45   WNW
 5  20.2  27.8   20:00  12.1    6:30   1.9   3.9   0.0   1.1  22.5   14:00   SSE
 6  22.8  29.0   15:15  15.4    6:45   0.4   4.9   0.0   1.9  19.3   12:45   WNW
 7  21.8  29.8   18:00  15.3    6:00   0.6   4.1   0.0   0.6  12.9   14:15    NW
 8  20.9  26.0   17:00  17.2    7:45   0.2   2.8   0.0   0.6  12.9   12:45    NW
 9  19.1  23.8   17:45  13.5    7:15   1.3   2.1   0.0   0.2   8.0   12:00   NNE
10  20.7  27.4   16:30  15.4    5:30   0.6   2.9   0.0   1.0  14.5   14:45   WNW
11  20.7  27.5   16:45  15.6    7:00   0.5   2.9   0.0   0.6  12.9   16:45    NW
12  22.5  27.7   15:45  18.8    2:45   0.0   4.2   0.0   1.6  19.3   12:45   ENE
13  22.8  31.9   17:00  16.7    6:30   0.2   4.7   9.0   2.4  29.0   20:15   ENE
14  20.8  25.1   16:30  19.0    7:30   0.0   2.6   2.4   1.1  24.1   16:45    SE
15  17.1  20.1    0:15  15.4   23:45   1.3   0.1   0.0   0.6  17.7   14:45   SSE
16  16.7  20.7   14:15  12.9    7:30   1.9   0.4   0.2   0.6  16.1   14:00   WNW
17  15.0  17.6   13:45  13.1   00:00   3.3   0.0   0.2   1.4  20.9   13:15   WNW
18  14.8  18.4   15:30  11.9    6:30   3.5   0.0   0.0   2.1  20.9   13:15     W
19  18.1  22.9   14:30  13.8    7:00   1.7   1.5   0.0   0.6  16.1   12:45   SSW
20  18.8  25.1   15:00  12.9    5:45   1.8   2.3   0.0   0.6  17.7   16:00   WSW
21  21.3  27.6   17:30  14.3    7:15   0.8   3.8   0.2   0.3  16.1   14:45   ESE
22  22.2  28.4   16:45  15.6    7:15   0.5   4.3   0.0   1.0  17.7   13:45   ENE
23  20.2  28.3   14:45  16.2    7:15   0.4   2.3   0.0   1.1  25.7   12:30   ENE
24  17.4  22.1   16:00  14.2    6:00   1.4   0.5   0.0   2.6  29.0   15:15   SSE
25  16.7  20.0   15:30  14.8    6:30   1.8   0.2   0.0   5.1  27.4   21:15     W
26  21.3  27.0   16:45  17.0    6:45   0.2   3.2   0.0   3.7  35.4   21:15   SSE
27  16.2  19.8    3:00  13.4   00:00   2.3   0.2  21.2   1.3  22.5    3:30     S
28  16.1  21.9   17:15  11.3    6:30   3.0   0.8   0.2   0.6  16.1   15:15   WSW
29  18.3  25.7   17:15  10.3    7:30   2.6   2.6   0.2   0.2  12.9   12:45   ESE
30  23.4  30.9   16:15  17.0    7:45   0.2   5.3   0.0   0.5  14.5    2:15     W
31  22.3  30.5   15:00  18.0   00:00   0.0   4.0   0.8   1.8  30.6   16:00   ENE
-------------------------------------------------------------------------------------
    19.6  32.8     3     9.8     1    38.6  79.7  37.4   1.3  35.4    26     ENE

Max >=  32.0:  1
Max <=   0.0:  0
Min <=   0.0:  0
Min <= -18.0:  0
Max Rain: 21.21 ON 27/08/15
Days of Rain: 10 (> .2 mm) 4 (> 2 mm) 1 (> 20 mm)
Heat Base:  18.3  Cool Base:  18.3  Method: Integration
Benelux Weer Netwerk cwop awekas hwa wcloud pwsweather wow wow