-->

NOAA-Style Climate Reports

Select a Year or Month report
2021: Jan | Feb | Mar | Apr | May | Jun | Jul | Aug | Sep | Oct | Nov | Dec |
2020: Jan | Feb | Mar | Apr | May | Jun | Jul | Aug | Sep | Oct | Nov | Dec |
2019: Jan | Feb | Mar | Apr | May | Jun | Jul | Aug | Sep | Oct | Nov | Dec |
2018: Jan | Feb | Mar | Apr | May | Jun | Jul | Aug | Sep | Oct | Nov | Dec |
2017: Jan | Feb | Mar | Apr | May | Jun | Jul | Aug | Sep | Oct | Nov | Dec |
2016: Jan | Feb | Mar | Apr | May | Jun | Jul | Aug | Sep | Oct | Nov | Dec |
2015: Jan | Feb | Mar | Apr | May | Jun | Jul | Aug | Sep | Oct | Nov | Dec |
2014: Jan | Feb | Mar | Apr | May | Jun | Jul | Aug | Sep | Oct | Nov | Dec |
2013: Jan | Feb | Mar | Apr | May | Jun | Jul | Aug | Sep | Oct | Nov | Dec |
2012: Jan | Feb | Mar | Apr | May | Jun | Jul | Aug | Sep | Oct | Nov | Dec |
2011: Jan | Feb | Mar | Apr | May | Jun | Jul | Aug | Sep | Oct | Nov | Dec |
2010: Jan | Feb | Mar | Apr | May | Jun | Jul | Aug | Sep | Oct | Nov | Dec |
2009: Jan | Feb | Mar | Apr | May | Jun | Jul | Aug | Sep | Oct | Nov | Dec |
2008: Jan | Feb | Mar | Apr | May | Jun | Jul | Aug | Sep | Oct | Nov | Dec |
2007: Jan | Feb | Mar | Apr | May | Jun | Jul | Aug | Sep | Oct | Nov | Dec |
2006: Jan | Feb | Mar | Apr | May | Jun | Jul | Aug | Sep | Oct | Nov | Dec |
2005: Jan | Feb | Mar | Apr | May | Jun | Jul | Aug | Sep | Oct | Nov | Dec |
2004: Jan | Feb | Mar | Apr | May | Jun | Jul | Aug | Sep | Oct | Nov | Dec |
2003: Jan | Feb | Mar | Apr | May | Jun | Jul | Aug | Sep | Oct | Nov | Dec |

Report for 2015 September
                   MONTHLY CLIMATOLOGICAL SUMMARY for SEP. 2015

NAME: Patrick Nijs   CITY: Heist-op-den-Berg   STATE: Belgium 
ELEV:    15 m  LAT:  51° 04' 15" N  LONG:   4° 42' 13" E

                   TEMPERATURE (°C), RAIN  (mm), WIND SPEED (km/hr)

                                      HEAT  COOL        AVG
    MEAN                              DEG   DEG         WIND                 DOM
DAY TEMP  HIGH   TIME   LOW    TIME   DAYS  DAYS  RAIN  SPEED HIGH   TIME    DIR
------------------------------------------------------------------------------------
 1  16.7  19.1   17:45  12.5   00:00   1.6   0.0   1.0   1.0  17.7   17:45    NW
 2  14.3  19.3   13:45  11.2    7:15   4.1   0.0   2.0   0.3  14.5   12:30    NW
 3  13.3  18.2   14:00  10.4    7:15   5.0   0.0   0.2   0.6  17.7   13:30     S
 4  13.4  15.9   14:30  11.4    7:45   4.9   0.0   0.0   3.2  30.6   11:15     W
 5  12.9  15.7   11:45  11.0   00:00   5.4   0.0  12.2   3.2  24.1   14:15   WNW
 6  12.7  16.5   16:00   9.9    7:15   5.6   0.0   0.8   2.4  20.9   13:00   WNW
 7  14.3  18.9   16:15  11.3    7:00   4.0   0.0   0.4   1.1  16.1   14:45   WNW
 8  15.0  18.0   17:00  12.5    7:00   3.3   0.0   0.0   0.2   9.7   10:30   NNE
 9  15.6  20.7   16:45  11.1    7:30   3.0   0.3   0.0   1.4  20.9   15:00   ENE
10  15.1  20.5   15:45   9.8    7:15   3.7   0.5   0.0   2.3  24.1   15:00   ENE
11  15.2  21.6   16:30   9.2    7:30   3.7   0.6   0.0   0.5  14.5   13:15   ENE
12  15.7  21.2   13:45  12.7    2:30   2.9   0.3  11.2   0.8  20.9   14:45     E
13  15.3  20.5   18:15  10.7    7:45   3.3   0.3   3.8   0.8  19.3   15:00   WNW
14  14.2  18.3   13:15  11.2   00:00   4.1   0.0   5.6   1.8  30.6   16:15   SSE
15  13.4  17.2   13:45  10.7    1:30   4.9   0.0   0.0   3.4  35.4   14:30   SSE
16  15.4  19.0   12:45  11.9    0:15   3.0   0.0   6.2   2.1  24.1   13:00   SSE
17  14.9  16.6    2:45  11.9   00:00   3.4   0.0  10.4   3.5  40.2    3:15   WSW
18  13.4  17.9   14:00  10.2    6:45   4.8   0.0   4.8   1.1  24.1   12:15   WSW
19  13.7  18.5   15:45  11.1    4:30   4.6   0.0   0.2   0.2  11.3   13:30     S
20  13.7  18.8   18:00   9.5    8:00   4.6   0.0   0.0   0.5  12.9   12:15   WNW
21  12.7  18.1   15:15   7.5    7:15   5.6   0.0   2.6   0.6  14.5   12:30   SSW
22  12.5  15.1   13:30  10.4   22:30   5.8   0.0   7.2   0.6  16.1   18:00   SSW
23  11.9  15.2   19:00   9.9   23:15   5.9   0.0  12.4   2.4  24.1   15:30   WNW
24  13.3  17.2   13:30  10.2    0:15   5.0   0.0   1.2   1.4  25.7   18:30     S
25  12.9  17.7   15:45   9.1   00:00   5.4   0.0   0.2   0.6  17.7   13:30   WNW
26  11.1  17.5   15:30   5.5    8:15   7.2   0.0   0.2   0.3  14.5   14:00   ENE
27  12.2  18.2   16:30   7.6    5:45   6.1   0.0   0.0   1.4  20.9   16:45   ENE
28  12.1  17.5   15:15   7.9    8:00   6.2   0.0   0.2   1.3  19.3   12:45   ENE
29  12.3  18.3   16:00   6.7    8:00   6.0   0.0   0.2   2.3  27.4   15:15   ENE
30  12.6  18.2   16:00   7.8    7:45   5.7   0.0   0.0   2.7  27.4   13:30   ENE
-------------------------------------------------------------------------------------
    13.7  21.6    11     5.5    26   138.7   2.1  83.0   1.5  40.2    17     ENE

Max >=  32.0:  0
Max <=   0.0:  0
Min <=   0.0:  0
Min <= -18.0:  0
Max Rain: 12.40 ON 23/09/15
Days of Rain: 21 (> .2 mm) 11 (> 2 mm) 0 (> 20 mm)
Heat Base:  18.3  Cool Base:  18.3  Method: Integration
Benelux Weer Netwerk cwop awekas hwa wcloud pwsweather wow wow