-->

NOAA-Style Climate Reports

Select a Year or Month report
2021: Jan | Feb | Mar | Apr | May | Jun | Jul | Aug | Sep | Oct | Nov | Dec |
2020: Jan | Feb | Mar | Apr | May | Jun | Jul | Aug | Sep | Oct | Nov | Dec |
2019: Jan | Feb | Mar | Apr | May | Jun | Jul | Aug | Sep | Oct | Nov | Dec |
2018: Jan | Feb | Mar | Apr | May | Jun | Jul | Aug | Sep | Oct | Nov | Dec |
2017: Jan | Feb | Mar | Apr | May | Jun | Jul | Aug | Sep | Oct | Nov | Dec |
2016: Jan | Feb | Mar | Apr | May | Jun | Jul | Aug | Sep | Oct | Nov | Dec |
2015: Jan | Feb | Mar | Apr | May | Jun | Jul | Aug | Sep | Oct | Nov | Dec |
2014: Jan | Feb | Mar | Apr | May | Jun | Jul | Aug | Sep | Oct | Nov | Dec |
2013: Jan | Feb | Mar | Apr | May | Jun | Jul | Aug | Sep | Oct | Nov | Dec |
2012: Jan | Feb | Mar | Apr | May | Jun | Jul | Aug | Sep | Oct | Nov | Dec |
2011: Jan | Feb | Mar | Apr | May | Jun | Jul | Aug | Sep | Oct | Nov | Dec |
2010: Jan | Feb | Mar | Apr | May | Jun | Jul | Aug | Sep | Oct | Nov | Dec |
2009: Jan | Feb | Mar | Apr | May | Jun | Jul | Aug | Sep | Oct | Nov | Dec |
2008: Jan | Feb | Mar | Apr | May | Jun | Jul | Aug | Sep | Oct | Nov | Dec |
2007: Jan | Feb | Mar | Apr | May | Jun | Jul | Aug | Sep | Oct | Nov | Dec |
2006: Jan | Feb | Mar | Apr | May | Jun | Jul | Aug | Sep | Oct | Nov | Dec |
2005: Jan | Feb | Mar | Apr | May | Jun | Jul | Aug | Sep | Oct | Nov | Dec |
2004: Jan | Feb | Mar | Apr | May | Jun | Jul | Aug | Sep | Oct | Nov | Dec |
2003: Jan | Feb | Mar | Apr | May | Jun | Jul | Aug | Sep | Oct | Nov | Dec |

Report for 2015 October
                   MONTHLY CLIMATOLOGICAL SUMMARY for OCT. 2015

NAME: Patrick Nijs   CITY: Heist-op-den-Berg   STATE: Belgium 
ELEV:    15 m  LAT:  51° 04' 15" N  LONG:   4° 42' 13" E

                   TEMPERATURE (°C), RAIN  (mm), WIND SPEED (km/hr)

                                      HEAT  COOL        AVG
    MEAN                              DEG   DEG         WIND                 DOM
DAY TEMP  HIGH   TIME   LOW    TIME   DAYS  DAYS  RAIN  SPEED HIGH   TIME    DIR
------------------------------------------------------------------------------------
 1  11.7  16.8   15:45   6.8    7:45   6.6   0.0   0.0   2.3  25.7   16:15   ENE
 2  11.1  18.7   16:30   5.1    8:15   7.2   0.0   0.0   0.6  16.1   13:15   ENE
 3  12.1  20.6   17:15   6.0    4:45   6.4   0.2   0.0   0.2   9.7   14:00   WSW
 4  12.2  19.5   18:00   6.9    8:45   6.2   0.1   0.0   0.3  12.9   13:15     W
 5  13.2  17.2   15:45   9.3    5:15   5.1   0.0   5.4   0.3  17.7   11:45    SE
 6  15.8  19.2   18:00  13.7    3:30   2.5   0.0   7.6   0.5  12.9   12:00   SSE
 7  14.2  16.0    0:15  12.6   00:00   4.1   0.0   2.0   1.6  20.9   15:15   SSE
 8  12.7  15.3   16:30   8.8   00:00   5.6   0.0   0.6   0.3  16.1    0:15   WSW
 9  10.5  17.2   17:15   5.2    8:00   7.8   0.0   0.0   0.0   6.4   13:15   WNW
10  10.3  12.2   14:15   7.6   00:00   8.0   0.0   0.0   1.0  19.3   10:30   ENE
11   7.9  13.1   15:30   3.9    8:15  10.3   0.0   0.2   1.1  19.3   15:30   ENE
12   6.3  12.7   18:00   1.8    8:15  12.0   0.0   0.0   0.2  11.3   15:00   ENE
13   3.9   5.9   12:45   2.3    1:45  14.4   0.0   0.0   0.8  17.7   18:15   ENE
14   4.2   6.4   12:45   3.1   20:45  14.1   0.0   3.4   0.5  14.5   16:30   ENE
15   4.7   6.1   18:00   3.0    9:30  13.6   0.0   3.8   0.3  12.9    5:45   ENE
16   6.7   8.1   17:15   5.9    0:30  11.6   0.0   9.8   0.0   8.0    0:45   WSW
17   7.7   9.4   16:45   5.4   00:00  10.6   0.0   1.0   0.0   8.0   12:30   WSW
18   8.0  10.9   16:30   5.2    0:30  10.3   0.0   0.0   0.0   0.0     ---   ---
19  10.9  12.5   16:45   9.6    0:15   7.4   0.0   0.0   0.0   0.0     ---   ---
20   9.4  13.1   14:45   5.9   00:00   8.9   0.0   0.0   0.0  11.3   15:30    NW
21   9.2  12.8   16:00   5.9    0:15   9.1   0.0   2.6   0.6  24.1   19:45   SSW
22  11.9  13.8   17:30  10.3    0:30   6.4   0.0   1.2   1.1  16.1   13:15   SSW
23  11.4  13.8   13:15   8.9    8:45   6.8   0.0   0.0   0.0   8.0   14:30   SSE
24  11.6  15.0   16:45   9.9    7:00   6.7   0.0   0.0   0.2  11.3   14:30   SSE
25  10.9  13.2   15:00   8.3   22:45   7.3   0.0   1.2   0.0   9.7    6:00   SSW
26  10.4  16.3   15:00   7.2    4:15   7.8   0.0   0.0   0.3  17.7   12:15    SE
27  12.5  18.4   13:15   7.1    7:45   5.8   0.0   0.4   0.2  14.5   11:45    SE
28  12.8  14.7   13:30  11.2   23:45   5.5   0.0   0.0   0.2  11.3   11:30    SE
29  11.7  16.1   15:00   7.6   00:00   6.6   0.0   0.0   0.5  16.1   12:00   SSE
30  10.0  15.8   14:30   5.9    6:00   8.3   0.0   0.2   0.2  11.3   11:15    SE
31  10.0  16.8   15:45   5.8    7:15   8.3   0.0   0.2   0.2  12.9   13:45     E
-------------------------------------------------------------------------------------
    10.2  20.6     3     1.8    12   251.6   0.4  39.6   0.4  25.7     1     ENE

Max >=  32.0:  0
Max <=   0.0:  0
Min <=   0.0:  0
Min <= -18.0:  0
Max Rain: 9.80 ON 16/10/15
Days of Rain: 15 (> .2 mm) 7 (> 2 mm) 0 (> 20 mm)
Heat Base:  18.3  Cool Base:  18.3  Method: Integration
Benelux Weer Netwerk cwop awekas hwa wcloud pwsweather wow wow