NOAA-Style Climate Reports

Select a Year or Month report
2021: Jan | Feb | Mar | Apr | May | Jun | Jul | Aug | Sep | Oct | Nov | Dec |
2020: Jan | Feb | Mar | Apr | May | Jun | Jul | Aug | Sep | Oct | Nov | Dec |
2019: Jan | Feb | Mar | Apr | May | Jun | Jul | Aug | Sep | Oct | Nov | Dec |
2018: Jan | Feb | Mar | Apr | May | Jun | Jul | Aug | Sep | Oct | Nov | Dec |
2017: Jan | Feb | Mar | Apr | May | Jun | Jul | Aug | Sep | Oct | Nov | Dec |
2016: Jan | Feb | Mar | Apr | May | Jun | Jul | Aug | Sep | Oct | Nov | Dec |
2015: Jan | Feb | Mar | Apr | May | Jun | Jul | Aug | Sep | Oct | Nov | Dec |
2014: Jan | Feb | Mar | Apr | May | Jun | Jul | Aug | Sep | Oct | Nov | Dec |
2013: Jan | Feb | Mar | Apr | May | Jun | Jul | Aug | Sep | Oct | Nov | Dec |
2012: Jan | Feb | Mar | Apr | May | Jun | Jul | Aug | Sep | Oct | Nov | Dec |
2011: Jan | Feb | Mar | Apr | May | Jun | Jul | Aug | Sep | Oct | Nov | Dec |
2010: Jan | Feb | Mar | Apr | May | Jun | Jul | Aug | Sep | Oct | Nov | Dec |
2009: Jan | Feb | Mar | Apr | May | Jun | Jul | Aug | Sep | Oct | Nov | Dec |
2008: Jan | Feb | Mar | Apr | May | Jun | Jul | Aug | Sep | Oct | Nov | Dec |
2007: Jan | Feb | Mar | Apr | May | Jun | Jul | Aug | Sep | Oct | Nov | Dec |
2006: Jan | Feb | Mar | Apr | May | Jun | Jul | Aug | Sep | Oct | Nov | Dec |
2005: Jan | Feb | Mar | Apr | May | Jun | Jul | Aug | Sep | Oct | Nov | Dec |
2004: Jan | Feb | Mar | Apr | May | Jun | Jul | Aug | Sep | Oct | Nov | Dec |
2003: Jan | Feb | Mar | Apr | May | Jun | Jul | Aug | Sep | Oct | Nov | Dec |

Report for 2015 November
                   MONTHLY CLIMATOLOGICAL SUMMARY for NOV. 2015

NAME: Patrick Nijs   CITY: Heist-op-den-Berg   STATE: Belgium 
ELEV:    15 m  LAT:  51° 04' 15" N  LONG:   4° 42' 13" E

                   TEMPERATURE (°C), RAIN  (mm), WIND SPEED (km/hr)

                                      HEAT  COOL        AVG
    MEAN                              DEG   DEG         WIND                 DOM
DAY TEMP  HIGH   TIME   LOW    TIME   DAYS  DAYS  RAIN  SPEED HIGH   TIME    DIR
------------------------------------------------------------------------------------
 1   9.5  18.6   15:15   3.3    7:15   8.8   0.0   0.0   0.0  11.3   10:15    SE
 2   6.9  15.1   16:00   2.8    6:30  11.4   0.0   0.2   0.0   6.4   14:00    SE
 3  10.1  18.3   16:00   3.3    5:45   8.2   0.0   0.2   0.0   8.0   22:00    SE
 4  13.1  16.5   13:30  10.2    5:15   5.2   0.0   0.2   1.0  27.4   11:15    SE
 5  13.7  17.4   14:45   9.9    5:30   4.6   0.0   2.0   0.3  11.3   11:45   SSE
 6  15.6  17.4   00:00  14.1    0:15   2.7   0.0   1.2   1.6  19.3   13:30   SSW
 7  17.6  19.3   15:00  14.7   00:00   1.0   0.2   0.2   2.6  33.8   20:45    SW
 8  14.5  18.2   22:30   9.7    5:30   3.8   0.0   0.0   1.4  27.4   22:30   SSE
 9  14.7  17.7    0:15  13.5   18:30   3.6   0.0   0.6   5.3  32.2   13:30     W
10  13.8  15.4   14:45  13.0    6:45   4.5   0.0   0.0   4.3  32.2    2:15   WSW
11  12.6  14.3   14:00  11.0    7:00   5.7   0.0   0.0   1.4  22.5   13:45   SSW
12  13.3  15.7   14:15  11.6    6:45   5.0   0.0   0.0   0.3  14.5    3:45    SW
13  12.0  14.4   14:15   8.1   00:00   6.3   0.0   2.2   4.0  37.0   16:15     W
14   9.1  11.2   00:00   7.2    1:45   9.2   0.0   3.6   4.2  29.0   22:30   WSW
15  14.2  16.3   15:00  11.2    0:15   4.2   0.0   0.8   9.5  45.1   13:30     W
16  12.7  13.4   17:45  11.9    7:45   5.6   0.0   1.6   3.9  32.2    4:00    SW
17  14.3  15.9   20:45  12.1    1:15   4.0   0.0  13.0   6.9  49.9   23:30     W
18  13.7  15.2    0:15  12.7    8:45   4.6   0.0   0.0   9.2  46.7    0:15     W
19  11.3  13.9    3:00   8.2   20:00   7.0   0.0  20.0   4.2  33.8    3:00   WNW
20   8.3   9.7    0:15   5.7   23:45  10.0   0.0   0.2   2.6  22.5   23:45     W
21   4.1   5.9    0:15   2.4    8:30  14.2   0.0   3.2   2.1  20.9    2:45     W
22   2.7   5.4   14:30   0.3   00:00  15.6   0.0   1.0   2.4  24.1   15:15   WNW
23   1.7   6.4   15:00  -2.0    8:15  16.6   0.0   0.2   0.2   8.0   14:00   WNW
24   3.1   5.4   00:00   0.3    0:45  15.2   0.0   6.4   3.1  25.7   10:45   SSW
25   5.8   8.4   12:00   3.9   23:30  12.5   0.0   5.4   1.8  24.1   13:45   WNW
26   4.4   9.9   15:00   1.2   22:30  13.9   0.0   0.2   0.2   8.0   12:15   WNW
27   3.4   6.3   15:30   0.7    2:45  14.9   0.0   0.2   1.8  25.7   22:30   SSE
28   6.4   8.4   22:15   4.2    9:00  11.9   0.0   4.6   5.6  35.4   22:45     W
29  10.2  12.2   23:45   7.1    0:15   8.1   0.0   8.4   8.2  40.2   22:00   WSW
30  10.1  11.8   23:45   8.0    8:45   7.6   0.0  17.8   6.9  38.6   22:00     W
-------------------------------------------------------------------------------------
    10.1  19.3     7    -2.0    23   245.9   0.2  93.4   3.2  49.9    17       W

Max >=  32.0:  0
Max <=   0.0:  0
Min <=   0.0:  1
Min <= -18.0:  0
Max Rain: 19.99 ON 19/11/15
Days of Rain: 24 (> .2 mm) 11 (> 2 mm) 0 (> 20 mm)
Heat Base:  18.3  Cool Base:  18.3  Method: Integration
Benelux Weer Netwerk cwop awekas hwa wcloud pwsweather wow wow