NOAA-Style Climate Reports

Select a Year or Month report
2021: Jan | Feb | Mar | Apr | May | Jun | Jul | Aug | Sep | Oct | Nov | Dec |
2020: Jan | Feb | Mar | Apr | May | Jun | Jul | Aug | Sep | Oct | Nov | Dec |
2019: Jan | Feb | Mar | Apr | May | Jun | Jul | Aug | Sep | Oct | Nov | Dec |
2018: Jan | Feb | Mar | Apr | May | Jun | Jul | Aug | Sep | Oct | Nov | Dec |
2017: Jan | Feb | Mar | Apr | May | Jun | Jul | Aug | Sep | Oct | Nov | Dec |
2016: Jan | Feb | Mar | Apr | May | Jun | Jul | Aug | Sep | Oct | Nov | Dec |
2015: Jan | Feb | Mar | Apr | May | Jun | Jul | Aug | Sep | Oct | Nov | Dec |
2014: Jan | Feb | Mar | Apr | May | Jun | Jul | Aug | Sep | Oct | Nov | Dec |
2013: Jan | Feb | Mar | Apr | May | Jun | Jul | Aug | Sep | Oct | Nov | Dec |
2012: Jan | Feb | Mar | Apr | May | Jun | Jul | Aug | Sep | Oct | Nov | Dec |
2011: Jan | Feb | Mar | Apr | May | Jun | Jul | Aug | Sep | Oct | Nov | Dec |
2010: Jan | Feb | Mar | Apr | May | Jun | Jul | Aug | Sep | Oct | Nov | Dec |
2009: Jan | Feb | Mar | Apr | May | Jun | Jul | Aug | Sep | Oct | Nov | Dec |
2008: Jan | Feb | Mar | Apr | May | Jun | Jul | Aug | Sep | Oct | Nov | Dec |
2007: Jan | Feb | Mar | Apr | May | Jun | Jul | Aug | Sep | Oct | Nov | Dec |
2006: Jan | Feb | Mar | Apr | May | Jun | Jul | Aug | Sep | Oct | Nov | Dec |
2005: Jan | Feb | Mar | Apr | May | Jun | Jul | Aug | Sep | Oct | Nov | Dec |
2004: Jan | Feb | Mar | Apr | May | Jun | Jul | Aug | Sep | Oct | Nov | Dec |
2003: Jan | Feb | Mar | Apr | May | Jun | Jul | Aug | Sep | Oct | Nov | Dec |

Report for 2016 April
                   MONTHLY CLIMATOLOGICAL SUMMARY for APR. 2016

NAME: Patrick Nijs   CITY: Heist-op-den-Berg   STATE: Belgium 
ELEV:    15 m  LAT:  51° 04' 15" N  LONG:   4° 42' 13" E

                   TEMPERATURE (°C), RAIN  (mm), WIND SPEED (km/hr)

                                      HEAT  COOL        AVG
    MEAN                              DEG   DEG         WIND                 DOM
DAY TEMP  HIGH   TIME   LOW    TIME   DAYS  DAYS  RAIN  SPEED HIGH   TIME    DIR
------------------------------------------------------------------------------------
 1   8.3  13.1   16:30   2.1    8:00  10.0   0.0   0.0   0.3  16.1   17:15   NNW
 2  10.7  14.4   19:00   7.9    7:30   7.6   0.0   0.0   0.5  14.5   13:00    SE
 3  16.3  20.7   16:00  12.4    0:15   2.4   0.4   0.2   1.8  19.3   10:45   SSE
 4  13.8  16.9   16:15  10.7   11:30   4.5   0.0   1.2   1.8  22.5   14:00   SSE
 5  11.2  15.0   17:00   8.7   22:30   7.1   0.0   1.4   1.6  20.9   16:45   WNW
 6   9.6  12.4   16:45   7.2    4:00   8.7   0.0   0.0   4.5  35.4   18:45    SW
 7   7.7  11.7   15:45   5.2    7:15  10.6   0.0   0.2   3.1  30.6   12:00   WNW
 8   8.4  13.3   15:45   4.3    7:30   9.9   0.0   0.2   0.8  17.7   17:00   WNW
 9  10.0  15.9   16:45   3.1    7:00   8.3   0.0   0.0   1.6  20.9   18:15   SSE
10  11.1  16.0   19:15   4.8    7:30   7.3   0.0   0.4   1.4  20.9   17:00     E
11  14.8  20.7   17:15   9.0    7:15   3.9   0.4   0.0   2.7  25.7   12:30     E
12  12.3  17.7   14:30   7.4   00:00   6.0   0.0   0.0   1.0  22.5   17:30   SSE
13   9.3  14.3   18:15   4.4    6:30   8.9   0.0   0.2   0.5  12.9   18:00     E
14  10.1  17.9   17:15   3.2    6:45   8.2   0.0   2.2   0.3  24.1   18:00    SE
15  12.1  17.1   18:30   9.3   22:30   6.3   0.0  13.6   3.4  37.0   22:00    SW
16   9.7  13.2   14:15   5.1   00:00   8.6   0.0   0.4   4.3  32.2   12:30   WNW
17   6.1  11.2   15:15   3.6   00:00  12.2   0.0   4.4   1.0  19.3   10:00   WNW
18   7.5  12.7   17:45   0.7    6:45  10.8   0.0   0.2   2.7  24.1   16:30   WNW
19  10.6  15.1   17:30   6.8   00:00   7.8   0.0   0.0   2.1  20.9   13:45    NW
20   9.4  16.1   17:30   2.7    6:15   8.9   0.0   0.0   1.9  22.5   16:00     E
21  12.5  19.7   16:45   4.7    7:15   5.9   0.2   0.0   1.1  16.1   11:30   ENE
22  11.3  14.7   15:30   7.9    8:30   7.0   0.0   0.0   1.4  20.9   10:15   ENE
23   7.6  11.7   16:00   3.6   00:00  10.7   0.0   0.6   1.9  25.7   16:15   NNW
24   4.4   8.9   17:45   2.3    8:15  13.8   0.0   6.2   2.6  27.4   17:45   WNW
25   4.7   7.8   17:15   2.2    5:30  13.2   0.0   7.8   2.3  25.7   11:30   WNW
26   4.3   7.7   14:00   1.5    6:00  14.0   0.0   3.6   6.4  37.0   13:00   WNW
27   5.2   8.9   18:30   3.0    3:15  13.1   0.0  16.4   5.6  30.6    5:45   WNW
28   5.2  10.2   19:00  -0.1    6:30  13.1   0.0   1.8   1.4  24.1   13:45    NW
29   7.2  10.2   19:00   3.7    0:15  11.1   0.0   2.0   1.8  19.3    8:00   SSW
30   8.5  12.7   16:15   5.7    6:00   9.8   0.0   0.2   0.8  16.1   14:45    NW
-------------------------------------------------------------------------------------
     9.3  20.7     3    -0.1    28   269.8   0.9  63.2   2.1  37.0    15     WNW

Max >=  32.0:  0
Max <=   0.0:  0
Min <=   0.0:  1
Min <= -18.0:  0
Max Rain: 16.41 ON 27/04/16
Days of Rain: 20 (> .2 mm) 8 (> 2 mm) 0 (> 20 mm)
Heat Base:  18.3  Cool Base:  18.3  Method: Integration
Benelux Weer Netwerk cwop awekas hwa wcloud pwsweather wow wow