Wind From: 23-01-2021 18:00 Until: 24-01-2021 09:59 warning for: Wind Level: Yellow info button

NOAA-Style Climate Reports

Select a Year or Month report
2021: Jan | Feb | Mar | Apr | May | Jun | Jul | Aug | Sep | Oct | Nov | Dec |
2020: Jan | Feb | Mar | Apr | May | Jun | Jul | Aug | Sep | Oct | Nov | Dec |
2019: Jan | Feb | Mar | Apr | May | Jun | Jul | Aug | Sep | Oct | Nov | Dec |
2018: Jan | Feb | Mar | Apr | May | Jun | Jul | Aug | Sep | Oct | Nov | Dec |
2017: Jan | Feb | Mar | Apr | May | Jun | Jul | Aug | Sep | Oct | Nov | Dec |
2016: Jan | Feb | Mar | Apr | May | Jun | Jul | Aug | Sep | Oct | Nov | Dec |
2015: Jan | Feb | Mar | Apr | May | Jun | Jul | Aug | Sep | Oct | Nov | Dec |
2014: Jan | Feb | Mar | Apr | May | Jun | Jul | Aug | Sep | Oct | Nov | Dec |
2013: Jan | Feb | Mar | Apr | May | Jun | Jul | Aug | Sep | Oct | Nov | Dec |
2012: Jan | Feb | Mar | Apr | May | Jun | Jul | Aug | Sep | Oct | Nov | Dec |
2011: Jan | Feb | Mar | Apr | May | Jun | Jul | Aug | Sep | Oct | Nov | Dec |
2010: Jan | Feb | Mar | Apr | May | Jun | Jul | Aug | Sep | Oct | Nov | Dec |
2009: Jan | Feb | Mar | Apr | May | Jun | Jul | Aug | Sep | Oct | Nov | Dec |
2008: Jan | Feb | Mar | Apr | May | Jun | Jul | Aug | Sep | Oct | Nov | Dec |
2007: Jan | Feb | Mar | Apr | May | Jun | Jul | Aug | Sep | Oct | Nov | Dec |
2006: Jan | Feb | Mar | Apr | May | Jun | Jul | Aug | Sep | Oct | Nov | Dec |
2005: Jan | Feb | Mar | Apr | May | Jun | Jul | Aug | Sep | Oct | Nov | Dec |
2004: Jan | Feb | Mar | Apr | May | Jun | Jul | Aug | Sep | Oct | Nov | Dec |
2003: Jan | Feb | Mar | Apr | May | Jun | Jul | Aug | Sep | Oct | Nov | Dec |

Report for 2016 May
                   MONTHLY CLIMATOLOGICAL SUMMARY for MAY. 2016

NAME: Patrick Nijs   CITY: Heist-op-den-Berg   STATE: Belgium 
ELEV:    15 m  LAT:  51° 04' 15" N  LONG:   4° 42' 13" E

                   TEMPERATURE (°C), RAIN  (mm), WIND SPEED (km/hr)

                                      HEAT  COOL        AVG
    MEAN                              DEG   DEG         WIND                 DOM
DAY TEMP  HIGH   TIME   LOW    TIME   DAYS  DAYS  RAIN  SPEED HIGH   TIME    DIR
------------------------------------------------------------------------------------
 1   9.1  16.0   17:15   2.9    5:45   9.3   0.0   0.0   0.8  19.3   18:00    NW
 2  11.6  18.8   16:15   2.4    6:45   6.8   0.0   0.0   1.3  17.7   15:45   WNW
 3  11.4  15.1   16:45   6.4   00:00   6.9   0.0   2.8   3.5  24.1   14:00    NW
 4  10.7  17.3   17:15   2.8    5:45   7.6   0.0   0.0   1.0  17.7   18:30   ENE
 5  14.1  21.0   17:30   5.5    6:00   4.7   0.5   0.0   1.8  19.3   12:30   ENE
 6  17.8  25.4   18:30  10.0    4:45   2.7   2.1   0.0   1.6  20.9   15:15   ENE
 7  19.4  27.4   16:00  11.7    6:30   2.0   3.2   0.0   0.6  16.1   16:00    SE
 8  21.2  27.7   15:15  14.0    4:00   0.9   3.8   0.0   2.1  22.5   15:30   ESE
 9  21.0  26.4   17:45  15.3    6:15   0.5   3.2   0.0   2.3  20.9   12:00   ENE
10  17.5  21.3   14:00  15.6    7:00   1.1   0.3   9.8   0.2  16.1   14:00    SE
11  19.5  25.7   17:30  14.1    4:00   1.4   2.6   0.2   0.8  19.3   17:15   ENE
12  19.6  25.7   17:30  13.4    5:45   0.9   2.2   0.0   1.6  22.5   13:15   ENE
13  18.2  24.7   17:00  11.7   00:00   1.9   1.8   0.0   1.3  22.5   18:00     N
14   9.9  13.2   15:15   7.3   23:45   8.4   0.0   0.0   2.7  24.1   16:00    NW
15   9.0  12.4   18:30   5.9    3:30   9.3   0.0   0.4   2.6  30.6   13:30   WNW
16  10.4  14.4   19:15   5.6    6:15   7.9   0.0   0.0   0.3  14.5   15:30   WNW
17  13.2  18.6   15:00   7.7    0:45   5.1   0.0   0.0   1.4  19.3   18:00     W
18  14.1  18.8   16:30   9.2    5:00   4.2   0.0   0.0   1.6  22.5   13:15   SSE
19  13.9  19.4   19:15   8.3    6:45   4.4   0.1   0.2   0.8  14.5   19:45     W
20  14.6  18.6   17:45  10.7    3:30   3.7   0.0   1.2   1.6  19.3   10:30     W
21  18.3  23.6   16:45  13.7    3:15   1.6   1.7   0.2   2.1  25.7   13:00   SSE
22  16.7  18.1    2:45  14.2   00:00   1.6   0.0   4.2   0.6  16.1   13:00   SSE
23  11.9  14.2    0:15   9.9    7:15   6.4   0.0   7.6   4.0  22.5   12:45    NW
24  11.9  15.8   16:00   8.4   00:00   6.4   0.0   1.6   1.3  16.1    3:45    NW
25  11.6  18.4   18:30   6.1    4:30   6.7   0.0   0.2   0.2   9.7   10:45    NW
26  16.3  22.9   17:30   9.8    2:45   3.2   1.2   0.2   0.3  12.9   12:00   ENE
27  17.8  23.3   17:15  13.6    5:00   1.8   1.3   0.0   1.0  16.1   17:30   ENE
28  17.5  24.6   17:45  12.4    7:00   2.2   1.4   0.4   0.3  11.3   17:00     N
29  16.3  18.8   12:00  14.3    3:30   2.0   0.0   0.2   0.2  12.9   13:45     N
30  14.7  15.9    0:15  14.1   14:15   3.6   0.0   4.4   1.0  22.5   10:15    NW
31  16.7  19.7   17:15  14.2    1:00   1.8   0.2   0.0   0.5  14.5    8:00   ENE
-------------------------------------------------------------------------------------
    15.0  27.7     8     2.4     2   126.8  25.7  33.6   1.3  30.6    15      NW

Max >=  32.0:  0
Max <=   0.0:  0
Min <=   0.0:  0
Min <= -18.0:  0
Max Rain: 9.80 ON 10/05/16
Days of Rain: 15 (> .2 mm) 5 (> 2 mm) 0 (> 20 mm)
Heat Base:  18.3  Cool Base:  18.3  Method: Integration
Benelux Weer Netwerk cwop awekas hwa wcloud pwsweather wow wow