-->

NOAA-Style Climate Reports

Select a Year or Month report
2021: Jan | Feb | Mar | Apr | May | Jun | Jul | Aug | Sep | Oct | Nov | Dec |
2020: Jan | Feb | Mar | Apr | May | Jun | Jul | Aug | Sep | Oct | Nov | Dec |
2019: Jan | Feb | Mar | Apr | May | Jun | Jul | Aug | Sep | Oct | Nov | Dec |
2018: Jan | Feb | Mar | Apr | May | Jun | Jul | Aug | Sep | Oct | Nov | Dec |
2017: Jan | Feb | Mar | Apr | May | Jun | Jul | Aug | Sep | Oct | Nov | Dec |
2016: Jan | Feb | Mar | Apr | May | Jun | Jul | Aug | Sep | Oct | Nov | Dec |
2015: Jan | Feb | Mar | Apr | May | Jun | Jul | Aug | Sep | Oct | Nov | Dec |
2014: Jan | Feb | Mar | Apr | May | Jun | Jul | Aug | Sep | Oct | Nov | Dec |
2013: Jan | Feb | Mar | Apr | May | Jun | Jul | Aug | Sep | Oct | Nov | Dec |
2012: Jan | Feb | Mar | Apr | May | Jun | Jul | Aug | Sep | Oct | Nov | Dec |
2011: Jan | Feb | Mar | Apr | May | Jun | Jul | Aug | Sep | Oct | Nov | Dec |
2010: Jan | Feb | Mar | Apr | May | Jun | Jul | Aug | Sep | Oct | Nov | Dec |
2009: Jan | Feb | Mar | Apr | May | Jun | Jul | Aug | Sep | Oct | Nov | Dec |
2008: Jan | Feb | Mar | Apr | May | Jun | Jul | Aug | Sep | Oct | Nov | Dec |
2007: Jan | Feb | Mar | Apr | May | Jun | Jul | Aug | Sep | Oct | Nov | Dec |
2006: Jan | Feb | Mar | Apr | May | Jun | Jul | Aug | Sep | Oct | Nov | Dec |
2005: Jan | Feb | Mar | Apr | May | Jun | Jul | Aug | Sep | Oct | Nov | Dec |
2004: Jan | Feb | Mar | Apr | May | Jun | Jul | Aug | Sep | Oct | Nov | Dec |
2003: Jan | Feb | Mar | Apr | May | Jun | Jul | Aug | Sep | Oct | Nov | Dec |

Report for 2016 June
                   MONTHLY CLIMATOLOGICAL SUMMARY for JUN. 2016

NAME: Patrick Nijs   CITY: Heist-op-den-Berg   STATE: Belgium 
ELEV:    15 m  LAT:  51° 04' 15" N  LONG:   4° 42' 13" E

                   TEMPERATURE (°C), RAIN  (mm), WIND SPEED (km/hr)

                                      HEAT  COOL        AVG
    MEAN                              DEG   DEG         WIND                 DOM
DAY TEMP  HIGH   TIME   LOW    TIME   DAYS  DAYS  RAIN  SPEED HIGH   TIME    DIR
------------------------------------------------------------------------------------
 1  15.4  16.9    0:15  14.2    6:00   2.9   0.0   5.2   1.3  17.7   17:00   WNW
 2  15.3  17.9   16:00  12.8   00:00   3.0   0.0   0.8   1.0  16.1    6:00    NW
 3  15.1  20.7   19:00  12.2    4:15   3.5   0.2   4.0   0.2  16.1   00:00    NW
 4  15.6  21.1   18:00  12.4    3:45   3.0   0.2   4.2   0.6  17.7    3:30   WNW
 5  18.7  27.1   16:15  14.3    7:00   1.5   1.9   0.2   0.3  17.7   18:00   WNW
 6  20.7  28.2   16:30  13.7    6:00   1.2   3.5   0.0   0.5  16.1   17:00   ENE
 7  21.3  27.8   17:00  17.1   00:00   0.2   3.1   0.6   0.6  24.1   18:30   ENE
 8  19.1  24.6   14:15  14.6   00:00   1.1   1.9   0.0   1.1  19.3   17:15    NW
 9  17.1  22.9   16:00  12.4    5:45   2.4   1.2   0.0   0.6  17.7   16:30    NW
10  17.2  24.2   16:45   9.4    6:15   2.8   1.7   0.0   0.3  14.5   15:30    NW
11  18.2  22.7   18:15  15.9    6:15   1.1   1.0   2.6   0.5  12.9   12:30   ENE
12  17.6  21.1   15:30  15.3    6:15   1.2   0.5  10.2   0.8  20.9   15:45     N
13  15.7  18.4   13:15  14.2   00:00   2.6   0.0   7.2   1.0  20.9   13:30   WSW
14  15.8  19.6   19:00  13.4    6:45   2.6   0.1   1.6   2.1  24.1   16:30   WSW
15  14.8  19.0   19:30  13.0    9:30   3.5   0.0   9.0   0.3  16.1   14:45    SW
16  14.4  18.8   14:30   9.9    5:30   3.9   0.0   1.2   0.0  11.3   15:45   SSE
17  15.3  19.4   16:00  12.8    4:30   3.1   0.0   3.2   0.6  16.1   13:30     W
18  14.5  17.1   11:00  12.3   00:00   3.8   0.0   3.4   1.9  22.5   14:45     W
19  15.1  19.9   18:00  10.9    6:00   3.4   0.2   1.8   0.6  12.9   11:30   WNW
20  15.6  17.7   13:00  14.1    8:00   2.7   0.0  12.8   1.8  22.5   12:45   SSE
21  17.4  20.3   17:00  15.1    0:15   1.2   0.3   1.0   0.6  17.7    1:00    SW
22  20.6  26.4   19:15  13.5    6:15   1.1   3.4   0.2   1.0  14.5   10:30   SSE
23  23.8  31.1   17:45  19.4    6:00   0.0   5.5   9.8   0.8  19.3   11:00   SSE
24  20.4  24.8   18:30  17.1   00:00   0.0   2.2   8.6   1.6  17.7   12:15   WNW
25  15.5  18.2   18:15  12.4   00:00   2.8   0.0   4.4   0.5  19.3   18:45   WNW
26  14.2  18.3   12:15  10.8    4:00   4.2   0.0   8.6   1.1  25.7   13:00     W
27  15.4  20.1   17:00  12.5    3:30   3.0   0.1   2.8   1.8  20.9   17:00   SSW
28  18.1  21.8   15:15  14.8    6:30   1.3   1.0   1.6   0.8  19.3   00:00   SSW
29  16.6  20.9   16:45  13.2    5:00   2.2   0.4   8.6   2.7  29.0   12:15    SW
30  16.7  19.7   20:15  15.0    1:45   1.7   0.1   0.6   1.3  17.7   16:00   SSW
-------------------------------------------------------------------------------------
    17.0  31.1    23     9.4    10    67.0  28.7 114.2   0.9  29.0    29     WNW

Max >=  32.0:  0
Max <=   0.0:  0
Min <=   0.0:  0
Min <= -18.0:  0
Max Rain: 12.80 ON 20/06/16
Days of Rain: 26 (> .2 mm) 16 (> 2 mm) 0 (> 20 mm)
Heat Base:  18.3  Cool Base:  18.3  Method: Integration
Benelux Weer Netwerk cwop awekas hwa wcloud pwsweather wow wow