Thunderstorms From: 14-05-2021 10:59 Until: 22:59 warning for: Thunderstorms Level: Yellow info button

NOAA-Style Climate Reports

Select a Year or Month report
2021: Jan | Feb | Mar | Apr | May | Jun | Jul | Aug | Sep | Oct | Nov | Dec |
2020: Jan | Feb | Mar | Apr | May | Jun | Jul | Aug | Sep | Oct | Nov | Dec |
2019: Jan | Feb | Mar | Apr | May | Jun | Jul | Aug | Sep | Oct | Nov | Dec |
2018: Jan | Feb | Mar | Apr | May | Jun | Jul | Aug | Sep | Oct | Nov | Dec |
2017: Jan | Feb | Mar | Apr | May | Jun | Jul | Aug | Sep | Oct | Nov | Dec |
2016: Jan | Feb | Mar | Apr | May | Jun | Jul | Aug | Sep | Oct | Nov | Dec |
2015: Jan | Feb | Mar | Apr | May | Jun | Jul | Aug | Sep | Oct | Nov | Dec |
2014: Jan | Feb | Mar | Apr | May | Jun | Jul | Aug | Sep | Oct | Nov | Dec |
2013: Jan | Feb | Mar | Apr | May | Jun | Jul | Aug | Sep | Oct | Nov | Dec |
2012: Jan | Feb | Mar | Apr | May | Jun | Jul | Aug | Sep | Oct | Nov | Dec |
2011: Jan | Feb | Mar | Apr | May | Jun | Jul | Aug | Sep | Oct | Nov | Dec |
2010: Jan | Feb | Mar | Apr | May | Jun | Jul | Aug | Sep | Oct | Nov | Dec |
2009: Jan | Feb | Mar | Apr | May | Jun | Jul | Aug | Sep | Oct | Nov | Dec |
2008: Jan | Feb | Mar | Apr | May | Jun | Jul | Aug | Sep | Oct | Nov | Dec |
2007: Jan | Feb | Mar | Apr | May | Jun | Jul | Aug | Sep | Oct | Nov | Dec |
2006: Jan | Feb | Mar | Apr | May | Jun | Jul | Aug | Sep | Oct | Nov | Dec |
2005: Jan | Feb | Mar | Apr | May | Jun | Jul | Aug | Sep | Oct | Nov | Dec |
2004: Jan | Feb | Mar | Apr | May | Jun | Jul | Aug | Sep | Oct | Nov | Dec |
2003: Jan | Feb | Mar | Apr | May | Jun | Jul | Aug | Sep | Oct | Nov | Dec |

Report for 2016 July
                   MONTHLY CLIMATOLOGICAL SUMMARY for JUL. 2016

NAME: Patrick Nijs   CITY: Heist-op-den-Berg   STATE: Belgium 
ELEV:    15 m  LAT:  51° 04' 15" N  LONG:   4° 42' 13" E

                   TEMPERATURE (°C), RAIN  (mm), WIND SPEED (km/hr)

                                      HEAT  COOL        AVG
    MEAN                              DEG   DEG         WIND                 DOM
DAY TEMP  HIGH   TIME   LOW    TIME   DAYS  DAYS  RAIN  SPEED HIGH   TIME    DIR
------------------------------------------------------------------------------------
 1  17.3  20.1   14:45  15.6   00:00   1.2   0.2   0.2   1.9  20.9   13:30   SSW
 2  15.1  18.9   18:45  11.5   14:30   3.2   0.0   0.0   4.0  38.6   13:30     W
 3  16.0  20.3   17:45  11.9    5:45   2.6   0.3   0.2   1.8  22.5   14:00    SW
 4  17.7  23.6   18:45  11.3    4:45   2.2   1.5   0.2   0.2  11.3   13:30   SSE
 5  16.9  21.1   14:15  14.0   23:15   1.6   0.2   0.0   3.5  29.0   14:00   WSW
 6  16.8  22.0   17:15  12.1    5:45   2.3   0.8   0.2   0.6  14.5   15:15    NW
 7  17.9  23.4   19:00  11.0    6:00   2.1   1.7   0.2   0.2  16.1   12:30   SSW
 8  19.7  24.4   16:45  15.4    6:15   0.6   2.0   0.0   3.4  25.7   13:45     W
 9  20.6  25.9   18:15  15.6    5:45   0.6   2.9   0.0   2.4  20.9   17:00     W
10  22.8  29.7   17:00  17.4    5:00   0.1   4.6   0.2   1.8  24.1   16:30     S
11  19.4  22.6   16:45  16.9    6:30   0.3   1.4   0.0   4.5  32.2   17:00     W
12  17.0  21.6   13:45  14.0   00:00   1.6   0.3   0.0   1.8  22.5   17:45    SW
13  14.2  18.7   18:30  10.5    5:00   4.1   0.0   0.0   1.1  22.5   18:30    NW
14  15.4  20.5   17:00  12.7    6:15   3.1   0.2   0.0   1.3  25.7   13:15    NW
15  16.4  23.0   17:15  10.5    6:15   3.0   1.1   0.0   1.0  20.9   17:15   WNW
16  19.8  25.5   17:15  15.4    6:00   0.8   2.3   0.0   1.3  17.7   17:30   WSW
17  21.1  25.7   16:45  17.6    3:15   0.1   2.9   0.0   1.6  20.9   15:30     W
18  22.8  29.6   18:30  15.8    6:15   0.5   5.0   0.0   0.6  12.9   13:00   WNW
19  25.5  32.7   17:30  17.6    6:15   0.0   7.3   0.0   0.6  17.7   14:15   ENE
20  26.6  34.6   14:30  19.3    6:15   0.0   8.3   0.0   1.3  24.1   13:30   SSE
21  22.7  28.0   17:45  18.0    6:30   0.0   4.4   0.0   1.6  17.7   17:15   WNW
22  22.1  26.8   17:45  18.7    5:15   0.0   3.8   0.0   0.2  11.3   13:30    NW
23  21.3  26.4   15:00  18.4    6:15   0.0   3.0   5.4   1.4  17.7   16:00    NW
24  21.1  26.8   16:30  16.6    5:15   0.5   3.2   0.0   0.5  16.1   17:15   WNW
25  20.5  25.1   18:30  17.3   00:00   0.1   2.3   0.0   1.3  17.7    9:45     W
26  19.2  24.2   16:30  14.2    6:45   1.1   2.0   0.0   0.2  11.3   17:00    NW
27  18.8  23.0   15:45  14.4    7:00   0.8   1.3   0.0   1.8  19.3   13:45     W
28  19.8  24.5   16:30  15.8   00:00   0.3   1.8   2.6   2.6  25.7   16:15     W
29  19.2  22.9   15:45  15.3    1:00   0.8   1.7   1.2   3.1  38.6   15:30     W
30  18.3  23.8   16:45  15.5    6:45   0.9   0.9   0.0   1.6  17.7   14:30     W
31  18.5  22.2   14:45  14.6   00:00   0.8   1.0   0.0   1.6  24.1   14:30    NW
-------------------------------------------------------------------------------------
    19.4  34.6    20    10.5    13    35.1  68.5  10.4   1.6  38.6     2       W

Max >=  32.0:  2
Max <=   0.0:  0
Min <=   0.0:  0
Min <= -18.0:  0
Max Rain: 5.41 ON 23/07/16
Days of Rain: 9 (> .2 mm) 2 (> 2 mm) 0 (> 20 mm)
Heat Base:  18.3  Cool Base:  18.3  Method: Integration
Benelux Weer Netwerk cwop awekas hwa wcloud pwsweather wow wow