-->

NOAA-Style Climate Reports

Select a Year or Month report
2021: Jan | Feb | Mar | Apr | May | Jun | Jul | Aug | Sep | Oct | Nov | Dec |
2020: Jan | Feb | Mar | Apr | May | Jun | Jul | Aug | Sep | Oct | Nov | Dec |
2019: Jan | Feb | Mar | Apr | May | Jun | Jul | Aug | Sep | Oct | Nov | Dec |
2018: Jan | Feb | Mar | Apr | May | Jun | Jul | Aug | Sep | Oct | Nov | Dec |
2017: Jan | Feb | Mar | Apr | May | Jun | Jul | Aug | Sep | Oct | Nov | Dec |
2016: Jan | Feb | Mar | Apr | May | Jun | Jul | Aug | Sep | Oct | Nov | Dec |
2015: Jan | Feb | Mar | Apr | May | Jun | Jul | Aug | Sep | Oct | Nov | Dec |
2014: Jan | Feb | Mar | Apr | May | Jun | Jul | Aug | Sep | Oct | Nov | Dec |
2013: Jan | Feb | Mar | Apr | May | Jun | Jul | Aug | Sep | Oct | Nov | Dec |
2012: Jan | Feb | Mar | Apr | May | Jun | Jul | Aug | Sep | Oct | Nov | Dec |
2011: Jan | Feb | Mar | Apr | May | Jun | Jul | Aug | Sep | Oct | Nov | Dec |
2010: Jan | Feb | Mar | Apr | May | Jun | Jul | Aug | Sep | Oct | Nov | Dec |
2009: Jan | Feb | Mar | Apr | May | Jun | Jul | Aug | Sep | Oct | Nov | Dec |
2008: Jan | Feb | Mar | Apr | May | Jun | Jul | Aug | Sep | Oct | Nov | Dec |
2007: Jan | Feb | Mar | Apr | May | Jun | Jul | Aug | Sep | Oct | Nov | Dec |
2006: Jan | Feb | Mar | Apr | May | Jun | Jul | Aug | Sep | Oct | Nov | Dec |
2005: Jan | Feb | Mar | Apr | May | Jun | Jul | Aug | Sep | Oct | Nov | Dec |
2004: Jan | Feb | Mar | Apr | May | Jun | Jul | Aug | Sep | Oct | Nov | Dec |
2003: Jan | Feb | Mar | Apr | May | Jun | Jul | Aug | Sep | Oct | Nov | Dec |

Report for 2016 August
                   MONTHLY CLIMATOLOGICAL SUMMARY for AUG. 2016

NAME: Patrick Nijs   CITY: Heist-op-den-Berg   STATE: Belgium 
ELEV:    15 m  LAT:  51° 04' 15" N  LONG:   4° 42' 13" E

                   TEMPERATURE (°C), RAIN  (mm), WIND SPEED (km/hr)

                                      HEAT  COOL        AVG
    MEAN                              DEG   DEG         WIND                 DOM
DAY TEMP  HIGH   TIME   LOW    TIME   DAYS  DAYS  RAIN  SPEED HIGH   TIME    DIR
------------------------------------------------------------------------------------
 1  16.9  22.2   14:15  12.2    3:30   2.2   0.9   0.4   1.1  22.5   12:45    NW
 2  16.2  18.3   19:30  13.9    5:15   2.1   0.0  17.2   1.8  20.9   16:30    NW
 3  18.1  19.3   18:30  16.6   00:00   0.4   0.2   1.8   2.9  19.3   11:45    SW
 4  17.4  20.9   19:30  14.8    5:45   1.4   0.5   0.2   2.6  22.5   14:30    SW
 5  16.8  21.1   18:15  13.4    5:00   2.0   0.5   0.2   1.4  19.3   13:30   WNW
 6  17.0  22.6   16:30  12.6    4:45   2.4   1.2   0.0   1.4  19.3   15:15   WNW
 7  18.8  25.4   16:45  12.8    5:30   1.9   2.3   0.0   2.3  20.9   23:15     W
 8  18.3  22.0   16:30  14.9    7:00   1.0   1.0   0.2   3.7  25.7    4:15     W
 9  15.3  19.2   17:30  11.3   00:00   3.0   0.0   0.0   1.4  22.5   13:00    NW
10  13.1  17.7   19:30  10.0   00:00   5.2   0.0   0.0   0.3  14.5   13:30    NW
11  12.4  15.2   23:00   8.2    3:30   5.8   0.0   0.0   1.6  17.7   12:45    SW
12  19.0  23.8   19:00  15.1    0:15   1.0   1.7   0.0   3.1  22.5   11:45     W
13  18.6  24.3   17:45  13.8    6:15   1.4   1.7   0.2   2.3  19.3   14:00   WNW
14  18.2  24.3   16:30  13.6    6:15   1.6   1.5   0.0   0.3  12.9   16:00    NW
15  18.3  23.3   18:15  14.3    6:30   1.5   1.5   0.0   0.8  14.5    9:00   ENE
16  18.1  25.0   17:30  12.3    6:45   2.0   1.8   0.0   1.3  16.1   11:30   ENE
17  19.4  26.8   16:15  11.9    7:00   1.8   2.8   0.0   1.1  19.3   13:30   ENE
18  19.3  26.4   18:45  12.7    7:15   1.5   2.5   0.0   0.3  11.3   13:15   ENE
19  18.7  23.1   13:30  14.0    7:00   1.2   1.6   0.0   0.3  17.7   15:45     S
20  19.1  24.1   16:30  15.2    7:15   0.8   1.6   0.0   2.6  27.4   19:15   SSW
21  16.4  20.2   18:30  13.7    7:30   2.1   0.2   0.4   3.1  25.7   11:00   WSW
22  18.7  25.3   18:00  14.7    2:15   1.5   1.9   0.0   2.4  22.5   13:00     W
23  21.1  29.8   17:00  12.8    6:30   1.7   4.4   0.0   0.2  11.3   13:00   SSE
24  24.9  33.6   16:45  16.3    7:15   0.2   6.9   0.6   0.5  14.5   11:15   SSE
25  25.6  34.3   16:45  17.6    6:45   0.0   7.4   0.6   0.2   9.7   15:30   SSE
26  24.3  30.2   16:00  20.0    6:30   0.0   6.0   0.0   0.5   9.7   13:00     W
27  23.8  31.0   17:00  17.6    7:00   0.1   5.6   0.0   1.1  19.3   13:15   ENE
28  22.1  24.9    1:15  17.6   00:00   0.0   3.8   0.0   2.9  25.7    9:45     W
29  18.7  23.4   16:45  15.6   00:00   0.6   1.1   3.2   0.8  14.5    8:15   WNW
30  17.9  25.1   16:30  10.8    7:15   2.4   2.1   0.0   0.0  12.9   17:00   ENE
31  19.2  26.4   17:00  11.4    7:45   1.9   2.8   0.0   0.8  17.7   13:15   WNW
-------------------------------------------------------------------------------------
    18.8  34.3    25     8.2    11    50.7  65.2  25.0   1.5  27.4    20     ENE

Max >=  32.0:  2
Max <=   0.0:  0
Min <=   0.0:  0
Min <= -18.0:  0
Max Rain: 17.20 ON 02/08/16
Days of Rain: 11 (> .2 mm) 2 (> 2 mm) 0 (> 20 mm)
Heat Base:  18.3  Cool Base:  18.3  Method: Integration
Benelux Weer Netwerk cwop awekas hwa wcloud pwsweather wow wow