NOAA-Style Climate Reports

Select a Year or Month report
2021: Jan | Feb | Mar | Apr | May | Jun | Jul | Aug | Sep | Oct | Nov | Dec |
2020: Jan | Feb | Mar | Apr | May | Jun | Jul | Aug | Sep | Oct | Nov | Dec |
2019: Jan | Feb | Mar | Apr | May | Jun | Jul | Aug | Sep | Oct | Nov | Dec |
2018: Jan | Feb | Mar | Apr | May | Jun | Jul | Aug | Sep | Oct | Nov | Dec |
2017: Jan | Feb | Mar | Apr | May | Jun | Jul | Aug | Sep | Oct | Nov | Dec |
2016: Jan | Feb | Mar | Apr | May | Jun | Jul | Aug | Sep | Oct | Nov | Dec |
2015: Jan | Feb | Mar | Apr | May | Jun | Jul | Aug | Sep | Oct | Nov | Dec |
2014: Jan | Feb | Mar | Apr | May | Jun | Jul | Aug | Sep | Oct | Nov | Dec |
2013: Jan | Feb | Mar | Apr | May | Jun | Jul | Aug | Sep | Oct | Nov | Dec |
2012: Jan | Feb | Mar | Apr | May | Jun | Jul | Aug | Sep | Oct | Nov | Dec |
2011: Jan | Feb | Mar | Apr | May | Jun | Jul | Aug | Sep | Oct | Nov | Dec |
2010: Jan | Feb | Mar | Apr | May | Jun | Jul | Aug | Sep | Oct | Nov | Dec |
2009: Jan | Feb | Mar | Apr | May | Jun | Jul | Aug | Sep | Oct | Nov | Dec |
2008: Jan | Feb | Mar | Apr | May | Jun | Jul | Aug | Sep | Oct | Nov | Dec |
2007: Jan | Feb | Mar | Apr | May | Jun | Jul | Aug | Sep | Oct | Nov | Dec |
2006: Jan | Feb | Mar | Apr | May | Jun | Jul | Aug | Sep | Oct | Nov | Dec |
2005: Jan | Feb | Mar | Apr | May | Jun | Jul | Aug | Sep | Oct | Nov | Dec |
2004: Jan | Feb | Mar | Apr | May | Jun | Jul | Aug | Sep | Oct | Nov | Dec |
2003: Jan | Feb | Mar | Apr | May | Jun | Jul | Aug | Sep | Oct | Nov | Dec |

Report for 2016 November
                   MONTHLY CLIMATOLOGICAL SUMMARY for NOV. 2016

NAME: Patrick Nijs   CITY: Heist-op-den-Berg   STATE: Belgium 
ELEV:    15 m  LAT:  51° 04' 15" N  LONG:   4° 42' 13" E

                   TEMPERATURE (°C), RAIN  (mm), WIND SPEED (km/hr)

                                      HEAT  COOL        AVG
    MEAN                              DEG   DEG         WIND                 DOM
DAY TEMP  HIGH   TIME   LOW    TIME   DAYS  DAYS  RAIN  SPEED HIGH   TIME    DIR
------------------------------------------------------------------------------------
 1   9.5  15.6   14:45   4.4    7:45   8.8   0.0   0.2   0.2  14.5   18:45     N
 2   8.1  11.2   12:30   6.4    2:15  10.2   0.0   0.0   2.4  19.3   11:15    NW
 3   7.4  11.6   15:45   3.8    7:30  10.9   0.0   0.0   0.5  11.3   12:45   WNW
 4   7.3  10.4   15:00   5.4    0:15  10.9   0.0   0.0   0.6  12.9   17:00   SSE
 5   7.6  10.6   14:15   6.4   20:30  10.7   0.0   0.2   2.7  24.1   00:00     W
 6   5.8   7.9   11:45   4.3    8:15  12.5   0.0   0.0   3.7  25.7   12:45     W
 7   4.7   5.7   13:45   3.9    8:15  13.6   0.0   0.8   0.2  12.9   15:45   SSE
 8   3.4   6.3   13:00   0.4    8:00  14.9   0.0   0.8   0.2  11.3   12:30   SSW
 9   3.7   5.3   12:15   0.6    1:30  14.6   0.0   0.2   0.3  12.9   10:30    SE
10   6.8   8.9   14:45   4.3    0:15  11.5   0.0   0.6   2.3  22.5   11:30    SW
11   3.5   5.9   15:45  -0.9   00:00  14.8   0.0   0.6   0.8  14.5   11:30    NW
12   1.7   5.3   15:30  -2.2    2:30  16.6   0.0  24.6   0.2  11.3   12:15    SE
13   4.7   5.9   15:15   3.9   00:00  13.6   0.0   2.6   0.0   6.4    3:45    SE
14   4.1   6.6   15:30   1.1    3:00  14.2   0.0   1.0   0.3  17.7   00:00    SE
15   9.6  12.4   23:45   6.0    0:15   8.7   0.0   2.2   2.1  16.1    9:15    SW
16  12.3  13.0   15:15  10.9   00:00   6.0   0.0   4.4   3.9  22.5   12:00    SW
17  10.6  11.8   22:45   9.1    9:15   7.7   0.0   3.4   4.5  29.0   15:15    SW
18   5.8  11.0    0:15   3.4   17:45  12.5   0.0   3.4   2.4  27.4   16:45    SW
19   5.9   7.7   12:45   4.6    0:15  12.4   0.0   2.6   2.1  20.9   11:00   SSE
20   9.7  13.4   13:15   5.6    2:15   8.6   0.0   2.2   4.5  56.3   13:15    SE
21  12.4  14.3   12:30  10.1    2:15   5.9   0.0   2.0   2.4  29.0   17:30   SSE
22  11.2  13.8   14:30   7.6   23:45   7.1   0.0   1.4   1.3  24.1    0:30   SSE
23   9.6  13.1   15:00   7.2    3:15   8.7   0.0   0.6   0.0   8.0    9:45   ENE
24   8.6  10.8   13:00   5.3   00:00   9.7   0.0   0.6   1.9  25.7   15:30   ENE
25   4.9   8.2   14:30   1.7   00:00  13.4   0.0   0.6   1.9  24.1    7:45   ENE
26   4.3   8.3   15:15   0.7   00:00  14.0   0.0   0.2   0.0   4.8    1:45     E
27   4.7   9.2   14:45   0.3    0:45  13.6   0.0   0.4   0.2  11.3   13:30   NNE
28   1.7   4.9   14:15  -1.2   22:45  16.6   0.0   0.2   1.0  24.1   15:15   ENE
29  -1.0   3.8   14:45  -3.9   00:00  19.3   0.0   0.0   0.3  11.3   12:00   ENE
30  -0.4   5.6   14:30  -5.7    5:45  18.7   0.0   0.0   0.6  12.9   14:00   ENE
-------------------------------------------------------------------------------------
     6.3  15.6     1    -5.7    30   360.6   0.0  55.9   1.4  56.3    20     ENE

Max >=  32.0:  0
Max <=   0.0:  0
Min <=   0.0:  5
Min <= -18.0:  0
Max Rain: 24.61 ON 12/11/16
Days of Rain: 24 (> .2 mm) 9 (> 2 mm) 1 (> 20 mm)
Heat Base:  18.3  Cool Base:  18.3  Method: Integration
Benelux Weer Netwerk cwop awekas hwa wcloud pwsweather wow wow