Thunderstorms From: 14-05-2021 11:59 Until: 22:59 warning for: Thunderstorms Level: Yellow info button

NOAA-Style Climate Reports

Select a Year or Month report
2021: Jan | Feb | Mar | Apr | May | Jun | Jul | Aug | Sep | Oct | Nov | Dec |
2020: Jan | Feb | Mar | Apr | May | Jun | Jul | Aug | Sep | Oct | Nov | Dec |
2019: Jan | Feb | Mar | Apr | May | Jun | Jul | Aug | Sep | Oct | Nov | Dec |
2018: Jan | Feb | Mar | Apr | May | Jun | Jul | Aug | Sep | Oct | Nov | Dec |
2017: Jan | Feb | Mar | Apr | May | Jun | Jul | Aug | Sep | Oct | Nov | Dec |
2016: Jan | Feb | Mar | Apr | May | Jun | Jul | Aug | Sep | Oct | Nov | Dec |
2015: Jan | Feb | Mar | Apr | May | Jun | Jul | Aug | Sep | Oct | Nov | Dec |
2014: Jan | Feb | Mar | Apr | May | Jun | Jul | Aug | Sep | Oct | Nov | Dec |
2013: Jan | Feb | Mar | Apr | May | Jun | Jul | Aug | Sep | Oct | Nov | Dec |
2012: Jan | Feb | Mar | Apr | May | Jun | Jul | Aug | Sep | Oct | Nov | Dec |
2011: Jan | Feb | Mar | Apr | May | Jun | Jul | Aug | Sep | Oct | Nov | Dec |
2010: Jan | Feb | Mar | Apr | May | Jun | Jul | Aug | Sep | Oct | Nov | Dec |
2009: Jan | Feb | Mar | Apr | May | Jun | Jul | Aug | Sep | Oct | Nov | Dec |
2008: Jan | Feb | Mar | Apr | May | Jun | Jul | Aug | Sep | Oct | Nov | Dec |
2007: Jan | Feb | Mar | Apr | May | Jun | Jul | Aug | Sep | Oct | Nov | Dec |
2006: Jan | Feb | Mar | Apr | May | Jun | Jul | Aug | Sep | Oct | Nov | Dec |
2005: Jan | Feb | Mar | Apr | May | Jun | Jul | Aug | Sep | Oct | Nov | Dec |
2004: Jan | Feb | Mar | Apr | May | Jun | Jul | Aug | Sep | Oct | Nov | Dec |
2003: Jan | Feb | Mar | Apr | May | Jun | Jul | Aug | Sep | Oct | Nov | Dec |

Report for 2016 December
                   MONTHLY CLIMATOLOGICAL SUMMARY for DEC. 2016

NAME: Patrick Nijs   CITY: Heist-op-den-Berg   STATE: Belgium 
ELEV:    15 m  LAT:  51° 04' 15" N  LONG:   4° 42' 13" E

                   TEMPERATURE (°C), RAIN  (mm), WIND SPEED (km/hr)

                                      HEAT  COOL        AVG
    MEAN                              DEG   DEG         WIND                 DOM
DAY TEMP  HIGH   TIME   LOW    TIME   DAYS  DAYS  RAIN  SPEED HIGH   TIME    DIR
------------------------------------------------------------------------------------
 1   4.2   6.6   20:45   0.9    0:15  14.1   0.0   0.0   1.0  14.5   19:30    SW
 2   7.1   9.9   14:30   3.2   00:00  11.2   0.0   0.8   0.5  11.3    2:00   WNW
 3   1.2   4.6   15:45  -1.2    8:30  17.1   0.0   0.2   0.2  14.5   15:45   ENE
 4   0.1   4.3   14:45  -2.7    8:15  18.2   0.0   0.2   1.1  17.7   13:15   ENE
 5   0.2   7.3   15:00  -3.8    8:45  18.1   0.0   0.0   0.0   6.4   13:30    SE
 6   1.2   7.8   15:00  -3.0    6:15  17.1   0.0   0.0   0.0   4.8    9:45    SE
 7   6.5  11.5   14:30   1.7    0:45  11.8   0.0   0.0   0.3  11.3   11:30    SE
 8   7.4  10.0   15:00   5.1    7:15  10.9   0.0   0.0   1.3  17.7   11:30   SSE
 9   9.1  12.2   14:45   6.6   23:30   9.2   0.0   0.0   1.1  16.1   14:00   SSW
10   7.1   9.6   00:00   3.8    8:00  11.2   0.0   0.0   1.3  16.1   20:15   SSW
11   8.1  10.0    1:15   6.8    9:15  10.2   0.0   2.8   3.5  25.7    3:00     W
12   6.7   8.7   14:45   5.1    9:00  11.6   0.0   0.0   0.5  14.5   15:45    SW
13   6.7   7.7   18:15   5.6    5:45  11.6   0.0   1.2   0.3  12.9    0:15   SSE
14   7.4  11.6   15:00   4.6    8:15  10.9   0.0   0.0   0.2   8.0    9:30   SSE
15   4.8   8.5   15:30   2.1    9:00  13.4   0.0   0.2   0.6  11.3   12:30    SE
16   5.9   9.5   15:15   3.2   22:00  12.3   0.0   0.0   0.2   9.7   12:30    SE
17   5.2   7.2   15:30   2.0    5:00  13.1   0.0   0.2   0.0   6.4   11:15   WSW
18   6.7   7.2   13:45   6.2    0:30  11.7   0.0   0.2   0.6  11.3   12:15   WSW
19   5.8   7.7   14:00   2.5   00:00  12.5   0.0   0.0   0.3  14.5   20:00     E
20   0.3   3.3   15:15  -1.9    8:30  18.0   0.0   0.2   0.0   4.8   12:30    SE
21   4.0   7.6   14:30   0.1    0:15  14.3   0.0   5.8   1.6  20.9   13:30   SSE
22   5.9   6.9   15:15   4.6   00:00  12.4   0.0   6.6   0.5  14.5   13:00     W
23   5.6   8.3   13:30   3.4    3:30  12.7   0.0   0.4   2.3  24.1   19:30   SSW
24   7.7   8.6   14:45   6.7    0:30  10.6   0.0   1.6   5.0  27.4   14:15     W
25   9.5  10.7   23:45   8.3    5:15   8.8   0.0   0.6   5.1  30.6   16:00   WSW
26   7.8  11.2    6:15   3.6   23:30  10.5   0.0   3.8   4.7  29.0   14:30   WNW
27   4.4   8.6   15:00   0.7   00:00  13.9   0.0   0.0   1.8  19.3    0:30   WNW
28   1.9   2.8   15:15  -0.7   23:45  16.3   0.0   0.4   0.3   8.0   11:30   WNW
29  -1.6   0.4    1:15  -3.2   23:45  19.8   0.0   0.0   0.2   9.7    0:30    SE
30  -2.0   3.4   15:00  -5.7    8:45  20.3   0.0   0.2   0.3  11.3   00:00    SE
31  -1.6  -0.9   13:45  -2.6   19:15  19.9   0.0   0.0   1.4  12.9    1:00    SW
-------------------------------------------------------------------------------------
     4.6  12.2     9    -5.7    30   423.9   0.0  25.4   1.2  30.6    25     SSE

Max >=  32.0:  0
Max <=   0.0:  1
Min <=   0.0:  9
Min <= -18.0:  0
Max Rain: 6.60 ON 22/12/16
Days of Rain: 17 (> .2 mm) 4 (> 2 mm) 0 (> 20 mm)
Heat Base:  18.3  Cool Base:  18.3  Method: Integration
Benelux Weer Netwerk cwop awekas hwa wcloud pwsweather wow wow