-->

NOAA-Style Climate Reports

Select a Year or Month report
2021: Jan | Feb | Mar | Apr | May | Jun | Jul | Aug | Sep | Oct | Nov | Dec |
2020: Jan | Feb | Mar | Apr | May | Jun | Jul | Aug | Sep | Oct | Nov | Dec |
2019: Jan | Feb | Mar | Apr | May | Jun | Jul | Aug | Sep | Oct | Nov | Dec |
2018: Jan | Feb | Mar | Apr | May | Jun | Jul | Aug | Sep | Oct | Nov | Dec |
2017: Jan | Feb | Mar | Apr | May | Jun | Jul | Aug | Sep | Oct | Nov | Dec |
2016: Jan | Feb | Mar | Apr | May | Jun | Jul | Aug | Sep | Oct | Nov | Dec |
2015: Jan | Feb | Mar | Apr | May | Jun | Jul | Aug | Sep | Oct | Nov | Dec |
2014: Jan | Feb | Mar | Apr | May | Jun | Jul | Aug | Sep | Oct | Nov | Dec |
2013: Jan | Feb | Mar | Apr | May | Jun | Jul | Aug | Sep | Oct | Nov | Dec |
2012: Jan | Feb | Mar | Apr | May | Jun | Jul | Aug | Sep | Oct | Nov | Dec |
2011: Jan | Feb | Mar | Apr | May | Jun | Jul | Aug | Sep | Oct | Nov | Dec |
2010: Jan | Feb | Mar | Apr | May | Jun | Jul | Aug | Sep | Oct | Nov | Dec |
2009: Jan | Feb | Mar | Apr | May | Jun | Jul | Aug | Sep | Oct | Nov | Dec |
2008: Jan | Feb | Mar | Apr | May | Jun | Jul | Aug | Sep | Oct | Nov | Dec |
2007: Jan | Feb | Mar | Apr | May | Jun | Jul | Aug | Sep | Oct | Nov | Dec |
2006: Jan | Feb | Mar | Apr | May | Jun | Jul | Aug | Sep | Oct | Nov | Dec |
2005: Jan | Feb | Mar | Apr | May | Jun | Jul | Aug | Sep | Oct | Nov | Dec |
2004: Jan | Feb | Mar | Apr | May | Jun | Jul | Aug | Sep | Oct | Nov | Dec |
2003: Jan | Feb | Mar | Apr | May | Jun | Jul | Aug | Sep | Oct | Nov | Dec |

Report for 2017 January
                   MONTHLY CLIMATOLOGICAL SUMMARY for JAN. 2017

NAME: Patrick Nijs   CITY: Heist-op-den-Berg   STATE: Belgium 
ELEV:    15 m  LAT:  51° 04' 15" N  LONG:   4° 42' 13" E

                   TEMPERATURE (°C), RAIN  (mm), WIND SPEED (km/hr)

                                      HEAT  COOL        AVG
    MEAN                              DEG   DEG         WIND                 DOM
DAY TEMP  HIGH   TIME   LOW    TIME   DAYS  DAYS  RAIN  SPEED HIGH   TIME    DIR
------------------------------------------------------------------------------------
 1  -1.2   0.3   21:00  -2.9   11:45  19.5   0.0   0.0   0.6  14.5   20:45   SSW
 2   1.2   4.4   14:30  -0.1    9:15  17.2   0.0   0.6   1.0  11.3   14:45   WSW
 3   1.9   3.6   13:45  -0.7    9:00  16.4   0.0   0.2   3.5  24.1   13:00   WSW
 4   4.3   7.0   12:30   2.7   00:00  14.1   0.0   3.8   4.3  30.6   14:45   WNW
 5   1.1   4.1   14:00  -2.9   00:00  17.2   0.0   0.4   0.5  12.9    4:45   WNW
 6  -2.9   0.7   14:30  -6.0    9:00  21.2   0.0   0.0   0.3   9.7   15:15   SSE
 7  -1.1   0.7   23:45  -2.4    5:15  19.4   0.0   0.0   1.1  17.7    9:00   SSW
 8   2.9   5.0   14:45   0.7    0:15  15.4   0.0   3.4   0.0   4.8    0:15   SSW
 9   4.4   5.9   13:45   3.1    7:15  13.8   0.0   2.8   1.4  17.7   20:45   SSW
10   4.9   6.1    2:45   2.3    9:45  13.4   0.0   1.8   1.4  20.9    3:00   WNW
11   6.7   9.9   14:45   4.8    3:00  11.6   0.0   1.2   5.3  41.8   15:45   WNW
12   5.2   7.3   13:45   3.7   21:15  13.1   0.0  11.0   3.1  27.4   00:00     W
13   2.5   5.1   21:15   0.4    1:00  15.8   0.0  10.8   6.3  38.6    5:00    NW
14   1.8   3.8    0:15   0.5   22:15  16.5   0.0   3.8   4.3  33.8    0:45   WNW
15   1.2   2.5   15:15  -0.1    4:30  17.1   0.0   3.0   0.5  11.3   14:00     W
16   0.7   1.7    3:15  -1.9   00:00  17.6   0.0   0.0   0.5  11.3   20:15     W
17  -2.2   0.7   15:45  -3.8    7:30  20.5   0.0   0.0   0.6  11.3    1:30   ENE
18  -2.7  -0.4   15:00  -4.3    8:15  21.0   0.0   0.0   1.1  14.5   12:00   ENE
19  -1.4   3.4   16:00  -4.8    8:15  19.7   0.0   0.2   0.6  16.1   12:15   ENE
20  -0.4   5.7   15:15  -5.1    5:15  18.7   0.0   0.0   0.6  16.1   14:45   ENE
21  -0.8   4.7   15:15  -4.8   00:00  19.1   0.0   0.0   0.0   8.0   11:30    SE
22  -2.7   3.4   15:00  -7.2    8:45  21.0   0.0   0.0   0.0   6.4   15:45    SE
23   0.6   2.9   14:30  -3.4    0:15  17.7   0.0   0.0   0.3  11.3   20:00    SE
24   1.0   2.3   15:45   0.2    7:15  17.3   0.0   1.0   0.3  12.9   23:30     W
25  -1.3   0.3    0:15  -4.7   23:30  19.6   0.0   0.2   0.2  12.9   11:30    SE
26  -2.2   1.0   15:30  -5.1    2:00  20.5   0.0   0.0   0.3  11.3    9:00   SSE
27   1.7   7.9   15:30  -4.9    4:30  16.6   0.0   0.0   0.8  17.7   12:00    SE
28   7.7  11.4   15:00   5.6    5:00  10.6   0.0   0.0   1.1  19.3    9:45    SE
29   5.1   7.9   14:45   3.7    9:00  13.2   0.0   5.4   1.3  20.9   12:45   SSE
30   6.1   7.9   12:45   4.0   00:00  12.3   0.0   4.2   3.2  20.9    6:30    NW
31   2.8   4.0    0:15   0.7   21:45  15.5   0.0   0.0   0.6  14.5   18:15   ESE
-------------------------------------------------------------------------------------
     1.4  11.4    28    -7.2    22   522.5   0.0  53.8   1.5  41.8    11       W

Max >=  32.0:  0
Max <=   0.0:  1
Min <=   0.0: 18
Min <= -18.0:  0
Max Rain: 11.00 ON 12/01/17
Days of Rain: 17 (> .2 mm) 9 (> 2 mm) 0 (> 20 mm)
Heat Base:  18.3  Cool Base:  18.3  Method: Integration
Benelux Weer Netwerk cwop awekas hwa wcloud pwsweather wow wow