-->

NOAA-Style Climate Reports

Select a Year or Month report
2021: Jan | Feb | Mar | Apr | May | Jun | Jul | Aug | Sep | Oct | Nov | Dec |
2020: Jan | Feb | Mar | Apr | May | Jun | Jul | Aug | Sep | Oct | Nov | Dec |
2019: Jan | Feb | Mar | Apr | May | Jun | Jul | Aug | Sep | Oct | Nov | Dec |
2018: Jan | Feb | Mar | Apr | May | Jun | Jul | Aug | Sep | Oct | Nov | Dec |
2017: Jan | Feb | Mar | Apr | May | Jun | Jul | Aug | Sep | Oct | Nov | Dec |
2016: Jan | Feb | Mar | Apr | May | Jun | Jul | Aug | Sep | Oct | Nov | Dec |
2015: Jan | Feb | Mar | Apr | May | Jun | Jul | Aug | Sep | Oct | Nov | Dec |
2014: Jan | Feb | Mar | Apr | May | Jun | Jul | Aug | Sep | Oct | Nov | Dec |
2013: Jan | Feb | Mar | Apr | May | Jun | Jul | Aug | Sep | Oct | Nov | Dec |
2012: Jan | Feb | Mar | Apr | May | Jun | Jul | Aug | Sep | Oct | Nov | Dec |
2011: Jan | Feb | Mar | Apr | May | Jun | Jul | Aug | Sep | Oct | Nov | Dec |
2010: Jan | Feb | Mar | Apr | May | Jun | Jul | Aug | Sep | Oct | Nov | Dec |
2009: Jan | Feb | Mar | Apr | May | Jun | Jul | Aug | Sep | Oct | Nov | Dec |
2008: Jan | Feb | Mar | Apr | May | Jun | Jul | Aug | Sep | Oct | Nov | Dec |
2007: Jan | Feb | Mar | Apr | May | Jun | Jul | Aug | Sep | Oct | Nov | Dec |
2006: Jan | Feb | Mar | Apr | May | Jun | Jul | Aug | Sep | Oct | Nov | Dec |
2005: Jan | Feb | Mar | Apr | May | Jun | Jul | Aug | Sep | Oct | Nov | Dec |
2004: Jan | Feb | Mar | Apr | May | Jun | Jul | Aug | Sep | Oct | Nov | Dec |
2003: Jan | Feb | Mar | Apr | May | Jun | Jul | Aug | Sep | Oct | Nov | Dec |

Report for 2017 February
                   MONTHLY CLIMATOLOGICAL SUMMARY for FEB. 2017

NAME: Patrick Nijs   CITY: Heist-op-den-Berg   STATE: Belgium 
ELEV:    15 m  LAT:  51° 04' 15" N  LONG:   4° 42' 13" E

                   TEMPERATURE (°C), RAIN  (mm), WIND SPEED (km/hr)

                                      HEAT  COOL        AVG
    MEAN                              DEG   DEG         WIND                 DOM
DAY TEMP  HIGH   TIME   LOW    TIME   DAYS  DAYS  RAIN  SPEED HIGH   TIME    DIR
------------------------------------------------------------------------------------
 1   4.9   8.4   15:15   0.9    1:00  13.4   0.0   0.6   1.4  16.1   11:30   ESE
 2   9.8  13.4   14:00   6.4    8:15   8.5   0.0   0.2   2.1  22.5   13:30   SSE
 3   9.6  11.6   15:30   7.3   21:00   8.8   0.0   0.4   1.9  20.9   14:45   SSE
 4   5.7   8.2    0:15   3.7    7:15  12.7   0.0   3.8   1.1  20.9    1:30     E
 5   5.3   7.2   15:15   2.7    8:00  13.1   0.0   0.2   1.0  16.1    0:45   ENE
 6   5.7   8.4   12:30   3.2    7:30  12.6   0.0   0.0   0.3  11.3   11:30     N
 7   5.2   5.8   14:45   4.3    7:45  13.1   0.0   3.4   0.3  14.5   14:30     E
 8   3.4   5.3    0:15   1.3   00:00  14.9   0.0   1.2   0.5   8.0   13:00    SE
 9   0.8   2.4   16:15  -1.4   00:00  17.5   0.0   0.2   0.8  11.3   12:00    NE
10  -1.1   0.3   14:30  -3.1    7:30  19.4   0.0   0.0   0.2  11.3   15:30     E
11   0.1   1.0   19:15  -0.7    8:30  18.2   0.0   1.2   0.0   6.4    7:30   ENE
12   3.3   6.6   17:00   0.6    0:15  15.0   0.0   0.8   2.3  17.7   13:45     E
13   4.4   8.0   15:45   0.6    8:00  13.9   0.0   0.0   4.3  37.0   17:15     E
14   5.9  12.6   16:30   0.3    8:15  12.3   0.0   0.0   0.6  17.7    1:15     E
15   8.2  15.2   15:15   1.5    6:15  10.1   0.0   0.0   0.6  14.5   12:15   SSE
16   7.9  13.1   15:30   3.3    8:00  10.4   0.0   0.0   1.8  19.3   14:30   WNW
17   7.1   9.4   15:00   5.6   00:00  11.2   0.0   0.4   2.6  20.9    7:00   WNW
18   6.5  11.9   15:15   1.9   00:00  11.8   0.0   0.0   0.5  12.9   12:45   WNW
19   5.2   8.8   18:15   0.8    5:00  13.1   0.0   0.2   1.4  12.9   11:45   WSW
20   9.3  11.0   20:30   7.7    1:45   9.0   0.0   0.4   4.0  22.5   17:15     W
21  10.3  11.2   16:00   9.3   11:15   8.0   0.0   7.2   4.2  27.4   21:00     W
22  10.1  10.4    0:45   9.8    4:30   8.2   0.0  12.6   8.2  35.4   16:15     W
23   9.2  11.6   15:00   5.8   23:30   9.1   0.0   3.0  11.1  54.7   20:15     W
24   4.7   7.7   16:45   0.8   00:00  13.6   0.0   4.6   3.1  37.0    0:45   WNW
25   5.1   9.3   17:15   0.4    3:30  13.3   0.0   0.2   1.1  25.7   12:00   SSW
26   8.9  10.8   23:15   6.8    6:30   9.4   0.0   0.6   2.4  20.9   11:00   SSW
27   9.6  11.9   14:00   6.2   16:00   8.7   0.0   6.0   5.0  41.8   21:45   SSW
28   5.3   8.1   13:45   1.8   23:00  13.0   0.0   7.0   4.2  29.0    6:30    SW
-------------------------------------------------------------------------------------
     6.1  15.2    15    -3.1    10   342.2   0.0  54.2   2.4  54.7    23       E

Max >=  32.0:  0
Max <=   0.0:  0
Min <=   0.0:  3
Min <= -18.0:  0
Max Rain: 12.60 ON 22/02/17
Days of Rain: 21 (> .2 mm) 8 (> 2 mm) 0 (> 20 mm)
Heat Base:  18.3  Cool Base:  18.3  Method: Integration
Benelux Weer Netwerk cwop awekas hwa wcloud pwsweather wow wow