-->

NOAA-Style Climate Reports

Select a Year or Month report
2021: Jan | Feb | Mar | Apr | May | Jun | Jul | Aug | Sep | Oct | Nov | Dec |
2020: Jan | Feb | Mar | Apr | May | Jun | Jul | Aug | Sep | Oct | Nov | Dec |
2019: Jan | Feb | Mar | Apr | May | Jun | Jul | Aug | Sep | Oct | Nov | Dec |
2018: Jan | Feb | Mar | Apr | May | Jun | Jul | Aug | Sep | Oct | Nov | Dec |
2017: Jan | Feb | Mar | Apr | May | Jun | Jul | Aug | Sep | Oct | Nov | Dec |
2016: Jan | Feb | Mar | Apr | May | Jun | Jul | Aug | Sep | Oct | Nov | Dec |
2015: Jan | Feb | Mar | Apr | May | Jun | Jul | Aug | Sep | Oct | Nov | Dec |
2014: Jan | Feb | Mar | Apr | May | Jun | Jul | Aug | Sep | Oct | Nov | Dec |
2013: Jan | Feb | Mar | Apr | May | Jun | Jul | Aug | Sep | Oct | Nov | Dec |
2012: Jan | Feb | Mar | Apr | May | Jun | Jul | Aug | Sep | Oct | Nov | Dec |
2011: Jan | Feb | Mar | Apr | May | Jun | Jul | Aug | Sep | Oct | Nov | Dec |
2010: Jan | Feb | Mar | Apr | May | Jun | Jul | Aug | Sep | Oct | Nov | Dec |
2009: Jan | Feb | Mar | Apr | May | Jun | Jul | Aug | Sep | Oct | Nov | Dec |
2008: Jan | Feb | Mar | Apr | May | Jun | Jul | Aug | Sep | Oct | Nov | Dec |
2007: Jan | Feb | Mar | Apr | May | Jun | Jul | Aug | Sep | Oct | Nov | Dec |
2006: Jan | Feb | Mar | Apr | May | Jun | Jul | Aug | Sep | Oct | Nov | Dec |
2005: Jan | Feb | Mar | Apr | May | Jun | Jul | Aug | Sep | Oct | Nov | Dec |
2004: Jan | Feb | Mar | Apr | May | Jun | Jul | Aug | Sep | Oct | Nov | Dec |
2003: Jan | Feb | Mar | Apr | May | Jun | Jul | Aug | Sep | Oct | Nov | Dec |

Report for 2017 March
                   MONTHLY CLIMATOLOGICAL SUMMARY for MAR. 2017

NAME: Patrick Nijs   CITY: Heist-op-den-Berg   STATE: Belgium 
ELEV:    15 m  LAT:  51° 04' 15" N  LONG:   4° 42' 13" E

                   TEMPERATURE (°C), RAIN  (mm), WIND SPEED (km/hr)

                                      HEAT  COOL        AVG
    MEAN                              DEG   DEG         WIND                 DOM
DAY TEMP  HIGH   TIME   LOW    TIME   DAYS  DAYS  RAIN  SPEED HIGH   TIME    DIR
------------------------------------------------------------------------------------
 1   6.6   8.9   15:00   3.4    0:15  11.7   0.0   6.0   2.6  25.7    7:30     W
 2   7.4   9.3   17:15   3.5   00:00  10.9   0.0   1.8   5.5  43.5    4:15     W
 3   7.3  11.9   16:45   1.0    5:45  11.0   0.0   0.2   1.4  22.5   12:30    SE
 4  10.0  12.6   12:15   6.1   23:45   8.3   0.0   5.2   1.6  20.9   12:45   SSE
 5   6.8  10.1   12:15   5.4   16:30  11.5   0.0   4.6   3.4  30.6   12:45   SSE
 6   6.1   8.0   15:45   5.1    1:15  12.2   0.0   5.4   3.4  22.5   16:45   WNW
 7   6.4  10.6   16:00   2.8   22:30  11.9   0.0   0.2   2.6  20.9   16:00   WNW
 8   7.6  11.1   17:15   3.4    1:30  10.7   0.0  13.6   2.6  25.7    9:30   SSE
 9  10.2  13.9   15:30   4.4   00:00   8.1   0.0   0.8   3.2  25.7   13:45   WNW
10   6.3  11.8   16:00   0.5    6:30  11.9   0.0   0.0   0.5  14.5   14:45   ESE
11   7.9  13.7   17:00   1.7    7:30  10.3   0.0   0.0   0.3  11.3   14:30   ESE
12   9.8  17.9   16:45   3.8    6:45   8.5   0.0   0.0   0.5  14.5   12:30     E
13   7.4  15.2   13:30   0.7    7:00  10.8   0.0   0.0   1.0  19.3   15:00    NW
14   8.5  14.7   13:30   3.3    7:00   9.8   0.0   0.0   1.1  24.1   14:15   WNW
15  11.6  16.4   16:30   6.3   00:00   6.8   0.0   0.0   0.6  12.9   16:30    SW
16  10.8  18.6   16:00   2.8    7:15   7.5   0.0   0.0   0.2  11.3   13:30   SSW
17   9.4  11.7   15:30   6.8   00:00   8.9   0.0   2.0   3.9  27.4   20:45   WNW
18  10.3  12.3   14:30   6.7    0:15   8.0   0.0  10.0   4.3  29.0    2:45     W
19  11.4  12.9   15:30  10.7    8:15   6.9   0.0   0.6   5.1  35.4   16:45     W
20  10.9  11.7   11:30   9.7    7:00   7.4   0.0   0.0   3.9  37.0   11:15   WSW
21   8.6  10.7    0:15   3.6   23:15   9.7   0.0   1.0   3.1  27.4   11:45   WNW
22   6.8  12.4   16:00   0.6    6:45  11.5   0.0   0.0   1.1  22.5   12:00    SE
23   9.6  15.7   16:45   3.8    6:45   8.8   0.0   0.0   1.8  22.5   10:30     E
24   9.5  14.4   16:45   5.9    6:45   8.8   0.0   0.0   1.6  22.5   11:15     E
25  10.2  16.2   16:15   4.0    6:45   8.1   0.0   0.0   2.6  33.8   13:45   ENE
26   9.9  16.0   17:00   4.7    8:15   8.0   0.0   0.0   1.0  17.7    1:45     E
27  11.6  19.0   18:30   3.4    7:45   6.8   0.0   0.0   0.8  19.3   13:15     E
28  12.5  20.3   17:00   3.3    7:30   6.1   0.4   0.0   1.8  22.5   15:30     W
29  13.0  16.4   17:45   9.1    5:45   5.3   0.0   0.0   1.9  24.1   16:00   WSW
30  16.4  23.2   17:15  10.7    6:45   3.2   1.3   0.0   0.6  20.9   15:00    SW
31  16.0  21.8   14:15  11.3    7:15   2.7   0.4   0.0   1.3  33.8   14:45    SE
-------------------------------------------------------------------------------------
     9.6  23.2    30     0.5    10   272.2   2.1  51.4   2.1  43.5     2       W

Max >=  32.0:  0
Max <=   0.0:  0
Min <=   0.0:  0
Min <= -18.0:  0
Max Rain: 13.59 ON 08/03/17
Days of Rain: 13 (> .2 mm) 7 (> 2 mm) 0 (> 20 mm)
Heat Base:  18.3  Cool Base:  18.3  Method: Integration
Benelux Weer Netwerk cwop awekas hwa wcloud pwsweather wow wow