-->

NOAA-Style Climate Reports

Select a Year or Month report
2021: Jan | Feb | Mar | Apr | May | Jun | Jul | Aug | Sep | Oct | Nov | Dec |
2020: Jan | Feb | Mar | Apr | May | Jun | Jul | Aug | Sep | Oct | Nov | Dec |
2019: Jan | Feb | Mar | Apr | May | Jun | Jul | Aug | Sep | Oct | Nov | Dec |
2018: Jan | Feb | Mar | Apr | May | Jun | Jul | Aug | Sep | Oct | Nov | Dec |
2017: Jan | Feb | Mar | Apr | May | Jun | Jul | Aug | Sep | Oct | Nov | Dec |
2016: Jan | Feb | Mar | Apr | May | Jun | Jul | Aug | Sep | Oct | Nov | Dec |
2015: Jan | Feb | Mar | Apr | May | Jun | Jul | Aug | Sep | Oct | Nov | Dec |
2014: Jan | Feb | Mar | Apr | May | Jun | Jul | Aug | Sep | Oct | Nov | Dec |
2013: Jan | Feb | Mar | Apr | May | Jun | Jul | Aug | Sep | Oct | Nov | Dec |
2012: Jan | Feb | Mar | Apr | May | Jun | Jul | Aug | Sep | Oct | Nov | Dec |
2011: Jan | Feb | Mar | Apr | May | Jun | Jul | Aug | Sep | Oct | Nov | Dec |
2010: Jan | Feb | Mar | Apr | May | Jun | Jul | Aug | Sep | Oct | Nov | Dec |
2009: Jan | Feb | Mar | Apr | May | Jun | Jul | Aug | Sep | Oct | Nov | Dec |
2008: Jan | Feb | Mar | Apr | May | Jun | Jul | Aug | Sep | Oct | Nov | Dec |
2007: Jan | Feb | Mar | Apr | May | Jun | Jul | Aug | Sep | Oct | Nov | Dec |
2006: Jan | Feb | Mar | Apr | May | Jun | Jul | Aug | Sep | Oct | Nov | Dec |
2005: Jan | Feb | Mar | Apr | May | Jun | Jul | Aug | Sep | Oct | Nov | Dec |
2004: Jan | Feb | Mar | Apr | May | Jun | Jul | Aug | Sep | Oct | Nov | Dec |
2003: Jan | Feb | Mar | Apr | May | Jun | Jul | Aug | Sep | Oct | Nov | Dec |

Report for 2017 April
                   MONTHLY CLIMATOLOGICAL SUMMARY for APR. 2017

NAME: Patrick Nijs   CITY: Heist-op-den-Berg   STATE: Belgium 
ELEV:    15 m  LAT:  51° 04' 15" N  LONG:   4° 42' 13" E

                   TEMPERATURE (°C), RAIN  (mm), WIND SPEED (km/hr)

                                      HEAT  COOL        AVG
    MEAN                              DEG   DEG         WIND                 DOM
DAY TEMP  HIGH   TIME   LOW    TIME   DAYS  DAYS  RAIN  SPEED HIGH   TIME    DIR
------------------------------------------------------------------------------------
 1  11.3  14.7   15:15   9.4   00:00   7.0   0.0   3.8   0.0   9.7   16:00   SSW
 2  11.1  17.9   17:15   4.5    7:30   7.2   0.0   0.2   0.6  19.3   16:30   WNW
 3   8.7  15.4   19:15   5.3    4:45   9.6   0.0   0.0   0.0   4.8   11:45     E
 4  10.1  17.7   15:15   3.4    7:00   8.2   0.0   0.0   0.6  14.5   18:00    NW
 5   9.2  14.0   15:45   5.9    6:30   9.1   0.0   0.2   1.6  20.9   16:00    NW
 6   8.0  11.8   18:00   4.3    3:15  10.3   0.0   0.0   0.5  11.3   14:15   WNW
 7   8.9  13.3   17:30   3.4    3:30   9.4   0.0   0.0   0.8  17.7   12:00   WNW
 8  11.4  16.9   18:00   7.7    7:15   6.9   0.0   0.0   0.0   9.7   14:15   WNW
 9  13.9  24.3   18:00   3.6    7:00   5.8   1.4   0.0   0.5  14.5   15:15     E
10  11.2  14.5   16:15   6.2   00:00   7.1   0.0   0.0   2.1  20.9   15:15    NW
11   9.1  14.7   17:15   4.4    6:30   9.2   0.0   0.0   0.6  17.7   12:15   WNW
12   9.9  14.6   14:45   6.6    7:00   8.4   0.0   0.0   3.2  27.4   13:45   WNW
13  10.0  13.7   16:00   5.2   00:00   8.3   0.0   0.0   2.4  24.1   13:30   WNW
14   8.2  13.4   19:00   2.5    5:45  10.1   0.0   0.0   0.5  16.1   18:30     W
15   9.6  12.2   15:15   6.1   00:00   8.8   0.0   2.0   2.7  30.6   14:30   WNW
16   8.5  12.3   16:15   5.7    6:15   9.8   0.0   1.0   2.6  30.6   16:45   WNW
17   8.2  12.8   16:00   4.3    8:15  10.1   0.0   4.0   1.0  17.7   15:45    NW
18   6.0  11.4   19:00   1.3    5:30  12.3   0.0   2.2   0.2  19.3   16:30    NW
19   5.5   9.9   17:00  -0.4    7:00  12.8   0.0   0.0   0.6  24.1   13:30   ENE
20   6.1  13.3   17:45  -1.9    6:45  12.2   0.0   0.0   0.3  12.9   14:30   WNW
21   9.9  15.0   13:30   4.0    1:00   8.4   0.0   0.0   1.4  25.7   16:45   WNW
22   9.4  12.3   14:45   5.9    8:45   8.9   0.0   0.4   0.6  16.1   16:45    NW
23   7.6  12.6   16:15   3.2    5:30  10.7   0.0   0.0   0.2  14.5   13:30    NW
24   9.0  15.7   16:15   2.1    4:45   9.3   0.0   0.0   1.6  20.9   10:15     W
25   7.2  11.1    0:15   4.2   00:00  11.1   0.0   3.4   2.6  27.4   11:00   WNW
26   6.1  10.9   18:30   1.8    4:15  12.2   0.0   2.4   0.6  14.5   12:30    NW
27   5.7  10.2   16:15   0.4    6:45  12.6   0.0   3.0   0.8  19.3   15:00   WNW
28   7.4  11.9   17:45   3.1    0:15  10.8   0.0   2.2   1.1  20.9   15:30   WNW
29   8.8  14.6   17:00   2.2    6:30   9.4   0.0   0.0   0.2  14.5   18:15     E
30  13.7  21.1   17:15   4.9    6:45   5.1   0.5   0.0   2.9  37.0   15:15   ESE
-------------------------------------------------------------------------------------
     9.0  24.3     9    -1.9    20   281.1   1.9  24.8   1.1  37.0    30     WNW

Max >=  32.0:  0
Max <=   0.0:  0
Min <=   0.0:  2
Min <= -18.0:  0
Max Rain: 3.99 ON 17/04/17
Days of Rain: 12 (> .2 mm) 8 (> 2 mm) 0 (> 20 mm)
Heat Base:  18.3  Cool Base:  18.3  Method: Integration
Benelux Weer Netwerk cwop awekas hwa wcloud pwsweather wow wow