-->

NOAA-Style Climate Reports

Select a Year or Month report
2021: Jan | Feb | Mar | Apr | May | Jun | Jul | Aug | Sep | Oct | Nov | Dec |
2020: Jan | Feb | Mar | Apr | May | Jun | Jul | Aug | Sep | Oct | Nov | Dec |
2019: Jan | Feb | Mar | Apr | May | Jun | Jul | Aug | Sep | Oct | Nov | Dec |
2018: Jan | Feb | Mar | Apr | May | Jun | Jul | Aug | Sep | Oct | Nov | Dec |
2017: Jan | Feb | Mar | Apr | May | Jun | Jul | Aug | Sep | Oct | Nov | Dec |
2016: Jan | Feb | Mar | Apr | May | Jun | Jul | Aug | Sep | Oct | Nov | Dec |
2015: Jan | Feb | Mar | Apr | May | Jun | Jul | Aug | Sep | Oct | Nov | Dec |
2014: Jan | Feb | Mar | Apr | May | Jun | Jul | Aug | Sep | Oct | Nov | Dec |
2013: Jan | Feb | Mar | Apr | May | Jun | Jul | Aug | Sep | Oct | Nov | Dec |
2012: Jan | Feb | Mar | Apr | May | Jun | Jul | Aug | Sep | Oct | Nov | Dec |
2011: Jan | Feb | Mar | Apr | May | Jun | Jul | Aug | Sep | Oct | Nov | Dec |
2010: Jan | Feb | Mar | Apr | May | Jun | Jul | Aug | Sep | Oct | Nov | Dec |
2009: Jan | Feb | Mar | Apr | May | Jun | Jul | Aug | Sep | Oct | Nov | Dec |
2008: Jan | Feb | Mar | Apr | May | Jun | Jul | Aug | Sep | Oct | Nov | Dec |
2007: Jan | Feb | Mar | Apr | May | Jun | Jul | Aug | Sep | Oct | Nov | Dec |
2006: Jan | Feb | Mar | Apr | May | Jun | Jul | Aug | Sep | Oct | Nov | Dec |
2005: Jan | Feb | Mar | Apr | May | Jun | Jul | Aug | Sep | Oct | Nov | Dec |
2004: Jan | Feb | Mar | Apr | May | Jun | Jul | Aug | Sep | Oct | Nov | Dec |
2003: Jan | Feb | Mar | Apr | May | Jun | Jul | Aug | Sep | Oct | Nov | Dec |

Report for 2017 May
                   MONTHLY CLIMATOLOGICAL SUMMARY for MAY. 2017

NAME: Patrick Nijs   CITY: Heist-op-den-Berg   STATE: Belgium 
ELEV:    15 m  LAT:  51° 04' 15" N  LONG:   4° 42' 13" E

                   TEMPERATURE (°C), RAIN  (mm), WIND SPEED (km/hr)

                                      HEAT  COOL        AVG
    MEAN                              DEG   DEG         WIND                 DOM
DAY TEMP  HIGH   TIME   LOW    TIME   DAYS  DAYS  RAIN  SPEED HIGH   TIME    DIR
------------------------------------------------------------------------------------
 1  12.2  16.2    0:15   8.8   00:00   6.1   0.0   0.0   1.1  24.1    0:30   SSE
 2   9.3  12.6   11:00   4.9    6:30   9.0   0.0   3.0   0.2  12.9   11:00   WNW
 3  10.4  16.0   19:00   7.5    7:00   7.9   0.0   4.2   0.3  16.1   17:45     E
 4  11.6  16.5   17:00   9.5    6:00   6.7   0.0   1.6   0.5  20.9   19:15     E
 5   9.9  12.8   18:00   7.9    6:15   8.4   0.0   0.0   0.3  12.9   17:00     E
 6  13.9  21.9   16:15   6.4    5:00   5.0   0.7   0.0   0.8  20.9   14:30     E
 7  11.6  14.8   14:15   8.9   23:30   6.7   0.0   0.0   2.3  19.3   14:45    NW
 8  10.2  15.2   18:15   7.4   00:00   8.1   0.0   0.0   1.1  17.7   19:30    NW
 9  10.0  17.1   17:00   2.5    6:15   8.3   0.0   0.0   0.8  14.5   13:00    NW
10  11.9  20.1   17:00   2.4    6:30   6.5   0.1   0.0   0.5  12.9   15:15     E
11  14.7  23.8   15:15   8.0    6:30   4.3   0.7   4.6   1.0  17.7   16:45     E
12  15.9  21.1   14:00  13.4    4:00   2.9   0.4   3.2   1.0  24.1   19:00    SE
13  15.3  19.8   17:00  11.8   00:00   3.1   0.1   0.2   1.1  24.1   17:30    SE
14  15.0  20.1   15:45   9.7    2:30   3.5   0.2   0.0   1.8  27.4   13:45   WNW
15  15.7  23.1   16:30   6.2    6:00   3.9   1.3   0.0   0.5  19.3   16:00    NW
16  21.8  27.2   15:00  16.3    6:15   0.4   3.9   0.0   1.1  22.5   14:00   SSW
17  23.4  30.3   16:30  17.0    6:15   0.2   5.4   0.0   1.0  24.1   14:15   SSE
18  17.6  22.8    0:45  14.9   10:00   1.3   0.6   3.2   1.4  20.9    3:15   WNW
19  13.4  17.4    0:30  10.1   00:00   4.8   0.0   0.8   2.1  25.7    4:15     W
20  12.8  18.5   18:15   8.2    4:15   5.5   0.0   0.0   1.1  17.7   16:00     S
21  15.3  21.2   17:30   7.5    5:45   3.8   0.7   0.0   0.3  14.5   16:00   ESE
22  19.2  26.1   16:30  10.9    6:00   2.0   2.9   0.0   0.5  24.1   15:45   ESE
23  18.0  22.4   17:30  13.1    5:45   1.3   1.0   0.0   2.3  24.1   14:45   WNW
24  17.9  24.4   16:30  11.5    5:45   2.1   1.7   0.0   1.9  24.1   15:00   WNW
25  18.9  25.9   17:45  11.3    6:15   2.0   2.6   0.0   1.0  16.1   14:15     E
26  21.9  28.2   18:15  14.6    5:30   0.7   4.3   0.0   2.3  22.5   12:15     E
27  24.2  32.9   17:15  16.2    6:00   0.2   6.1   0.0   1.4  19.3   11:30    SE
28  22.3  29.3   17:30  16.8    6:15   0.2   4.1   3.2   0.2  12.9   11:00    NE
29  23.7  31.9   15:30  18.4    7:45   0.0   5.4   2.0   1.0  19.3   14:30   WNW
30  19.2  22.6   14:15  15.7   00:00   0.2   1.1   0.2   2.3  27.4   19:30   WNW
31  18.3  24.5   18:00  11.9    6:00   1.8   1.9   0.0   0.5  16.1   18:15   WNW
-------------------------------------------------------------------------------------
    16.0  32.9    27     2.4    10   116.9  45.2  26.2   1.1  27.4    14       E

Max >=  32.0:  1
Max <=   0.0:  0
Min <=   0.0:  0
Min <= -18.0:  0
Max Rain: 4.60 ON 11/05/17
Days of Rain: 11 (> .2 mm) 7 (> 2 mm) 0 (> 20 mm)
Heat Base:  18.3  Cool Base:  18.3  Method: Integration
Benelux Weer Netwerk cwop awekas hwa wcloud pwsweather wow wow