NOAA-Style Climate Reports

Select a Year or Month report
2021: Jan | Feb | Mar | Apr | May | Jun | Jul | Aug | Sep | Oct | Nov | Dec |
2020: Jan | Feb | Mar | Apr | May | Jun | Jul | Aug | Sep | Oct | Nov | Dec |
2019: Jan | Feb | Mar | Apr | May | Jun | Jul | Aug | Sep | Oct | Nov | Dec |
2018: Jan | Feb | Mar | Apr | May | Jun | Jul | Aug | Sep | Oct | Nov | Dec |
2017: Jan | Feb | Mar | Apr | May | Jun | Jul | Aug | Sep | Oct | Nov | Dec |
2016: Jan | Feb | Mar | Apr | May | Jun | Jul | Aug | Sep | Oct | Nov | Dec |
2015: Jan | Feb | Mar | Apr | May | Jun | Jul | Aug | Sep | Oct | Nov | Dec |
2014: Jan | Feb | Mar | Apr | May | Jun | Jul | Aug | Sep | Oct | Nov | Dec |
2013: Jan | Feb | Mar | Apr | May | Jun | Jul | Aug | Sep | Oct | Nov | Dec |
2012: Jan | Feb | Mar | Apr | May | Jun | Jul | Aug | Sep | Oct | Nov | Dec |
2011: Jan | Feb | Mar | Apr | May | Jun | Jul | Aug | Sep | Oct | Nov | Dec |
2010: Jan | Feb | Mar | Apr | May | Jun | Jul | Aug | Sep | Oct | Nov | Dec |
2009: Jan | Feb | Mar | Apr | May | Jun | Jul | Aug | Sep | Oct | Nov | Dec |
2008: Jan | Feb | Mar | Apr | May | Jun | Jul | Aug | Sep | Oct | Nov | Dec |
2007: Jan | Feb | Mar | Apr | May | Jun | Jul | Aug | Sep | Oct | Nov | Dec |
2006: Jan | Feb | Mar | Apr | May | Jun | Jul | Aug | Sep | Oct | Nov | Dec |
2005: Jan | Feb | Mar | Apr | May | Jun | Jul | Aug | Sep | Oct | Nov | Dec |
2004: Jan | Feb | Mar | Apr | May | Jun | Jul | Aug | Sep | Oct | Nov | Dec |
2003: Jan | Feb | Mar | Apr | May | Jun | Jul | Aug | Sep | Oct | Nov | Dec |

Report for 2017 June
                   MONTHLY CLIMATOLOGICAL SUMMARY for JUN. 2017

NAME: Patrick Nijs   CITY: Heist-op-den-Berg   STATE: Belgium 
ELEV:    15 m  LAT:  51° 04' 15" N  LONG:   4° 42' 13" E

                   TEMPERATURE (°C), RAIN  (mm), WIND SPEED (km/hr)

                                      HEAT  COOL        AVG
    MEAN                              DEG   DEG         WIND                 DOM
DAY TEMP  HIGH   TIME   LOW    TIME   DAYS  DAYS  RAIN  SPEED HIGH   TIME    DIR
------------------------------------------------------------------------------------
 1  20.2  28.2   17:45  11.6    5:45   1.7   3.7   0.0   0.2  11.3   11:15   ENE
 2  21.9  28.9   17:15  13.8    6:00   0.8   4.5   0.0   0.2  17.7   13:45   WNW
 3  20.3  24.2   15:00  17.0   00:00   0.1   2.1   0.2   0.6  17.7   12:15   WNW
 4  16.7  21.0   16:15  12.1    6:45   2.0   0.4   0.0   1.1  22.5   17:00   WNW
 5  17.1  22.9   16:15  10.2    6:00   2.6   1.4   0.0   0.5  19.3   12:00   SSE
 6  15.9  18.3    0:15  12.7   10:15   2.4   0.0   2.6   5.0  41.8   15:00     W
 7  15.1  18.9   17:45  11.6    6:00   3.3   0.0   0.2   5.5  35.4   16:15     W
 8  18.9  25.4   18:45  13.1    6:00   1.7   2.3   0.0   1.4  22.5   11:15   SSW
 9  17.9  20.9   18:00  14.1   00:00   1.1   0.7  13.6   2.9  29.0   15:00     W
10  18.8  26.6   18:15   9.7    5:45   2.4   3.0   0.0   0.8  17.7   14:00   SSW
11  22.4  28.6   16:30  17.7    3:00   0.0   4.1   0.0   1.3  27.4   18:45     W
12  16.5  18.8    0:15  13.6    6:15   1.8   0.0   0.0   4.7  29.0   16:00     W
13  17.4  23.2   18:00  12.3    6:15   2.0   1.1   0.0   1.1  14.5   12:00     W
14  19.9  26.9   18:30  11.7    5:45   1.8   3.4   0.0   0.6  17.7   17:15     E
15  22.4  28.1   17:30  15.3    6:00   0.4   4.5   0.0   3.1  25.7   20:45   WNW
16  17.4  20.8   17:00  14.1   00:00   1.3   0.5   0.0   2.7  20.9   10:00   WNW
17  19.5  26.3   19:00  12.7    1:30   1.3   2.5   0.0   0.8  19.3   13:15   WNW
18  22.3  28.5   17:30  13.6    5:45   0.9   4.9   0.0   0.8  16.1   18:30     E
19  25.5  32.4   17:30  17.2    6:15   0.1   7.3   0.0   0.6  16.1   12:15   ESE
20  25.9  32.9   16:45  17.8    6:00   0.0   7.7   0.0   0.6  16.1   12:00     E
21  25.4  32.7   18:30  17.2    6:15   0.1   7.1   0.0   0.8  14.5    7:30     E
22  26.0  33.7   14:15  19.8   00:00   0.0   7.7   0.0   3.4  32.2   18:45   WNW
23  20.4  25.1   17:00  16.9    7:15   0.3   2.4   0.0   3.2  27.4   18:30     W
24  17.6  20.7   20:15  14.6    6:15   1.2   0.5   1.0   2.7  22.5   12:00     W
25  18.7  22.4   15:45  16.5    4:00   0.6   1.0   0.4   4.8  29.0   19:30     W
26  19.6  25.0   17:45  16.1    5:00   0.7   2.0   0.0   1.0  17.7    1:00   WNW
27  17.1  21.2   20:30  13.4    5:45   1.6   0.4   4.6   0.8  16.1   18:30     E
28  18.7  22.8   20:00  17.0    5:00   0.4   0.8   2.4   1.6  19.3   11:30     S
29  17.9  21.4   16:15  15.0   00:00   1.2   0.8   4.2   1.8  22.5   15:30     S
30  17.9  22.3   18:15  13.8    6:30   1.4   1.0   0.0   1.4  17.7   17:30     S
-------------------------------------------------------------------------------------
    19.7  33.7    22     9.7    10    35.2  77.5  29.2   1.9  41.8     6       W

Max >=  32.0:  4
Max <=   0.0:  0
Min <=   0.0:  0
Min <= -18.0:  0
Max Rain: 13.59 ON 09/06/17
Days of Rain: 9 (> .2 mm) 5 (> 2 mm) 0 (> 20 mm)
Heat Base:  18.3  Cool Base:  18.3  Method: Integration
Benelux Weer Netwerk cwop awekas hwa wcloud pwsweather wow wow