-->

NOAA-Style Climate Reports

Select a Year or Month report
2021: Jan | Feb | Mar | Apr | May | Jun | Jul | Aug | Sep | Oct | Nov | Dec |
2020: Jan | Feb | Mar | Apr | May | Jun | Jul | Aug | Sep | Oct | Nov | Dec |
2019: Jan | Feb | Mar | Apr | May | Jun | Jul | Aug | Sep | Oct | Nov | Dec |
2018: Jan | Feb | Mar | Apr | May | Jun | Jul | Aug | Sep | Oct | Nov | Dec |
2017: Jan | Feb | Mar | Apr | May | Jun | Jul | Aug | Sep | Oct | Nov | Dec |
2016: Jan | Feb | Mar | Apr | May | Jun | Jul | Aug | Sep | Oct | Nov | Dec |
2015: Jan | Feb | Mar | Apr | May | Jun | Jul | Aug | Sep | Oct | Nov | Dec |
2014: Jan | Feb | Mar | Apr | May | Jun | Jul | Aug | Sep | Oct | Nov | Dec |
2013: Jan | Feb | Mar | Apr | May | Jun | Jul | Aug | Sep | Oct | Nov | Dec |
2012: Jan | Feb | Mar | Apr | May | Jun | Jul | Aug | Sep | Oct | Nov | Dec |
2011: Jan | Feb | Mar | Apr | May | Jun | Jul | Aug | Sep | Oct | Nov | Dec |
2010: Jan | Feb | Mar | Apr | May | Jun | Jul | Aug | Sep | Oct | Nov | Dec |
2009: Jan | Feb | Mar | Apr | May | Jun | Jul | Aug | Sep | Oct | Nov | Dec |
2008: Jan | Feb | Mar | Apr | May | Jun | Jul | Aug | Sep | Oct | Nov | Dec |
2007: Jan | Feb | Mar | Apr | May | Jun | Jul | Aug | Sep | Oct | Nov | Dec |
2006: Jan | Feb | Mar | Apr | May | Jun | Jul | Aug | Sep | Oct | Nov | Dec |
2005: Jan | Feb | Mar | Apr | May | Jun | Jul | Aug | Sep | Oct | Nov | Dec |
2004: Jan | Feb | Mar | Apr | May | Jun | Jul | Aug | Sep | Oct | Nov | Dec |
2003: Jan | Feb | Mar | Apr | May | Jun | Jul | Aug | Sep | Oct | Nov | Dec |

Report for 2017 July
                   MONTHLY CLIMATOLOGICAL SUMMARY for JUL. 2017

NAME: Patrick Nijs   CITY: Heist-op-den-Berg   STATE: Belgium 
ELEV:    15 m  LAT:  51° 04' 15" N  LONG:   4° 42' 13" E

                   TEMPERATURE (°C), RAIN  (mm), WIND SPEED (km/hr)

                                      HEAT  COOL        AVG
    MEAN                              DEG   DEG         WIND                 DOM
DAY TEMP  HIGH   TIME   LOW    TIME   DAYS  DAYS  RAIN  SPEED HIGH   TIME    DIR
------------------------------------------------------------------------------------
 1  15.8  17.6   20:15  13.9    8:00   2.5   0.0  13.2   1.8  22.5   18:15   WNW
 2  16.1  19.9   17:15  12.4   00:00   2.4   0.2   1.6   1.6  20.9   17:00   WNW
 3  17.3  23.6   16:30   8.9    5:30   2.8   1.8   0.0   2.6  22.5   15:15     W
 4  19.1  25.6   19:00  13.8    4:00   1.3   2.0   0.0   0.5  12.9   18:00   SSW
 5  21.3  28.4   17:45  14.0    6:15   1.0   3.9   0.0   0.6  17.7   16:15   WNW
 6  21.4  27.3   13:15  14.9    5:00   0.6   3.7   0.6   1.0  16.1   14:45     E
 7  23.2  28.4   17:45  18.0    5:00   0.0   4.9   0.0   2.4  25.7   13:15   WNW
 8  20.9  26.2   15:00  16.4    6:45   0.3   2.9   0.0   1.3  19.3   15:30   WNW
 9  20.2  27.3   16:45  12.8    6:15   1.2   3.1   0.0   0.5  11.3   15:15     E
10  19.8  26.6   13:00  16.0    6:30   0.4   1.9   0.8   1.3  25.7   15:15     W
11  18.4  22.3   18:00  14.9    6:30   1.2   1.3   3.4   1.9  20.9   12:15     W
12  16.7  20.3   17:45  12.8   00:00   1.7   0.1  16.6   1.4  22.5   11:30    NW
13  16.2  22.2   18:00   8.6    6:15   3.0   0.9   0.0   0.2  14.5   16:00    SE
14  16.6  22.0   12:45  11.7    6:15   2.1   0.4   1.8   1.4  25.7   12:15   WNW
15  17.7  22.4   16:45  12.6    2:30   1.9   1.4   0.0   1.3  22.5   23:30   WNW
16  19.1  22.7   19:30  16.2    3:15   0.6   1.4   0.0   0.5  16.1    9:00     W
17  20.4  25.6   17:00  16.8    9:30   0.2   2.3   1.8   0.2  12.9   12:30     E
18  21.9  28.6   18:00  14.3    5:15   1.0   4.6   0.0   1.4  22.5   11:45     E
19  24.1  28.6   11:15  19.2    6:00   0.0   5.7   0.0   2.3  22.5   13:00     E
20  20.2  25.4   14:45  15.4   00:00   0.3   2.2  11.6   3.7  35.4    2:15    SE
21  19.1  26.0   18:15  10.9    5:30   2.1   2.9   0.0   0.8  17.7   17:15   ESE
22  19.3  24.7   13:15  14.9    5:15   0.8   1.8   6.0   1.0  30.6   18:15    SE
23  16.1  20.9   17:30  12.2    6:15   2.5   0.3   4.8   1.6  24.1   14:30   SSW
24  15.4  19.5   15:45  13.6    6:30   2.9   0.0   7.2   1.0  20.9   11:30   WNW
25  16.7  21.0   15:00  12.9    6:30   1.9   0.3   1.2   2.1  37.0   15:15    NW
26  19.1  24.9   16:30  13.9    6:30   1.2   2.0   0.2   1.3  22.5   19:30   WNW
27  18.9  22.3   19:00  16.3    8:00   0.4   1.0   0.0   1.6  19.3    7:00     W
28  17.4  22.4   17:00  14.2    5:45   1.6   0.7   0.6   1.9  25.7   12:15     W
29  21.2  25.8   19:00  16.1    0:15   0.4   3.3   0.0   1.4  24.1   14:30   SSW
30  21.3  24.2   14:15  18.2   00:00   0.0   3.1   0.0   1.9  32.2    9:30     W
31  19.6  24.7   18:15  14.3    6:30   0.8   2.2   0.0   0.5  16.1   15:00   SSW
-------------------------------------------------------------------------------------
    19.1  28.6    18     8.6    13    39.1  62.3  71.4   1.4  37.0    25       W

Max >=  32.0:  0
Max <=   0.0:  0
Min <=   0.0:  0
Min <= -18.0:  0
Max Rain: 16.61 ON 12/07/17
Days of Rain: 15 (> .2 mm) 7 (> 2 mm) 0 (> 20 mm)
Heat Base:  18.3  Cool Base:  18.3  Method: Integration
Benelux Weer Netwerk cwop awekas hwa wcloud pwsweather wow wow