-->

NOAA-Style Climate Reports

Select a Year or Month report
2021: Jan | Feb | Mar | Apr | May | Jun | Jul | Aug | Sep | Oct | Nov | Dec |
2020: Jan | Feb | Mar | Apr | May | Jun | Jul | Aug | Sep | Oct | Nov | Dec |
2019: Jan | Feb | Mar | Apr | May | Jun | Jul | Aug | Sep | Oct | Nov | Dec |
2018: Jan | Feb | Mar | Apr | May | Jun | Jul | Aug | Sep | Oct | Nov | Dec |
2017: Jan | Feb | Mar | Apr | May | Jun | Jul | Aug | Sep | Oct | Nov | Dec |
2016: Jan | Feb | Mar | Apr | May | Jun | Jul | Aug | Sep | Oct | Nov | Dec |
2015: Jan | Feb | Mar | Apr | May | Jun | Jul | Aug | Sep | Oct | Nov | Dec |
2014: Jan | Feb | Mar | Apr | May | Jun | Jul | Aug | Sep | Oct | Nov | Dec |
2013: Jan | Feb | Mar | Apr | May | Jun | Jul | Aug | Sep | Oct | Nov | Dec |
2012: Jan | Feb | Mar | Apr | May | Jun | Jul | Aug | Sep | Oct | Nov | Dec |
2011: Jan | Feb | Mar | Apr | May | Jun | Jul | Aug | Sep | Oct | Nov | Dec |
2010: Jan | Feb | Mar | Apr | May | Jun | Jul | Aug | Sep | Oct | Nov | Dec |
2009: Jan | Feb | Mar | Apr | May | Jun | Jul | Aug | Sep | Oct | Nov | Dec |
2008: Jan | Feb | Mar | Apr | May | Jun | Jul | Aug | Sep | Oct | Nov | Dec |
2007: Jan | Feb | Mar | Apr | May | Jun | Jul | Aug | Sep | Oct | Nov | Dec |
2006: Jan | Feb | Mar | Apr | May | Jun | Jul | Aug | Sep | Oct | Nov | Dec |
2005: Jan | Feb | Mar | Apr | May | Jun | Jul | Aug | Sep | Oct | Nov | Dec |
2004: Jan | Feb | Mar | Apr | May | Jun | Jul | Aug | Sep | Oct | Nov | Dec |
2003: Jan | Feb | Mar | Apr | May | Jun | Jul | Aug | Sep | Oct | Nov | Dec |

Report for 2017 August
                   MONTHLY CLIMATOLOGICAL SUMMARY for AUG. 2017

NAME: Patrick Nijs   CITY: Heist-op-den-Berg   STATE: Belgium 
ELEV:    15 m  LAT:  51° 04' 15" N  LONG:   4° 42' 13" E

                   TEMPERATURE (°C), RAIN  (mm), WIND SPEED (km/hr)

                                      HEAT  COOL        AVG
    MEAN                              DEG   DEG         WIND                 DOM
DAY TEMP  HIGH   TIME   LOW    TIME   DAYS  DAYS  RAIN  SPEED HIGH   TIME    DIR
------------------------------------------------------------------------------------
 1  19.2  24.8   18:00  14.4    6:30   0.9   1.8   0.0   0.2   9.7   13:45   WNW
 2  18.2  22.6   13:00  15.8    7:15   0.9   0.7   1.6   0.0  11.3   12:15   WNW
 3  19.9  24.3   17:15  16.9    0:15   0.3   2.0   2.2   2.4  35.4   17:30     W
 4  19.4  23.3   16:30  16.7   11:00   0.3   1.4   0.0   1.9  32.2   15:15     W
 5  16.7  21.5   13:45  13.0   00:00   2.0   0.4   9.2   0.6  27.4   14:00   WNW
 6  16.8  23.1   18:30  10.2    6:30   2.9   1.4   0.2   0.2  19.3   13:15     W
 7  18.2  25.1   18:30  10.8    6:15   2.2   2.1   0.0   0.0  14.5   14:00     W
 8  15.6  16.9    0:15  14.3   17:30   2.7   0.0   7.0   0.2  20.9   17:15     W
 9  17.6  22.4   17:30  13.7    7:15   1.8   1.0   0.2   0.5  19.3    4:00   SSW
10  15.7  17.2   12:15  14.3    6:30   2.6   0.0   1.8   0.0   3.2    2:45     S
11  17.6  22.7   16:45  14.1    4:00   1.6   0.9   0.0   0.8  19.3   15:15   WNW
12  16.8  19.8   16:45  14.5    6:00   1.7   0.2   4.0   1.4  25.7    0:45    SW
13  17.1  22.3   19:15  12.3    7:00   2.1   0.9   0.2   0.5  14.5   15:00   WNW
14  19.8  26.3   18:00  12.8    7:00   1.5   3.1   0.0   0.3  16.1   13:30   ESE
15  18.5  23.4   14:00  14.6    6:00   1.3   1.4   2.0   0.6  22.5   18:45   WNW
16  18.7  23.8   16:00  12.2    7:00   1.7   2.0   0.0   0.6  14.5   12:00     S
17  17.9  20.6   15:30  13.9    3:00   1.1   0.7   0.0   1.1  22.5   13:45     W
18  17.5  21.3   18:00  14.7   00:00   1.1   0.3  15.2   1.1  30.6   19:30     S
19  15.6  19.7   14:15  12.6    6:15   2.8   0.1   4.2   1.8  27.4   18:45   WNW
20  15.9  20.3   17:15  11.9    6:45   2.7   0.3   0.0   1.3  20.9   12:00   WNW
21  17.3  21.4   16:45  12.1    7:15   1.8   0.8   0.0   0.2  16.1   10:00   ESE
22  20.2  25.1   16:15  14.6    7:15   0.7   2.6   0.0   0.2  14.5   13:15     E
23  21.8  29.1   16:45  14.7    6:45   0.7   4.2   0.0   0.6  17.7   19:15   ESE
24  18.7  23.1   14:30  15.2   00:00   1.0   1.4   0.0   1.3  20.9   14:30     W
25  19.0  24.5   17:15  12.6    5:30   1.8   2.5   0.0   0.3  12.9   10:45   ESE
26  20.6  26.9   15:15  15.9    6:45   0.6   2.9   0.0   0.2  12.9   13:45   ESE
27  20.9  26.7   17:45  16.1    7:00   0.4   3.0   0.0   0.0  14.5   14:00     E
28  21.4  29.3   18:00  13.2    7:00   1.1   4.2   0.0   0.2  14.5   17:00     W
29  23.9  32.4   17:00  15.8    7:00   0.5   6.1   0.0   0.2  16.1   15:45     W
30  20.2  24.4   15:15  14.8   23:45   0.4   2.3  10.6   0.6  22.5    7:15   WNW
31  15.8  20.2   17:30  12.9    8:45   2.7   0.2   5.2   1.0  20.9   21:00   WNW
-------------------------------------------------------------------------------------
    18.5  32.4    29    10.2     6    45.8  51.2  63.6   0.7  35.4     3       W

Max >=  32.0:  1
Max <=   0.0:  0
Min <=   0.0:  0
Min <= -18.0:  0
Max Rain: 15.19 ON 18/08/17
Days of Rain: 14 (> .2 mm) 9 (> 2 mm) 0 (> 20 mm)
Heat Base:  18.3  Cool Base:  18.3  Method: Integration
Benelux Weer Netwerk cwop awekas hwa wcloud pwsweather wow wow