-->

NOAA-Style Climate Reports

Select a Year or Month report
2021: Jan | Feb | Mar | Apr | May | Jun | Jul | Aug | Sep | Oct | Nov | Dec |
2020: Jan | Feb | Mar | Apr | May | Jun | Jul | Aug | Sep | Oct | Nov | Dec |
2019: Jan | Feb | Mar | Apr | May | Jun | Jul | Aug | Sep | Oct | Nov | Dec |
2018: Jan | Feb | Mar | Apr | May | Jun | Jul | Aug | Sep | Oct | Nov | Dec |
2017: Jan | Feb | Mar | Apr | May | Jun | Jul | Aug | Sep | Oct | Nov | Dec |
2016: Jan | Feb | Mar | Apr | May | Jun | Jul | Aug | Sep | Oct | Nov | Dec |
2015: Jan | Feb | Mar | Apr | May | Jun | Jul | Aug | Sep | Oct | Nov | Dec |
2014: Jan | Feb | Mar | Apr | May | Jun | Jul | Aug | Sep | Oct | Nov | Dec |
2013: Jan | Feb | Mar | Apr | May | Jun | Jul | Aug | Sep | Oct | Nov | Dec |
2012: Jan | Feb | Mar | Apr | May | Jun | Jul | Aug | Sep | Oct | Nov | Dec |
2011: Jan | Feb | Mar | Apr | May | Jun | Jul | Aug | Sep | Oct | Nov | Dec |
2010: Jan | Feb | Mar | Apr | May | Jun | Jul | Aug | Sep | Oct | Nov | Dec |
2009: Jan | Feb | Mar | Apr | May | Jun | Jul | Aug | Sep | Oct | Nov | Dec |
2008: Jan | Feb | Mar | Apr | May | Jun | Jul | Aug | Sep | Oct | Nov | Dec |
2007: Jan | Feb | Mar | Apr | May | Jun | Jul | Aug | Sep | Oct | Nov | Dec |
2006: Jan | Feb | Mar | Apr | May | Jun | Jul | Aug | Sep | Oct | Nov | Dec |
2005: Jan | Feb | Mar | Apr | May | Jun | Jul | Aug | Sep | Oct | Nov | Dec |
2004: Jan | Feb | Mar | Apr | May | Jun | Jul | Aug | Sep | Oct | Nov | Dec |
2003: Jan | Feb | Mar | Apr | May | Jun | Jul | Aug | Sep | Oct | Nov | Dec |

Report for 2017 September
                   MONTHLY CLIMATOLOGICAL SUMMARY for SEP. 2017

NAME: Patrick Nijs   CITY: Heist-op-den-Berg   STATE: Belgium 
ELEV:    15 m  LAT:  51° 04' 15" N  LONG:   4° 42' 13" E

                   TEMPERATURE (°C), RAIN  (mm), WIND SPEED (km/hr)

                                      HEAT  COOL        AVG
    MEAN                              DEG   DEG         WIND                 DOM
DAY TEMP  HIGH   TIME   LOW    TIME   DAYS  DAYS  RAIN  SPEED HIGH   TIME    DIR
------------------------------------------------------------------------------------
 1  14.6  20.7   14:45   9.8    7:15   4.0   0.2   1.8   0.2  14.5   16:30   WNW
 2  15.6  21.9   16:30  11.7    5:00   3.4   0.7   0.6   0.0  12.9   12:45     E
 3  15.1  21.1   16:45   8.4    7:15   3.9   0.6   0.0   0.3  17.7   16:00   SSE
 4  15.3  20.9   13:45  11.5    4:30   3.3   0.2   0.2   0.3  16.1   15:15    SE
 5  19.3  24.1   15:45  16.1    0:15   0.7   1.8   0.2   0.6  20.9   21:00    SW
 6  16.7  18.4    0:15  14.9    8:00   1.6   0.0   1.4   3.4  32.2   13:45   WNW
 7  15.8  18.4   17:15  13.8    8:00   2.5   0.0   0.0   0.2  17.7   12:45     W
 8  15.4  16.8   16:30  14.3   23:45   2.9   0.0   4.4   1.4  25.7   14:00    SW
 9  14.3  18.1   15:30  11.8   00:00   4.0   0.0   4.2   0.5  16.1   13:30     W
10  13.4  17.8   17:30   9.1    6:45   4.9   0.0   0.2   1.8  32.2   19:00   SSE
11  14.8  17.3   14:15  12.8    7:00   3.5   0.0   1.4   3.1  29.0   11:30   WSW
12  14.3  18.6   17:15  11.8    5:45   4.0   0.0  11.2   1.8  27.4   11:30     W
13  15.6  18.8   13:00  12.4    4:00   2.7   0.0   3.0   6.6  48.3   12:00     W
14  11.7  13.7   13:00  10.4   00:00   6.6   0.0  18.8   3.5  32.2   13:00     W
15  11.8  15.9   16:45   8.6   00:00   6.5   0.0   2.0   0.6  17.7   14:00     W
16  10.8  16.3   15:00   6.8    7:15   7.4   0.0   0.2   0.6  17.7   14:15   WNW
17  12.1  18.3   16:15   6.2    7:30   6.2   0.0   0.2   0.2  14.5   13:30   SSW
18  11.9  16.1   12:30   8.8    6:15   6.4   0.0   2.0   0.8  25.7   13:00   WSW
19  13.0  18.6   15:45  10.1    7:45   5.3   0.0   1.6   0.5  14.5    5:00     W
20  13.6  18.8   16:30   9.4    8:00   4.8   0.0   4.0   1.0  16.1   12:15     W
21  14.1  19.8   16:00   8.6    7:45   4.4   0.2   0.0   0.5  16.1   14:00   SSE
22  13.2  19.2   16:15   8.2    6:45   5.2   0.0   0.0   0.5  12.9   16:30   WNW
23  11.4  18.7   17:45   5.8    7:45   6.9   0.0   0.0   0.2  11.3   14:15     E
24  13.3  21.3   16:15   6.9    5:30   5.5   0.5   0.0   0.5  12.9   14:30     E
25  14.4  20.6   16:15   9.6    8:15   4.2   0.3   0.0   0.3  12.9   18:00     E
26  14.3  20.7   16:00  10.2    7:00   4.3   0.3   0.2   0.0  11.3   15:00   ENE
27  15.6  21.5   16:00  10.6    7:30   3.2   0.5   0.0   0.0   9.7   14:45    SE
28  16.9  21.1   14:00  14.3    8:00   1.9   0.5   0.6   0.0   0.0     ---   ---
29  18.1  24.7   15:15  12.9    6:45   1.8   1.6   8.0   0.3  19.3   14:15   SSE
30  14.1  17.3    0:15  10.7   00:00   4.2   0.0   4.2   0.3  11.3    8:15     W
-------------------------------------------------------------------------------------
    14.3  24.7    29     5.8    23   126.0   7.5  70.4   1.0  48.3    13       W

Max >=  32.0:  0
Max <=   0.0:  0
Min <=   0.0:  0
Min <= -18.0:  0
Max Rain: 18.80 ON 14/09/17
Days of Rain: 22 (> .2 mm) 10 (> 2 mm) 0 (> 20 mm)
Heat Base:  18.3  Cool Base:  18.3  Method: Integration
Benelux Weer Netwerk cwop awekas hwa wcloud pwsweather wow wow